000
CXUS51 KRNK 072031
CF6RNK
PRELIMINARY LOCAL CLIMATOLOGICAL DATA (WS FORM: F-6)
STATION: BLACKSBURG VA
MONTH: MARCH
YEAR: 2023
LATITUDE: 37 13 N
LONGITUDE: 80 25 W
TEMPERATURE IN F: :PCPN: SNOW: WIND :SUNSHINE: SKY :PK WND
================================================================================
1 2 3 4 5 6A 6B 7 8 9 10 11 12 13 14 15 16 17 18
12Z AVG MX 2MIN
DY MAX MIN AVG DEP HDD CDD WTR SNW DPTH SPD SPD DIR MIN PSBL S-S WX SPD DR
================================================================================
1 65 39 52 14 13 0 0.00 0.0 0 4.7 9 110 M M 3 M M
2 59 45 52 14 13 0 0.13 0.0 0 2.6 10 300 M M 4 1 17 290
3 51 40 46 8 19 0 1.12 0.0 0 6.5 15 90 M M 10 123 24 90
4 53 35 44 6 21 0 0.00 0.0 0 9.5 21 310 M M 2 32 290
5 62 28 45 6 20 0 0.00 0.0 0 1.9 10 300 M M 0 18 300
6 69 31 50 11 15 0 0.00 0.0 0 2.5 8 200 M M 0 18 210
7 60 36 48 9 17 0 0.00 0.0 0 11.3 26 320 M M 3 36 310
8 53 26 40 0 25 0 0.00 0.0 0 5.2 17 340 M M 1 22 330
9 63 27 45 5 20 0 0.00 0.0 0 2.1 8 100 M M 2 M M
10 56 36 46 6 19 0 0.30 T 0 8.7 28 310 M M 9 1 40 310
11 39 28 34 -6 31 0 T T 0 10.1 21 320 M M 8 39 320
12 32 28 30 -10 35 0 0.22 0.4 0 4.3 8 110 M M 9 146 M M
13 44 28 36 -5 29 0 T T 0 5.7 18 300 M M 10 1 28 310
14 34 26 30 -11 35 0 T T 0 13.2 24 310 M M 10 35 290
15 47 25 36 -5 29 0 T T 0 7.7 16 330 M M 3 26 330
16 66 24 45 3 20 0 0.00 0.0 0 3.0 9 170 M M 0 18 260
17 60 36 48 6 17 0 0.12 0.0 0 3.9 13 300 M M 8 1 22 240
18 47 30 39 -3 26 0 T T 0 9.3 18 300 M M 3 26 300
19 35 20 28 -14 37 0 T T 0 9.7 16 310 M M 3 26 310
20 49 13 31 -12 34 0 0.00 0.0 0 1.1 5 280 M M 0 M M
21 60 21 41 -2 24 0 0.00 0.0 0 2.3 10 170 M M 1 M M
22 54 44 49 6 16 0 0.02 0.0 0 1.2 7 230 M M 10 M M
23 73 48 61 17 4 0 T 0.0 0 5.9 14 240 M M 5 28 250
24 80 55 68 24 0 3 0.00 0.0 0 6.3 20 310 M M 4 26 240
25 73 46 60 16 5 0 0.23 0.0 0 9.2 21 260 M M 7 1 36 250
26 74 43 59 15 6 0 0.00 0.0 0 4.1 9 300 M M 0 M M
27 73 45 59 14 6 0 0.03 0.0 0 4.7 20 300 M M 3 29 300
28 56 42 49 4 16 0 T 0.0 0 3.4 13 320 M M 5 16 320
29 58 34 46 1 19 0 0.00 0.0 0 5.1 15 340 M M 1 21 340
30 62 31 47 1 18 0 0.00 0.0 0 2.1 9 310 M M 0 M M
31 58 37 48 2 17 0 0.49 0.0 0 2.2 8 200 M M 6 1 M M
================================================================================
SM 1765 1047 606 3 2.66 0.4 169.5 M 130
================================================================================
AV 56.9 33.8 5.5 FASTST M M 4 MAX(MPH)
MISC ----> 28 310 40 310
================================================================================
NOTES:
# LAST OF SEVERAL OCCURRENCES
COLUMN 17 PEAK WIND IN M.P.H.
PRELIMINARY LOCAL CLIMATOLOGICAL DATA (WS FORM: F-6) , PAGE 2
STATION: BLACKSBURG VA
MONTH: MARCH
YEAR: 2023
LATITUDE: 37 13 N
LONGITUDE: 80 25 W
[TEMPERATURE DATA] [PRECIPITATION DATA] SYMBOLS USED IN COLUMN 16
AVERAGE MONTHLY: 45.4 TOTAL FOR MONTH: 2.66 1 = FOG OR MIST
DPTR FM NORMAL: 3.7 DPTR FM NORMAL: -1.12 2 = FOG REDUCING VISIBILITY
HIGHEST: 80 ON 24 GRTST 24HR 1.12 ON 3- 3 TO 1/4 MILE OR LESS
LOWEST: 13 ON 20 3 = THUNDER
SNOW, ICE PELLETS, HAIL 4 = ICE PELLETS
TOTAL MONTH: 0.4 INCH 5 = HAIL
GRTST 24HR 0.4 ON 12-12 6 = FREEZING RAIN OR DRIZZLE
GRTST DEPTH: 0 7 = DUSTSTORM OR SANDSTORM:
VSBY 1/2 MILE OR LESS
8 = SMOKE OR HAZE
[NO. OF DAYS WITH] [WEATHER - DAYS WITH] 9 = BLOWING SNOW
X = TORNADO
MAX 32 OR BELOW: 1 0.01 INCH OR MORE: 9
MAX 90 OR ABOVE: 0 0.10 INCH OR MORE: 7
MIN 32 OR BELOW: 15 0.50 INCH OR MORE: 1
MIN 0 OR BELOW: 0 1.00 INCH OR MORE: 1
[HDD (BASE 65) ]
TOTAL THIS MO. 606 CLEAR (SCALE 0-3) 17
DPTR FM NORMAL -116 PTCLDY (SCALE 4-7) 6
TOTAL FM JUL 1 3930 CLOUDY (SCALE 8-10) 8
DPTR FM NORMAL -737
[CDD (BASE 65) ]
TOTAL THIS MO. 3
DPTR FM NORMAL 3 [PRESSURE DATA]
TOTAL FM JAN 1 3 HIGHEST SLP M ON M
DPTR FM NORMAL 3 LOWEST SLP M ON M
[REMARKS]
#FINAL-03-23#