000
CXUS54 KCRP 281210
CF6CRP
PRELIMINARY LOCAL CLIMATOLOGICAL DATA (WS FORM: F-6)
STATION: CORPUS CHRISTI
MONTH: MARCH
YEAR: 2024
LATITUDE: 27 46 N
LONGITUDE: 97 30 W
TEMPERATURE IN F: :PCPN: SNOW: WIND :SUNSHINE: SKY :PK WND
================================================================================
1 2 3 4 5 6A 6B 7 8 9 10 11 12 13 14 15 16 17 18
12Z AVG MX 2MIN
DY MAX MIN AVG DEP HDD CDD WTR SNW DPTH SPD SPD DIR MIN PSBL S-S WX SPD DR
================================================================================
1 68 51 60 -4 5 0 T 0.0 0 8.1 16 360 M M 9 8 20 360
2 75 51 63 -2 2 0 0.00 0.0 0 6.7 15 100 M M 9 19 110
3 79 65 72 7 0 7 T 0.0 0 11.3 21 150 M M 9 12 26 150
4 82 69 76 11 0 11 T 0.0 0 9.2 18 140 M M 10 12 23 140
5 94 68 81 16 0 16 0.00 0.0 0 8.7 25 140 M M 5 128 30 140
6 83 65 74 9 0 9 0.00 0.0 0 11.4 18 100 M M 9 1 24 100
7 80 70 75 9 0 10 T 0.0 0 18.0 28 140 M M 10 1 35 130
8 92 69 81 15 0 16 T 0.0 0 12.4 26 10 M M 9 18 36 20
9 72 54 63 -3 2 0 0.00 0.0 0 17.5 29 10 M M 7 44 350
10 69 51 60 -6 5 0 0.00 0.0 0 9.6 16 60 M M 8 21 60
11 75 57 66 0 0 1 T 0.0 0 9.7 17 110 M M 8 22 110
12 81 59 70 3 0 5 0.00 0.0 0 13.0 25 140 M M 7 31 120
13 88 68 78 11 0 13 0.00 0.0 0 17.6 32 160 M M 7 1 40 160
14 80 72 76 9 0 11 T 0.0 0 19.4 29 150 M M 10 18 34 160
15 86 73 80 13 0 15 0.01 0.0 0 13.8 24 150 M M 10 138 30 160
16 88 68 78 11 0 13 0.13 0.0 0 M 40 130 M M 6 13 M M
17 77 67 72 4 0 7 0.24 0.0 0 12.0 25 50 M M 9 13 32 50
18 73 59 66 -2 0 1 0.08 0.0 0 17.3 26 60 M M 9 13 36 40
19 65 54 60 -8 5 0 0.01 0.0 0 9.7 17 40 M M 10 3 21 40
20 69 60 65 -3 0 0 0.10 0.0 0 10.6 17 120 M M 10 1 23 90
21 80 63 72 4 0 7 0.28 0.0 0 11.6 28 140 M M 8 13 33 140
22 93 57 75 6 0 10 0.00 0.0 0 12.4 23 30 M M 3 12 40 340
23 78 57 68 -1 0 3 0.00 0.0 0 10.1 21 40 M M 4 27 40
24 79 60 70 1 0 5 0.00 0.0 0 22.7 36 150 M M 8 46 150
25 89 65 77 8 0 12 0.00 0.0 0 14.1 30 160 M M 6 1 38 150
26 80 56 68 -1 0 3 0.00 0.0 0 11.5 21 10 M M 3 26 360
27 77 57 67 -3 0 2 T 0.0 0 10.6 17 100 M M 4 32 20
================================================================================
SM 2152 1665 19 177 0.85 0.0 329.0 M 207
================================================================================
AV 79.7 61.7 12.7 FASTST M M 8 MAX(MPH)
MISC ----> 40 130 46 150
================================================================================
NOTES:
# LAST OF SEVERAL OCCURRENCES
COLUMN 17 PEAK WIND IN M.P.H.
PRELIMINARY LOCAL CLIMATOLOGICAL DATA (WS FORM: F-6) , PAGE 2
STATION: CORPUS CHRISTI
MONTH: MARCH
YEAR: 2024
LATITUDE: 27 46 N
LONGITUDE: 97 30 W
[TEMPERATURE DATA] [PRECIPITATION DATA] SYMBOLS USED IN COLUMN 16
AVERAGE MONTHLY: 70.7 TOTAL FOR MONTH: 0.85 1 = FOG OR MIST
DPTR FM NORMAL: 3.7 DPTR FM NORMAL: -1.19 2 = FOG REDUCING VISIBILITY
HIGHEST: 94 ON 5 GRTST 24HR 0.38 ON 20-21 TO 1/4 MILE OR LESS
LOWEST: 51 ON 10, 2 3 = THUNDER
SNOW, ICE PELLETS, HAIL 4 = ICE PELLETS
TOTAL MONTH: 0.0 INCH 5 = HAIL
GRTST 24HR 0.0 6 = FREEZING RAIN OR DRIZZLE
GRTST DEPTH: 0 7 = DUSTSTORM OR SANDSTORM:
VSBY 1/2 MILE OR LESS
8 = SMOKE OR HAZE
[NO. OF DAYS WITH] [WEATHER - DAYS WITH] 9 = BLOWING SNOW
X = TORNADO
MAX 32 OR BELOW: 0 0.01 INCH OR MORE: 7
MAX 90 OR ABOVE: 3 0.10 INCH OR MORE: 4
MIN 32 OR BELOW: 0 0.50 INCH OR MORE: 0
MIN 0 OR BELOW: 0 1.00 INCH OR MORE: 0
[HDD (BASE 65) ]
TOTAL THIS MO. 19 CLEAR (SCALE 0-3) 2
DPTR FM NORMAL -44 PTCLDY (SCALE 4-7) 10
TOTAL FM JUL 1 606 CLOUDY (SCALE 8-10) 15
DPTR FM NORMAL -180
[CDD (BASE 65) ]
TOTAL THIS MO. 177
DPTR FM NORMAL 59 [PRESSURE DATA]
TOTAL FM JAN 1 273 HIGHEST SLP M ON M
DPTR FM NORMAL 59 LOWEST SLP 29.43 ON 25
[REMARKS]