000
CXUS55 KVEF 260911
CF6BIH
PRELIMINARY LOCAL CLIMATOLOGICAL DATA (WS FORM: F-6)
STATION: BISHOP CA
MONTH: APRIL
YEAR: 2024
LATITUDE: 37 22 N
LONGITUDE: 118 22 W
TEMPERATURE IN F: :PCPN: SNOW: WIND :SUNSHINE: SKY :PK WND
================================================================================
1 2 3 4 5 6A 6B 7 8 9 10 11 12 13 14 15 16 17 18
12Z AVG MX 2MIN
DY MAX MIN AVG DEP HDD CDD WTR SNW DPTH SPD SPD DIR MIN PSBL S-S WX SPD DR
================================================================================
1 64 29 47 -5 18 0 0.00 0.0 0 12.8 23 360 M M 0 33 360
2 75 34 55 3 10 0 0.00 0.0 0 6.3 15 140 M M 0 21 150
3 74 33 54 1 11 0 0.00 0.0 0 10.4 26 140 M M 0 38 150
4 67 32 50 -3 15 0 0.00 0.0 0 16.7 38 160 M M 1 8 55 180
5 52 25 39 -14 26 0 0.00 0.0 0 8.8 20 330 M M 3 29 340
6 59 21 40 -13 25 0 0.00 0.0 0 5.9 14 140 M M 0 20 160
7 62 28 45 -8 20 0 0.00 0.0 0 8.0 28 350 M M 3 37 360
8 64 30 47 -7 18 0 0.00 0.0 0 10.2 21 340 M M 0 28 340
9 76 31 54 0 11 0 0.00 0.0 0 6.6 14 140 M M 0 20 330
10 80 35 58 4 7 0 0.00 0.0 0 6.7 16 150 M M 0 22 150
11 83 37 60 6 5 0 0.00 0.0 0 8.2 20 150 M M 0 29 140
12 81 37 59 5 6 0 0.00 0.0 0 11.3 29 150 M M 0 38 140
13 69 44 57 3 8 0 T 0.0 0 23.8 43 140 M M 3 8 61 150
14 60 29 45 -10 20 0 0.00 0.0 0 9.1 23 160 M M 2 32 150
15 73 43 58 3 7 0 0.00 0.0 0 10.9 24 10 M M 3 32 360
16 78 36 57 2 8 0 0.00 0.0 0 5.2 15 150 M M 0 19 150
17 82 38 60 5 5 0 0.00 0.0 0 6.1 16 340 M M 0 21 350
18 81 43 62 6 3 0 0.00 0.0 0 9.0 20 130 M M 0 27 150
19 82 42 62 6 3 0 0.00 0.0 0 6.2 15 340 M M 1 20 340
20 85 42 64 8 1 0 0.00 0.0 0 5.2 12 350 M M 0 17 20
21 87 41 64 8 1 0 0.00 0.0 0 5.6 16 130 M M 0 23 160
22 86 43 65 9 0 0 0.00 0.0 0 6.8 17 170 M M 0 23 180
23 83 41 62 5 3 0 0.00 0.0 0 8.6 22 130 M M 0 36 160
24 75 48 62 5 3 0 T 0.0 0 7.4 23 10 M M 3 33 10
25 76 39 58 1 7 0 0.00 0.0 0 7.8 23 340 M M 2 32 340
================================================================================
SM 1854 901 241 0 T 0.0 223.6 M 21
================================================================================
AV 74.2 36.0 8.9 FASTST M M 1 MAX(MPH)
MISC ----> 43 140 61 150
================================================================================
NOTES:
# LAST OF SEVERAL OCCURRENCES
COLUMN 17 PEAK WIND IN M.P.H.
PRELIMINARY LOCAL CLIMATOLOGICAL DATA (WS FORM: F-6) , PAGE 2
STATION: BISHOP CA
MONTH: APRIL
YEAR: 2024
LATITUDE: 37 22 N
LONGITUDE: 118 22 W
[TEMPERATURE DATA] [PRECIPITATION DATA] SYMBOLS USED IN COLUMN 16
AVERAGE MONTHLY: 55.1 TOTAL FOR MONTH: T 1 = FOG OR MIST
DPTR FM NORMAL: 0.5 DPTR FM NORMAL: -0.19 2 = FOG REDUCING VISIBILITY
HIGHEST: 87 ON 21 GRTST 24HR 0.01 ON 31- 1 TO 1/4 MILE OR LESS
LOWEST: 21 ON 6 3 = THUNDER
SNOW, ICE PELLETS, HAIL 4 = ICE PELLETS
TOTAL MONTH: 0.0 INCH 5 = HAIL
GRTST 24HR 0.0 6 = FREEZING RAIN OR DRIZZLE
GRTST DEPTH: 0 7 = DUSTSTORM OR SANDSTORM:
VSBY 1/2 MILE OR LESS
8 = SMOKE OR HAZE
[NO. OF DAYS WITH] [WEATHER - DAYS WITH] 9 = BLOWING SNOW
X = TORNADO
MAX 32 OR BELOW: 0 0.01 INCH OR MORE: 0
MAX 90 OR ABOVE: 0 0.10 INCH OR MORE: 0
MIN 32 OR BELOW: 8 0.50 INCH OR MORE: 0
MIN 0 OR BELOW: 0 1.00 INCH OR MORE: 0
[HDD (BASE 65) ]
TOTAL THIS MO. 241 CLEAR (SCALE 0-3) 24
DPTR FM NORMAL -21 PTCLDY (SCALE 4-7) 1
TOTAL FM JUL 1 3674 CLOUDY (SCALE 8-10) 0
DPTR FM NORMAL -161
[CDD (BASE 65) ]
TOTAL THIS MO. 0
DPTR FM NORMAL 0 [PRESSURE DATA]
TOTAL FM JAN 1 0 HIGHEST SLP M ON M
DPTR FM NORMAL 0 LOWEST SLP 29.34 ON 4
[REMARKS]