000
CXAK56 PAFC 260951
CF6SNP
PRELIMINARY LOCAL CLIMATOLOGICAL DATA (WS FORM: F-6)
STATION: SAINT PAUL ISLAND
MONTH: APRIL
YEAR: 2024
LATITUDE: 57 9 N
LONGITUDE: 170 13 W
TEMPERATURE IN F: :PCPN: SNOW: WIND :SUNSHINE: SKY :PK WND
================================================================================
1 2 3 4 5 6A 6B 7 8 9 10 11 12 13 14 15 16 17 18
12Z AVG MX 2MIN
DY MAX MIN AVG DEP HDD CDD WTR SNW DPTH SPD SPD DIR MIN PSBL S-S WX SPD DR
================================================================================
1 33 7 20 -7 45 0 0.07 M M 14.7 30 150 M M 8 18 38 150
2 37 33 35 8 30 0 0.35 M M 19.6 28 180 M M 10 12 35 170
3 37 32 35 8 30 0 0.04 M M 15.1 25 220 M M 10 12 34 220
4 38 32 35 8 30 0 0.01 M M 18.3 28 240 M M 7 18 37 240
5 37 31 34 6 31 0 0.19 M M 15.4 30 100 M M 9 12 46 110
6 36 25 31 3 34 0 0.04 M M 14.8 29 100 M M 9 1 41 120
7 32 27 30 2 35 0 T M M 21.0 30 360 M M 10 37 360
8 27 19 23 -5 42 0 T M M 20.9 30 340 M M 10 8 40 350
9 35 20 28 0 37 0 0.10 M M 12.7 22 250 M M 10 128 31 250
10 38 34 36 7 29 0 0.21 M M 25.5 35 220 M M 10 1 45 230
11 39 29 34 5 31 0 T M M 25.6 39 240 M M 10 18 52 230
12 30 23 27 -2 38 0 T M M 18.2 29 300 M M 9 8 38 290
13 36 20 28 -2 37 0 0.00 M M 9.5 17 230 M M 8 23 230
14 35 32 34 4 31 0 T M M 14.3 36 140 M M 10 8 48 140
15 38 29 34 4 31 0 0.07 M M 21.4 41 140 M M 9 128 54 140
16 36 22 29 -1 36 0 0.08 M M 18.9 37 350 M M 10 18 48 340
17 25 19 22 -8 43 0 T M M 34.0 41 350 M M 9 18 54 350
18 28 21 25 -6 40 0 0.00 M M 26.5 33 340 M M 6 43 350
19 29 23 26 -5 39 0 0.04 M M 23.8 31 360 M M 9 16 42 350
20 33 27 30 -1 35 0 0.07 M M 13.8 24 340 M M 10 1 32 340
21 35 31 33 1 32 0 T M M 8.1 18 110 M M 10 18 25 110
22 37 33 35 3 30 0 0.25 M M 23.6 36 120 M M 10 1 51 130
23 38 32 35 3 30 0 0.02 M M 20.8 32 150 M M 7 1 40 160
24 39 33 36 4 29 0 0.02 M M 15.1 31 160 M M 5 18 39 150
25 38 32 35 3 30 0 T M M 11.5 17 140 M M 8 1 23 130
================================================================================
SM 866 666 855 0 1.56 M 463.1 M 223
================================================================================
AV 34.6 26.6 18.5 FASTST M M 9 MAX(MPH)
MISC ----> # 41 140 # 54 140
================================================================================
NOTES:
# LAST OF SEVERAL OCCURRENCES
COLUMN 17 PEAK WIND IN M.P.H.
PRELIMINARY LOCAL CLIMATOLOGICAL DATA (WS FORM: F-6) , PAGE 2
STATION: SAINT PAUL ISLAND
MONTH: APRIL
YEAR: 2024
LATITUDE: 57 9 N
LONGITUDE: 170 13 W
[TEMPERATURE DATA] [PRECIPITATION DATA] SYMBOLS USED IN COLUMN 16
AVERAGE MONTHLY: 30.6 TOTAL FOR MONTH: 1.56 1 = FOG OR MIST
DPTR FM NORMAL: 1.1 DPTR FM NORMAL: 0.68 2 = FOG REDUCING VISIBILITY
HIGHEST: 39 ON 24,11 GRTST 24HR 0.42 ON 1- 2 TO 1/4 MILE OR LESS
LOWEST: 7 ON 1 3 = THUNDER
SNOW, ICE PELLETS, HAIL 4 = ICE PELLETS
TOTAL MONTH: M 5 = HAIL
GRTST 24HR M ON M 6 = FREEZING RAIN OR DRIZZLE
GRTST DEPTH: M ON M 7 = DUSTSTORM OR SANDSTORM:
VSBY 1/2 MILE OR LESS
8 = SMOKE OR HAZE
[NO. OF DAYS WITH] [WEATHER - DAYS WITH] 9 = BLOWING SNOW
X = TORNADO
MAX 32 OR BELOW: 6 0.01 INCH OR MORE: 15
MAX 90 OR ABOVE: 0 0.10 INCH OR MORE: 5
MIN 32 OR BELOW: 21 0.50 INCH OR MORE: 0
MIN 0 OR BELOW: 0 1.00 INCH OR MORE: 0
[HDD (BASE 65) ]
TOTAL THIS MO. 855 CLEAR (SCALE 0-3) 0
DPTR FM NORMAL -33 PTCLDY (SCALE 4-7) 6
TOTAL FM JUL 1 8576 CLOUDY (SCALE 8-10) 19
DPTR FM NORMAL -313
[CDD (BASE 65) ]
TOTAL THIS MO. 0
DPTR FM NORMAL 0 [PRESSURE DATA]
TOTAL FM JAN 1 0 HIGHEST SLP M ON M
DPTR FM NORMAL 0 LOWEST SLP 29.14 ON 6
[REMARKS]