000
CXUS55 KPSR 290304
CF6IPL
PRELIMINARY LOCAL CLIMATOLOGICAL DATA (WS FORM: F-6)
STATION: IMPERIAL CA
MONTH: NOVEMBER
YEAR: 2020
LATITUDE: 32 50 N
LONGITUDE: 115 35 W
TEMPERATURE IN F: :PCPN: SNOW: WIND :SUNSHINE: SKY :PK WND
================================================================================
1 2 3 4 5 6A 6B 7 8 9 10 11 12 13 14 15 16 17 18
12Z AVG MX 2MIN
DY MAX MIN AVG DEP HDD CDD WTR SNW DPTH SPD SPD DIR MIN PSBL S-S WX SPD DR
================================================================================
1 92 60 76 8 0 11 0.00 M M 3.5 9 260 M M 0 10 60
2 93 59 76 8 0 11 0.00 M M 3.8 8 270 M M 0 11 90
3 92 59 76 8 0 11 0.00 M M 2.9 8 240 M M 0 11 70
4 94 58 76 9 0 11 0.00 M M 4.6 8 260 M M 0 8 9 250
5 95 59 77 10 0 12 0.00 M M 4.7 10 270 M M 0 8 11 270
6 89 63 76 9 0 11 T M M 8.9 29 270 M M 0 38 39 270
7 71 50 61 -5 4 0 0.00 M M 19.0 41 270 M M 1 8 51 260
8 70 50 60 -6 5 0 0.00 M M 15.7 35 250 M M 2 43 240
9 65 44 55 -10 10 0 0.00 M M 3.9 12 360 M M 1 16 300
10 69 40 55 -10 10 0 0.00 M M 4.4 10 340 M M 0 8 12 350
11 72 39 56 -8 9 0 0.00 M M 3.0 8 100 M M 0 10 70
12 75 43 59 -5 6 0 0.00 M M 2.9 8 270 M M 0 14 220
13 77 45 61 -3 4 0 0.00 M M 4.9 22 290 M M 0 27 290
14 81 51 66 3 0 1 0.00 M M 4.1 12 250 M M 0 8 14 10
15 82 47 65 2 0 0 0.00 M M 3.5 10 270 M M 0 11 270
16 85 49 67 5 0 2 0.00 M M 3.4 9 260 M M 0 11 250
17 85 52 69 7 0 4 0.00 M M 3.1 10 50 M M 0 17 40
18 87 52 70 8 0 5 0.00 M M 6.3 15 290 M M 0 8 18 280
19 82 56 69 8 0 4 0.00 M M 5.2 23 270 M M 0 32 270
20 83 52 68 7 0 3 0.00 M M 3.6 9 350 M M 0 12 320
21 82 53 68 8 0 3 0.00 M M 3.4 9 260 M M 0 11 270
22 82 50 66 6 0 1 0.00 M M 2.2 9 40 M M 0 12 90
23 84 49 67 7 0 2 0.00 M M 7.5 23 270 M M 0 29 270
24 75 49 62 3 3 0 0.00 M M 4.3 9 50 M M 0 14 50
25 73 44 59 0 6 0 0.00 M M 3.5 10 130 M M 0 13 130
26 72 41 57 -1 8 0 0.00 M M 6.8 18 350 M M 0 24 350
27 69 40 55 -3 10 0 0.00 M M 8.3 23 350 M M 0 30 350
28 71 38 55 -3 10 0 0.00 M M 4.6 9 260 M M 0 10 250
29 75 40 58 1 7 0 0.00 M M 4.6 9 360 M M 0 14 350
30 76 43 60 3 5 0 0.00 M M 2.7 8 250 M M 0 9 260
================================================================================
SM 2398 1475 97 92 T M 159.3 M 4
================================================================================
AV 79.9 49.2 5.3 FASTST M M 0 MAX(MPH)
MISC ----> 41 270 51 260
================================================================================
NOTES:
# LAST OF SEVERAL OCCURRENCES
COLUMN 17 PEAK WIND IN M.P.H.
PRELIMINARY LOCAL CLIMATOLOGICAL DATA (WS FORM: F-6) , PAGE 2
STATION: IMPERIAL CA
MONTH: NOVEMBER
YEAR: 2020
LATITUDE: 32 50 N
LONGITUDE: 115 35 W
[TEMPERATURE DATA] [PRECIPITATION DATA] SYMBOLS USED IN COLUMN 16
AVERAGE MONTHLY: 64.6 TOTAL FOR MONTH: T 1 = FOG OR MIST
DPTR FM NORMAL: 1.9 DPTR FM NORMAL: -0.20 2 = FOG REDUCING VISIBILITY
HIGHEST: 95 ON 5 GRTST 24HR T ON 6- 6 TO 1/4 MILE OR LESS
LOWEST: 38 ON 28 3 = THUNDER
SNOW, ICE PELLETS, HAIL 4 = ICE PELLETS
TOTAL MONTH: M 5 = HAIL
GRTST 24HR M ON M 6 = FREEZING RAIN OR DRIZZLE
GRTST DEPTH: M ON M 7 = DUSTSTORM OR SANDSTORM:
VSBY 1/2 MILE OR LESS
8 = SMOKE OR HAZE
[NO. OF DAYS WITH] [WEATHER - DAYS WITH] 9 = BLOWING SNOW
X = TORNADO
MAX 32 OR BELOW: 0 0.01 INCH OR MORE: 0
MAX 90 OR ABOVE: 5 0.10 INCH OR MORE: 0
MIN 32 OR BELOW: 0 0.50 INCH OR MORE: 0
MIN 0 OR BELOW: 0 1.00 INCH OR MORE: 0
[HDD (BASE 65) ]
TOTAL THIS MO. 97 CLEAR (SCALE 0-3) 30
DPTR FM NORMAL -23 PTCLDY (SCALE 4-7) 0
TOTAL FM JUL 1 108 CLOUDY (SCALE 8-10) 0
DPTR FM NORMAL -19
[CDD (BASE 65) ]
TOTAL THIS MO. 92
DPTR FM NORMAL 43 [PRESSURE DATA]
TOTAL FM JAN 1 4617 HIGHEST SLP 30.25 ON 28
DPTR FM NORMAL 641 LOWEST SLP 29.54 ON 6
[REMARKS]
#FINAL-11-20#