000
CXUS55 KBOI 021508
CF6BOI
PRELIMINARY LOCAL CLIMATOLOGICAL DATA (WS FORM: F-6)
STATION: BOISE ID
MONTH: OCTOBER
YEAR: 2020
LATITUDE: 43 34 N
LONGITUDE: 116 13 W
TEMPERATURE IN F: :PCPN: SNOW: WIND :SUNSHINE: SKY :PK WND
================================================================================
1 2 3 4 5 6A 6B 7 8 9 10 11 12 13 14 15 16 17 18
12Z AVG MX 2MIN
DY MAX MIN AVG DEP HDD CDD WTR SNW DPTH SPD SPD DIR MIN PSBL S-S WX SPD DR
================================================================================
1 82 53 68 9 0 3 0.00 0.0 0 5.6 13 140 M M 0 17 150
2 84 51 68 10 0 3 0.00 0.0 0 5.1 10 150 M M 0 8 15 290
3 83 53 68 10 0 3 0.00 0.0 0 5.4 13 130 M M 0 8 16 140
4 81 47 64 6 1 0 0.00 0.0 0 5.6 14 130 M M 0 8 17 130
5 81 49 65 8 0 0 0.00 0.0 0 5.9 13 320 M M 0 8 20 320
6 82 52 67 10 0 2 0.00 0.0 0 6.3 14 130 M M 0 19 140
7 82 50 66 10 0 1 0.00 0.0 0 4.5 12 130 M M 0 8 15 130
8 80 51 66 10 0 1 0.00 0.0 0 6.1 13 140 M M 0 8 16 140
9 78 49 64 8 1 0 0.00 0.0 0 5.2 13 130 M M 0 8 16 140
10 64 48 56 1 9 0 0.42 0.0 0 8.7 24 310 M M 4 18 36 300
11 60 41 51 -4 14 0 T 0.0 0 6.4 15 120 M M 5 23 340
12 70 51 61 7 4 0 T 0.0 0 8.5 17 310 M M 5 25 130
13 67 49 58 4 7 0 0.01 0.0 0 9.0 17 300 M M 6 22 290
14 59 42 51 -3 14 0 0.00 0.0 0 9.2 22 320 M M 0 28 320
15 59 36 48 -5 17 0 0.00 0.0 0 5.1 17 290 M M 0 22 280
16 70 39 55 2 10 0 0.00 0.0 0 3.5 10 130 M M 0 13 140
17 69 44 57 5 8 0 0.00 0.0 0 5.3 16 320 M M 1 8 25 310
18 71 44 58 6 7 0 0.00 0.0 0 4.3 14 350 M M 2 8 19 360
19 68 45 57 5 8 0 0.00 0.0 0 4.5 14 300 M M 0 18 310
20 62 45 54 3 11 0 0.00 0.0 0 5.7 14 340 M M 5 8 21 300
21 63 40 52 1 13 0 0.00 0.0 0 10.4 31 330 M M 7 8 39 330
22 53 29 41 -9 24 0 0.00 0.0 0 9.9 21 300 M M 0 27 320
23 55 31 43 -7 22 0 0.00 0.0 0 10.1 21 150 M M 2 28 150
24 54 30 42 -8 23 0 0.02 0.0 0 13.2 26 300 M M 7 1 34 300
25 45 24 35 -14 30 0 0.00 0.0 0 10.9 24 300 M M 0 31 300
26 45 17 31 -18 34 0 0.00 0.0 0 5.0 17 300 M M 1 20 320
27 58 25 42 -6 23 0 0.00 0.0 0 4.1 15 290 M M 0 19 320
28 63 33 48 0 17 0 0.00 0.0 0 5.0 12 300 M M 0 8 17 290
29 69 40 55 7 10 0 0.00 0.0 0 4.6 14 130 M M 0 17 140
30 75 37 56 9 9 0 T 0.0 0 5.8 18 310 M M 1 24 300
31 58 31 45 -2 20 0 0.00 0.0 0 4.1 10 280 M M 0 14 310
================================================================================
SM 2090 1276 336 13 0.45 0.0 203.0 M 46
================================================================================
AV 67.4 41.2 6.5 FASTST M M 1 MAX(MPH)
MISC ----> 31 330 39 330
================================================================================
NOTES:
# LAST OF SEVERAL OCCURRENCES
COLUMN 17 PEAK WIND IN M.P.H.
PRELIMINARY LOCAL CLIMATOLOGICAL DATA (WS FORM: F-6) , PAGE 2
STATION: BOISE ID
MONTH: OCTOBER
YEAR: 2020
LATITUDE: 43 34 N
LONGITUDE: 116 13 W
[TEMPERATURE DATA] [PRECIPITATION DATA] SYMBOLS USED IN COLUMN 16
AVERAGE MONTHLY: 54.3 TOTAL FOR MONTH: 0.45 1 = FOG OR MIST
DPTR FM NORMAL: 1.5 DPTR FM NORMAL: -0.30 2 = FOG REDUCING VISIBILITY
HIGHEST: 84 ON 2 GRTST 24HR 0.42 ON 10-10 TO 1/4 MILE OR LESS
LOWEST: 17 ON 26 3 = THUNDER
SNOW, ICE PELLETS, HAIL 4 = ICE PELLETS
TOTAL MONTH: 0.0 INCH 5 = HAIL
GRTST 24HR 0.0 6 = FREEZING RAIN OR DRIZZLE
GRTST DEPTH: 0 7 = DUSTSTORM OR SANDSTORM:
VSBY 1/2 MILE OR LESS
8 = SMOKE OR HAZE
[NO. OF DAYS WITH] [WEATHER - DAYS WITH] 9 = BLOWING SNOW
X = TORNADO
MAX 32 OR BELOW: 0 0.01 INCH OR MORE: 3
MAX 90 OR ABOVE: 0 0.10 INCH OR MORE: 1
MIN 32 OR BELOW: 7 0.50 INCH OR MORE: 0
MIN 0 OR BELOW: 0 1.00 INCH OR MORE: 0
[HDD (BASE 65) ]
TOTAL THIS MO. 336 CLEAR (SCALE 0-3) 24
DPTR FM NORMAL -49 PTCLDY (SCALE 4-7) 7
TOTAL FM JUL 1 368 CLOUDY (SCALE 8-10) 0
DPTR FM NORMAL -137
[CDD (BASE 65) ]
TOTAL THIS MO. 13
DPTR FM NORMAL 5 [PRESSURE DATA]
TOTAL FM JAN 1 1087 HIGHEST SLP 30.54 ON 15
DPTR FM NORMAL 145 LOWEST SLP 29.71 ON 10
[REMARKS]
#FINAL-10-20#