000
CXUS51 KCLE 010800
CF6ERI
PRELIMINARY LOCAL CLIMATOLOGICAL DATA (WS FORM: F-6)
STATION: ERIE PA
MONTH: JUNE
YEAR: 2020
LATITUDE: 42 4 N
LONGITUDE: 80 11 W
TEMPERATURE IN F: :PCPN: SNOW: WIND :SUNSHINE: SKY :PK WND
================================================================================
1 2 3 4 5 6A 6B 7 8 9 10 11 12 13 14 15 16 17 18
12Z AVG MX 2MIN
DY MAX MIN AVG DEP HDD CDD WTR SNW DPTH SPD SPD DIR MIN PSBL S-S WX SPD DR
================================================================================
1 69 46 58 -5 7 0 0.00 0.0 0 8.7 18 270 M M 2 24 260
2 81 54 68 5 0 3 0.09 0.0 0 10.7 21 180 M M 5 28 270
3 81 65 73 10 0 8 0.27 0.0 0 12.3 25 250 M M 3 138 39 250
4 82 64 73 9 0 8 0.00 0.0 0 7.8 17 190 M M 2 21 210
5 82 66 74 10 0 9 0.00 0.0 0 8.0 13 190 M M 0 16 190
6 77 62 70 6 0 5 0.00 0.0 0 7.5 13 280 M M 2 20 230
7 70 57 64 -1 1 0 0.00 0.0 0 6.8 13 250 M M 0 16 270
8 74 52 63 -2 2 0 0.00 0.0 0 5.1 12 20 M M 0 14 20
9 91 63 77 12 0 12 0.00 0.0 0 6.5 14 160 M M 0 19 160
10 91 69 80 14 0 15 0.51 0.0 0 15.7 29 200 M M 3 3 40 220
11 73 63 68 2 0 3 T 0.0 0 13.1 23 260 M M 3 35 270
12 68 57 63 -3 2 0 0.00 0.0 0 9.1 15 270 M M 2 20 290
13 65 49 57 -9 8 0 0.00 0.0 0 10.7 21 60 M M 1 26 20
14 66 49 58 -9 7 0 0.00 0.0 0 13.4 28 50 M M 0 36 40
15 73 50 62 -5 3 0 0.00 0.0 0 7.6 20 30 M M 3 26 30
16 76 52 64 -3 1 0 0.00 0.0 0 4.6 13 40 M M 0 16 30
17 80 55 68 0 0 3 0.00 0.0 0 4.8 15 40 M M 0 18 40
18 83 63 73 5 0 8 0.04 0.0 0 6.8 16 50 M M 2 20 30
19 82 66 74 6 0 9 0.00 0.0 0 6.5 14 300 M M 2 3 18 300
20 84 63 74 6 0 9 0.00 0.0 0 4.9 13 300 M M 0 8 16 300
21 91 70 81 12 0 16 0.01 0.0 0 8.2 15 210 M M 1 38 20 220
22 80 69 75 6 0 10 0.24 0.0 0 4.2 10 270 M M 4 13 15 290
23 81 64 73 4 0 8 1.01 0.0 0 12.2 26 260 M M 5 13 41 260
24 72 60 66 -4 0 1 0.00 0.0 0 9.1 21 280 M M 4 27 270
25 77 60 69 -1 0 4 0.00 0.0 0 7.6 15 260 M M 2 38 20 250
26 82 64 73 3 0 8 0.00 0.0 0 8.0 15 180 M M 2 22 190
27 79 69 74 4 0 9 0.84 0.0 0 10.1 20 260 M M 8 13 26 250
28 79 67 73 3 0 8 0.00 0.0 0 7.3 14 270 M M 2 18 17 260
29 81 64 73 3 0 8 0.00 0.0 0 4.5 8 300 M M 0 8 11 10
30 80 64 72 1 0 7 0.00 0.0 0 8.1 20 30 M M 0 24 50
================================================================================
SM 2350 1816 31 171 3.01 0.0 249.9 M 58
================================================================================
AV 78.3 60.5 8.3 FASTST M M 2 MAX(MPH)
MISC ----> 29 200 41 260
================================================================================
NOTES:
# LAST OF SEVERAL OCCURRENCES
COLUMN 17 PEAK WIND IN M.P.H.
PRELIMINARY LOCAL CLIMATOLOGICAL DATA (WS FORM: F-6) , PAGE 2
STATION: ERIE PA
MONTH: JUNE
YEAR: 2020
LATITUDE: 42 4 N
LONGITUDE: 80 11 W
[TEMPERATURE DATA] [PRECIPITATION DATA] SYMBOLS USED IN COLUMN 16
AVERAGE MONTHLY: 69.4 TOTAL FOR MONTH: 3.01 1 = FOG OR MIST
DPTR FM NORMAL: 2.3 DPTR FM NORMAL: -0.75 2 = FOG REDUCING VISIBILITY
HIGHEST: 91 ON 10, 9 GRTST 24HR 1.17 ON 22-23 TO 1/4 MILE OR LESS
LOWEST: 46 ON 1 3 = THUNDER
SNOW, ICE PELLETS, HAIL 4 = ICE PELLETS
TOTAL MONTH: 0.0 INCH 5 = HAIL
GRTST 24HR 0.0 6 = FREEZING RAIN OR DRIZZLE
GRTST DEPTH: 0 7 = DUSTSTORM OR SANDSTORM:
VSBY 1/2 MILE OR LESS
8 = SMOKE OR HAZE
[NO. OF DAYS WITH] [WEATHER - DAYS WITH] 9 = BLOWING SNOW
X = TORNADO
MAX 32 OR BELOW: 0 0.01 INCH OR MORE: 8
MAX 90 OR ABOVE: 3 0.10 INCH OR MORE: 5
MIN 32 OR BELOW: 0 0.50 INCH OR MORE: 3
MIN 0 OR BELOW: 0 1.00 INCH OR MORE: 1
[HDD (BASE 65) ]
TOTAL THIS MO. 31 CLEAR (SCALE 0-3) 23
DPTR FM NORMAL -30 PTCLDY (SCALE 4-7) 7
TOTAL FM JUL 1 5393 CLOUDY (SCALE 8-10) 0
DPTR FM NORMAL -755
[CDD (BASE 65) ]
TOTAL THIS MO. 171
DPTR FM NORMAL 48 [PRESSURE DATA]
TOTAL FM JAN 1 234 HIGHEST SLP 30.42 ON 15
DPTR FM NORMAL 72 LOWEST SLP 29.56 ON 23
[REMARKS]
#FINAL-06-20#