000
CXUS55 KPAH 010700
CF6POF
PRELIMINARY LOCAL CLIMATOLOGICAL DATA (WS FORM: F-6)
STATION: POPLAR BLUFF MO
MONTH: MARCH
YEAR: 2020
LATITUDE: 36 46 N
LONGITUDE: 90 19 W
TEMPERATURE IN F: :PCPN: SNOW: WIND :SUNSHINE: SKY :PK WND
================================================================================
1 2 3 4 5 6A 6B 7 8 9 10 11 12 13 14 15 16 17 18
12Z AVG MX 2MIN
DY MAX MIN AVG DEP HDD CDD WTR SNW DPTH SPD SPD DIR MIN PSBL S-S WX SPD DR
================================================================================
1 63 35 49 5 16 0 0.06 M M 9.2 26 220 M M 5 3 36 210
2 69 49 59 15 6 0 0.23 M M 8.7 25 210 M M 7 13 36 230
3 66 41 54 10 11 0 0.00 M M 6.1 20 330 M M M 26 340
4 64 39 52 7 13 0 0.00 M M 4.8 17 350 M M 0 22 340
5 69 40 55 10 10 0 0.00 M M 8.0 24 320 M M 0 8 37 310
6 56 34 45 0 20 0 0.00 M M 11.1 26 330 M M 0 38 310
7 55 28 42 -4 23 0 0.00 M M 3.9 10 140 M M 0 17 140
8 66 32 49 3 16 0 0.00 0.0 M 8.0 21 180 M M 0 30 170
9 62 52 57 11 8 0 0.18 M M 13.9 28 200 M M 7 1 39 210
10 62 41 52 6 13 0 0.00 M M 8.4 20 220 M M 5 18 28 210
11 66 40 53 6 12 0 0.67 M M 3.5 14 350 M M 4 13 17 180
12 72 48 60 13 5 0 0.89 M M 8.5 28 180 M M 8 123 40 210
13 59 45 52 5 13 0 0.00 M M 11.8 24 360 M M 4 31 30
14 45 41 43 -5 22 0 1.72 M M 10.2 17 30 M M 10 1 24 20
15 42 39 41 -7 24 0 0.00 M M 9.7 17 30 M M 10 25 60
16 46 40 43 -5 22 0 0.81 M M 4.1 16 300 M M 10 13 20 300
17 58 44 51 2 14 0 0.22 M M 7.1 15 40 M M 7 13 21 50
18 60 48 54 5 11 0 0.38 M M 4.8 14 210 M M 8 123 19 200
19 72 52 62 13 3 0 0.58 M M 10.0 23 210 M M 10 123 32 200
20 69 41 55 5 10 0 0.00 M M 13.1 25 350 M M 5 35 330
21 51 39 45 -5 20 0 0.00 M M 8.2 15 30 M M 5 21 90
22 47 37 42 -8 23 0 0.13 M M 6.2 17 40 M M 7 1 23 40
23 57 45 51 1 14 0 0.00 M M 6.2 10 130 M M 4 16 60
24 56 46 51 0 14 0 0.92 M M 9.3 17 20 M M 9 13 23 20
25 54 46 50 -1 15 0 0.00 M M 5.1 13 180 M M 10 18 170
26 79 45 62 11 3 0 0.00 M M 6.8 23 220 M M 0 1 32 220
27 78 59 69 17 0 4 0.00 M M 7.8 20 210 M M 3 1 25 220
28 73 63 68 16 0 3 0.68 M M 11.4 21 190 M M 5 13 29 190
29 72 52 62 10 3 0 0.00 M M 10.4 22 250 M M 0 32 250
30 64 46 55 2 10 0 0.06 M M 3.0 9 180 M M 2 11 190
31 66 47 57 4 8 0 0.63 M M 5.5 16 330 M M 6 1 22 340
================================================================================
SM 1918 1354 382 7 8.16 0.0 244.8 M 151
================================================================================
AV 61.9 43.7 7.9 FASTST M M 5 MAX(MPH)
MISC ----> # 28 200 40 210
================================================================================
NOTES:
# LAST OF SEVERAL OCCURRENCES
COLUMN 17 PEAK WIND IN M.P.H.
PRELIMINARY LOCAL CLIMATOLOGICAL DATA (WS FORM: F-6) , PAGE 2
STATION: POPLAR BLUFF MO
MONTH: MARCH
YEAR: 2020
LATITUDE: 36 46 N
LONGITUDE: 90 19 W
[TEMPERATURE DATA] [PRECIPITATION DATA] SYMBOLS USED IN COLUMN 16
AVERAGE MONTHLY: 52.8 TOTAL FOR MONTH: 8.16 1 = FOG OR MIST
DPTR FM NORMAL: 4.4 DPTR FM NORMAL: 3.81 2 = FOG REDUCING VISIBILITY
HIGHEST: 79 ON 26 GRTST 24HR 1.72 ON 14-14 TO 1/4 MILE OR LESS
LOWEST: 28 ON 7 3 = THUNDER
SNOW, ICE PELLETS, HAIL 4 = ICE PELLETS
TOTAL MONTH: 0.0 INCH 5 = HAIL
GRTST 24HR 0.0 6 = FREEZING RAIN OR DRIZZLE
GRTST DEPTH: M ON M 7 = DUSTSTORM OR SANDSTORM:
VSBY 1/2 MILE OR LESS
8 = SMOKE OR HAZE
[NO. OF DAYS WITH] [WEATHER - DAYS WITH] 9 = BLOWING SNOW
X = TORNADO
MAX 32 OR BELOW: 0 0.01 INCH OR MORE: 15
MAX 90 OR ABOVE: 0 0.10 INCH OR MORE: 13
MIN 32 OR BELOW: 2 0.50 INCH OR MORE: 8
MIN 0 OR BELOW: 0 1.00 INCH OR MORE: 1
[HDD (BASE 65) ]
TOTAL THIS MO. 382 CLEAR (SCALE 0-3) 8
DPTR FM NORMAL -138 PTCLDY (SCALE 4-7) 16
TOTAL FM JUL 1 3448 CLOUDY (SCALE 8-10) 7
DPTR FM NORMAL -341
[CDD (BASE 65) ]
TOTAL THIS MO. 7
DPTR FM NORMAL 3 [PRESSURE DATA]
TOTAL FM JAN 1 7 HIGHEST SLP M ON M
DPTR FM NORMAL 3 LOWEST SLP 29.56 ON 12
[REMARKS]
#FINAL-03-20#