000
CXUS56 KSGX 011145
CF6RIV
PRELIMINARY LOCAL CLIMATOLOGICAL DATA (WS FORM: F-6)
STATION: RIVERSIDE/MARCH ARB CA
MONTH: NOVEMBER
YEAR: 2023
LATITUDE: 33 53 N
LONGITUDE: 117-15 E
TEMPERATURE IN F: :PCPN: SNOW: WIND :SUNSHINE: SKY :PK WND
================================================================================
1 2 3 4 5 6A 6B 7 8 9 10 11 12 13 14 15 16 17 18
12Z AVG MX 2MIN
DY MAX MIN AVG DEP HDD CDD WTR SNW DPTH SPD SPD DIR MIN PSBL S-S WX SPD DR
================================================================================
1 84 45 65 4 0 0 0.00 M M 2.8 10 60 M M 0 M M
2 85 38 62 2 3 0 0.00 M M 1.8 9 300 M M 0 M M
3 87 40 64 4 1 0 0.00 M M 1.8 9 320 M M 0 M M
4 87 39 63 3 2 0 0.00 M M 1.6 10 320 M M 0 M M
5 86 41 64 4 1 0 0.00 M M 1.8 7 320 M M 0 M M
6 82 42 62 3 3 0 0.00 M M 3.0 12 310 M M 0 8 M M
7 69 48 59 0 6 0 0.00 M M 4.7 9 300 M M 6 1 M M
8 74 46 60 1 5 0 0.00 M M 10.2 23 360 M M 2 12 32 360
9 74 43 59 1 6 0 0.00 M M 8.5 15 330 M M 1 20 10
10 76 32 54 -4 11 0 0.00 M M 1.9 7 290 M M 0 M M
11 80 35 58 0 7 0 0.00 M M 2.4 12 20 M M 0 M M
12 83 37 60 2 5 0 0.00 M M 2.8 10 120 M M 0 M M
13 78 41 60 3 5 0 0.00 M M 2.4 13 120 M M 0 M M
14 80 37 59 2 6 0 0.00 M M 2.1 8 320 M M 0 8 M M
15 68 43 56 -1 9 0 0.45 M M 2.4 9 50 M M 7 1 M M
16 68 51 60 4 5 0 0.00 M M 1.3 7 150 M M 6 1 M M
17 74 44 59 3 6 0 0.00 M M 3.3 10 170 M M 1 1 M M
18 66 53 60 4 5 0 0.00 M M 3.3 8 170 M M 7 M M
19 69 46 58 3 7 0 T M M 4.1 14 300 M M 4 M M
20 71 45 58 3 7 0 0.00 M M 8.2 17 340 M M 0 25 350
21 77 54 66 11 0 1 0.00 M M 10.6 15 60 M M 0 30 90
22 78 50 64 10 1 0 0.00 M M 5.3 13 90 M M 0 M M
23 73 46 60 6 5 0 0.00 M M 5.0 14 150 M M 0 20 150
24 64 49 57 3 8 0 0.00 M M 3.8 9 160 M M 7 M M
25 66 40 53 -1 12 0 0.00 M M 4.3 12 70 M M 0 M M
26 66 41 54 1 11 0 0.00 M M 8.1 17 50 M M 0 22 50
27 69 44 57 4 8 0 0.00 M M 5.9 9 40 M M 1 M M
28 71 38 55 2 10 0 0.00 M M 1.3 9 300 M M 1 M M
29 63 34 49 -4 16 0 0.00 M M 3.0 9 300 M M 4 M M
30 60 47 54 2 11 0 T M M 2.6 6 160 M M 7 M M
================================================================================
SM 2228 1289 182 1 0.45 M 120.3 M 54
================================================================================
AV 74.3 43.0 4.0 FASTST M M 2 MAX(MPH)
MISC ----> 23 360 32 360
================================================================================
NOTES:
# LAST OF SEVERAL OCCURRENCES
COLUMN 17 PEAK WIND IN M.P.H.
PRELIMINARY LOCAL CLIMATOLOGICAL DATA (WS FORM: F-6) , PAGE 2
STATION: RIVERSIDE/MARCH ARB CA
MONTH: NOVEMBER
YEAR: 2023
LATITUDE: 33 53 N
LONGITUDE: 117-15 E
[TEMPERATURE DATA] [PRECIPITATION DATA] SYMBOLS USED IN COLUMN 16
AVERAGE MONTHLY: 58.6 TOTAL FOR MONTH: 0.45 1 = FOG OR MIST
DPTR FM NORMAL: 2.1 DPTR FM NORMAL: -0.22 2 = FOG REDUCING VISIBILITY
HIGHEST: 87 ON 4, 3 GRTST 24HR 0.45 ON 15-15 TO 1/4 MILE OR LESS
LOWEST: 32 ON 10 3 = THUNDER
SNOW, ICE PELLETS, HAIL 4 = ICE PELLETS
TOTAL MONTH: M 5 = HAIL
GRTST 24HR M ON M 6 = FREEZING RAIN OR DRIZZLE
GRTST DEPTH: M ON M 7 = DUSTSTORM OR SANDSTORM:
VSBY 1/2 MILE OR LESS
8 = SMOKE OR HAZE
[NO. OF DAYS WITH] [WEATHER - DAYS WITH] 9 = BLOWING SNOW
X = TORNADO
MAX 32 OR BELOW: 0 0.01 INCH OR MORE: 1
MAX 90 OR ABOVE: 0 0.10 INCH OR MORE: 1
MIN 32 OR BELOW: 1 0.50 INCH OR MORE: 0
MIN 0 OR BELOW: 0 1.00 INCH OR MORE: 0
[HDD (BASE 65) ]
TOTAL THIS MO. 182 CLEAR (SCALE 0-3) 22
DPTR FM NORMAL -78 PTCLDY (SCALE 4-7) 8
TOTAL FM JUL 1 231 CLOUDY (SCALE 8-10) 0
DPTR FM NORMAL -97
[CDD (BASE 65) ]
TOTAL THIS MO. 1
DPTR FM NORMAL -5 [PRESSURE DATA]
TOTAL FM JAN 1 1381 HIGHEST SLP M ON M
DPTR FM NORMAL -103 LOWEST SLP M ON M
[REMARKS]
#FINAL-11-23#