000
CXUS53 KARX 120117
CF6CMY
PRELIMINARY LOCAL CLIMATOLOGICAL DATA (WS FORM: F-6)
STATION: SPARTA - FORT MCCOY WI
MONTH: OCTOBER
YEAR: 2020
LATITUDE: 43 58 N
LONGITUDE: 90 44 W
TEMPERATURE IN F: :PCPN: SNOW: WIND :SUNSHINE: SKY :PK WND
================================================================================
1 2 3 4 5 6A 6B 7 8 9 10 11 12 13 14 15 16 17 18
12Z AVG MX 2MIN
DY MAX MIN AVG DEP HDD CDD WTR SNW DPTH SPD SPD DIR MIN PSBL S-S WX SPD DR
================================================================================
1 55 32 44 M 21 0 0.08 0.0 0 6.9 17 330 M M 8 24 330
2 51 29 40 M 25 0 0.00 0.0 0 2.1 10 310 M M 7 M M
3 49 29 39 M 26 0 0.00 0.0 0 2.0 7 320 M M 8 M M
4 53 21 37 M 28 0 0.00 0.0 0 1.9 10 340 M M 1 M M
5 66 26 46 M 19 0 0.00 0.0 0 7.7 18 180 M M 0 27 180
6 73 38 56 M 9 0 0.00 0.0 0 3.8 14 280 M M 1 20 280
7 70 35 53 M 12 0 0.00 0.0 0 5.5 15 320 M M 1 24 310
8 66 28 47 M 18 0 0.00 0.0 0 2.0 6 90 M M 1 M M
9 82 49 66 M 0 1 0.00 0.0 0 4.4 12 220 M M 1 18 220
10 68 38 53 M 12 0 0.00 0.0 0 3.5 14 30 M M 0 M M
11 63 42 53 M 12 0 0.00 0.0 0 9.5 14 120 M M 7 22 120
12 67 33 50 M 15 0 0.45 0.0 0 9.3 17 160 M M 4 3 27 280
13 63 33 48 M 17 0 0.00 0.0 0 6.5 17 300 M M 3 25 280
14 63 35 49 M 16 0 0.06 0.0 0 8.2 22 170 M M 7 32 170
15 49 28 39 M 26 0 T 0.0 0 9.8 16 310 M M 4 29 290
16 49 25 37 M 28 0 0.04 0.0 0 3.9 13 240 M M 4 20 240
17 63 26 45 M 20 0 0.01 0.0 0 7.7 15 180 M M 7 28 190
18 44 24 34 M 31 0 0.00 0.0 0 6.9 12 320 M M 3 18 320
19 36 19 28 M 37 0 0.00 0.0 0 0.7 6 350 M M 8 M M
20 40 23 32 M 33 0 M M 0 3.2 10 70 M M 6 1 M M
21 40 32 36 M 29 0 0.00 0.0 0 3.7 12 260 M M 7 1 17 270
22 37 29 33 M 32 0 M M 0 7.0 13 70 M M 9 13 20 70
23 39 34 37 M 28 0 0.01 M 0 9.2 13 340 M M 10 1 22 340
24 37 27 32 M 33 0 0.00 0.0 0 3.8 8 350 M M 6 M M
25 33 27 30 M 35 0 M M M 2.9 6 310 M M 7 M M
26 33 20 27 M 38 0 M M M 3.7 8 330 M M 4 M M
27 36 17 27 M 38 0 0.00 0.0 M 3.2 12 260 M M 0 M M
28 54 29 42 M 23 0 0.00 0.0 0 4.2 10 210 M M 2 M M
29 40 27 34 M 31 0 0.00 0.0 0 6.3 12 360 M M 10 M M
30 44 20 32 M 33 0 0.00 0.0 0 1.3 6 160 M M 1 M M
31 60 31 46 M 19 0 0.00 0.0 0 11.9 24 300 M M 4 33 300
================================================================================
SM 1623 906 744 1 0.65 0.0 162.7 M 141
================================================================================
AV 52.4 29.2 5.2 FASTST M M 5 MAX(MPH)
MISC ----> # 24 300 # 33 300
================================================================================
NOTES:
# LAST OF SEVERAL OCCURRENCES
COLUMN 17 PEAK WIND IN M.P.H.
PRELIMINARY LOCAL CLIMATOLOGICAL DATA (WS FORM: F-6) , PAGE 2
STATION: SPARTA - FORT MCCOY WI
MONTH: OCTOBER
YEAR: 2020
LATITUDE: 43 58 N
LONGITUDE: 90 44 W
[TEMPERATURE DATA] [PRECIPITATION DATA] SYMBOLS USED IN COLUMN 16
AVERAGE MONTHLY: 40.8 TOTAL FOR MONTH: 0.65 1 = FOG OR MIST
DPTR FM NORMAL: M DPTR FM NORMAL: M 2 = FOG REDUCING VISIBILITY
HIGHEST: 82 ON 9 GRTST 24HR 0.45 ON 12-12 TO 1/4 MILE OR LESS
LOWEST: 17 ON 27 3 = THUNDER
SNOW, ICE PELLETS, HAIL 4 = ICE PELLETS
TOTAL MONTH: 0.0 INCH 5 = HAIL
GRTST 24HR 0.0 6 = FREEZING RAIN OR DRIZZLE
GRTST DEPTH: 0 7 = DUSTSTORM OR SANDSTORM:
VSBY 1/2 MILE OR LESS
8 = SMOKE OR HAZE
[NO. OF DAYS WITH] [WEATHER - DAYS WITH] 9 = BLOWING SNOW
X = TORNADO
MAX 32 OR BELOW: 0 0.01 INCH OR MORE: 6
MAX 90 OR ABOVE: 0 0.10 INCH OR MORE: 1
MIN 32 OR BELOW: 22 0.50 INCH OR MORE: 0
MIN 0 OR BELOW: 0 1.00 INCH OR MORE: 0
[HDD (BASE 65) ]
TOTAL THIS MO. 744 CLEAR (SCALE 0-3) 11
DPTR FM NORMAL M PTCLDY (SCALE 4-7) 16
TOTAL FM JUL 1 1092 CLOUDY (SCALE 8-10) 4
DPTR FM NORMAL M
[CDD (BASE 65) ]
TOTAL THIS MO. 1
DPTR FM NORMAL M [PRESSURE DATA]
TOTAL FM JAN 1 382 HIGHEST SLP M ON M
DPTR FM NORMAL M LOWEST SLP M ON M
[REMARKS]
#FINAL-10-20#