000
CXUS56 KPDT 100530
CF6HRI
PRELIMINARY LOCAL CLIMATOLOGICAL DATA (WS FORM: F-6)
STATION: HERMISTON OR
MONTH: MAY
YEAR: 2022
LATITUDE: 45 49 N
LONGITUDE: 119 16 W
TEMPERATURE IN F: :PCPN: SNOW: WIND :SUNSHINE: SKY :PK WND
================================================================================
1 2 3 4 5 6A 6B 7 8 9 10 11 12 13 14 15 16 17 18
12Z AVG MX 2MIN
DY MAX MIN AVG DEP HDD CDD WTR SNW DPTH SPD SPD DIR MIN PSBL S-S WX SPD DR
================================================================================
1 67 46 57 0 8 0 0.04 M M 6.4 10 110 M M 4 1 17 270
2 59 46 53 -4 12 0 0.21 M M 12.6 25 260 M M 7 1 36 250
3 70 48 59 1 6 0 0.00 M M 14.2 24 240 M M 2 37 250
4 77 41 59 1 6 0 0.00 M M 2.8 9 200 M M 0 16 350
5 65 53 59 1 6 0 0.18 M M 7.7 17 230 M M 7 1 28 240
6 65 51 58 -1 7 0 0.24 M M 7.3 17 230 M M 8 13 24 240
7 60 43 52 -7 13 0 0.01 M M 18.0 36 260 M M 4 47 250
8 60 42 51 -8 14 0 0.00 M M 11.8 20 240 M M 3 29 240
9 64 42 53 -7 12 0 0.00 M M 13.8 21 230 M M 1 35 220
10 65 37 51 -9 14 0 0.00 M M 7.4 14 280 M M 0 21 240
11 67 32 50 -10 15 0 0.00 M M 7.0 17 260 M M 0 24 230
12 65 44 55 -5 10 0 0.13 M M 9.4 29 260 M M 8 1 38 270
13 63 39 51 -10 14 0 T M M 7.3 16 210 M M 3 22 230
14 M M M M M M M M M M M M M M 10 M M
15 M M M M M M M M M M M M M M M M M
16 72 49 61 -1 4 0 0.00 M M 13.9 23 250 M M 0 34 270
17 72 43 58 -4 7 0 0.00 M M 8.3 20 260 M M 0 26 250
18 67 49 58 -4 7 0 0.01 M M 14.1 31 260 M M 3 45 250
19 63 44 54 -8 11 0 0.01 M M 14.4 24 300 M M 0 33 310
20 69 45 57 -5 8 0 0.00 M M 8.9 24 250 M M 1 34 260
21 71 40 56 -7 9 0 0.00 M M 5.3 20 340 M M 2 28 330
22 73 38 56 -7 9 0 0.00 M M 3.1 9 10 M M 0 14 30
23 79 46 63 0 2 0 T M M 6.1 21 250 M M 4 8 32 250
24 76 41 59 -4 6 0 T M M 4.2 13 260 M M 4 18 260
25 80 52 66 2 0 1 0.00 M M 10.7 21 260 M M 1 8 28 250
26 83 50 67 3 0 2 0.03 M M 4.8 18 250 M M 2 1 26 240
27 66 53 60 -4 5 0 T M M 8.7 17 260 M M 5 24 270
28 72 44 58 -6 7 0 0.51 M M 5.6 16 240 M M 5 1 22 220
29 63 49 56 -8 9 0 0.48 M M 17.9 29 250 M M 10 1 42 250
30 61 47 54 -10 11 0 T M M 7.3 18 230 M M 6 26 230
31 74 45 60 -5 5 0 T M M 2.8 7 40 M M 4 M M
================================================================================
SM 1988 1299 237 3 1.85 M 261.8 M 104
================================================================================
AV 68.6 44.8 9.0 FASTST M M 3 MAX(MPH)
MISC ----> 36 260 47 250
================================================================================
NOTES:
# LAST OF SEVERAL OCCURRENCES
COLUMN 17 PEAK WIND IN M.P.H.
PRELIMINARY LOCAL CLIMATOLOGICAL DATA (WS FORM: F-6) , PAGE 2
STATION: HERMISTON OR
MONTH: MAY
YEAR: 2022
LATITUDE: 45 49 N
LONGITUDE: 119 16 W
[TEMPERATURE DATA] [PRECIPITATION DATA] SYMBOLS USED IN COLUMN 16
AVERAGE MONTHLY: 56.7 TOTAL FOR MONTH: 1.85 1 = FOG OR MIST
DPTR FM NORMAL: -4.5 DPTR FM NORMAL: 1.02 2 = FOG REDUCING VISIBILITY
HIGHEST: 83 ON 26 GRTST 24HR 0.99 ON 28-29 TO 1/4 MILE OR LESS
LOWEST: 32 ON 11 3 = THUNDER
SNOW, ICE PELLETS, HAIL 4 = ICE PELLETS
TOTAL MONTH: M 5 = HAIL
GRTST 24HR M ON M 6 = FREEZING RAIN OR DRIZZLE
GRTST DEPTH: M ON M 7 = DUSTSTORM OR SANDSTORM:
VSBY 1/2 MILE OR LESS
8 = SMOKE OR HAZE
[NO. OF DAYS WITH] [WEATHER - DAYS WITH] 9 = BLOWING SNOW
X = TORNADO
MAX 32 OR BELOW: 0 0.01 INCH OR MORE: 11
MAX 90 OR ABOVE: 0 0.10 INCH OR MORE: 6
MIN 32 OR BELOW: 1 0.50 INCH OR MORE: 1
MIN 0 OR BELOW: 0 1.00 INCH OR MORE: 0
[HDD (BASE 65) ]
TOTAL THIS MO. 237 CLEAR (SCALE 0-3) 15
DPTR FM NORMAL 82 PTCLDY (SCALE 4-7) 12
TOTAL FM JUL 1 4842 CLOUDY (SCALE 8-10) 4
DPTR FM NORMAL 19
[CDD (BASE 65) ]
TOTAL THIS MO. 3
DPTR FM NORMAL -36 [PRESSURE DATA]
TOTAL FM JAN 1 3 HIGHEST SLP 30.28 ON 22
DPTR FM NORMAL -38 LOWEST SLP 29.57 ON 28
[REMARKS]
#FINAL-05-22#