000
CXUS53 KILX 010900
CF6ILX
PRELIMINARY LOCAL CLIMATOLOGICAL DATA (WS FORM: F-6)
STATION: LINCOLN IL
MONTH: OCTOBER
YEAR: 2023
LATITUDE: 40 9 N
LONGITUDE: 89 20 W
TEMPERATURE IN F: :PCPN: SNOW: WIND :SUNSHINE: SKY :PK WND
================================================================================
1 2 3 4 5 6A 6B 7 8 9 10 11 12 13 14 15 16 17 18
12Z AVG MX 2MIN
DY MAX MIN AVG DEP HDD CDD WTR SNW DPTH SPD SPD DIR MIN PSBL S-S WX SPD DR
================================================================================
1 86 54 70 10 0 5 0.00 0.0 0 M M M M M M M M
2 86 54 70 10 0 5 0.00 0.0 0 M M M M M M M M
3 87 54 71 11 0 6 0.00 0.0 0 M M M M M M M M
4 81 63 72 13 0 7 T 0.0 0 M M M M M M M M
5 73 58 66 7 0 1 1.07 0.0 0 M M M M M M 13 M M
6 61 47 54 -4 11 0 0.01 0.0 0 M M M M M M M M
7 60 41 51 -7 14 0 0.00 0.0 0 M M M M M M M M
8 63 42 53 -4 12 0 T 0.0 0 M M M M M M M M
9 62 37 50 -7 15 0 0.00 0.0 0 M M M M M M M M
10 64 33 49 -7 16 0 0.00 0.0 0 M M M M M M M M
11 75 36 56 0 9 0 T 0.0 0 M M M M M M M M
12 78 51 65 9 0 0 T 0.0 0 M M M M M M M M
13 64 54 59 4 6 0 1.00 0.0 0 M M M M M M 3 M M
14 56 49 53 -2 12 0 T 0.0 0 M M M M M M 1 M M
15 58 44 51 -3 14 0 T 0.0 0 M M M M M M M M
16 61 37 49 -5 16 0 0.00 0.0 0 M M M M M M M M
17 65 33 49 -5 16 0 0.00 0.0 0 M M M M M M 12 M M
18 71 40 56 3 9 0 0.09 0.0 0 M M M M M M M M
19 62 52 57 4 8 0 0.15 0.0 0 M M M M M M M M
20 66 43 55 3 10 0 0.00 0.0 0 M M M M M M M M
21 71 40 56 4 9 0 0.00 0.0 0 M M M M M M M M
22 62 38 50 -2 15 0 0.00 0.0 0 M M M M M M M M
23 74 40 57 6 8 0 0.00 0.0 0 M M M M M M M M
24 75 54 65 14 0 0 T 0.0 0 M M M M M M M M
25 72 58 65 15 0 0 0.60 0.0 0 M M M M M M M M
26 72 62 67 17 0 2 0.13 0.0 0 M M M M M M M M
27 72 41 57 7 8 0 0.26 0.0 0 M M M M M M 1 M M
28 49 39 44 -5 21 0 0.37 0.0 0 M M M M M M M M
29 45 37 41 -8 24 0 0.14 0.0 0 M M M M M M 1 M M
30 42 27 35 -13 30 0 0.00 0.0 0 M M M M M M M M
31 38 26 32 -16 33 0 0.00 0.0 0 M M M M M M M M
================================================================================
SM 2051 1384 316 26 3.82 0.0 M M M
================================================================================
AV 66.2 44.6 M FASTST M M M MAX(MPH)
MISC ----> M M M M
================================================================================
NOTES:
# LAST OF SEVERAL OCCURRENCES
COLUMN 17 PEAK WIND IN M.P.H.
PRELIMINARY LOCAL CLIMATOLOGICAL DATA (WS FORM: F-6) , PAGE 2
STATION: LINCOLN IL
MONTH: OCTOBER
YEAR: 2023
LATITUDE: 40 9 N
LONGITUDE: 89 20 W
[TEMPERATURE DATA] [PRECIPITATION DATA] SYMBOLS USED IN COLUMN 16
AVERAGE MONTHLY: 55.4 TOTAL FOR MONTH: 3.82 1 = FOG OR MIST
DPTR FM NORMAL: 1.3 DPTR FM NORMAL: 0.40 2 = FOG REDUCING VISIBILITY
HIGHEST: 87 ON 3 GRTST 24HR 1.07 ON 5- 5 TO 1/4 MILE OR LESS
LOWEST: 26 ON 31 3 = THUNDER
SNOW, ICE PELLETS, HAIL 4 = ICE PELLETS
TOTAL MONTH: 0.0 INCH 5 = HAIL
GRTST 24HR 0.0 6 = FREEZING RAIN OR DRIZZLE
GRTST DEPTH: 0 7 = DUSTSTORM OR SANDSTORM:
VSBY 1/2 MILE OR LESS
8 = SMOKE OR HAZE
[NO. OF DAYS WITH] [WEATHER - DAYS WITH] 9 = BLOWING SNOW
X = TORNADO
MAX 32 OR BELOW: 0 0.01 INCH OR MORE: 10
MAX 90 OR ABOVE: 0 0.10 INCH OR MORE: 8
MIN 32 OR BELOW: 2 0.50 INCH OR MORE: 3
MIN 0 OR BELOW: 0 1.00 INCH OR MORE: 2
[HDD (BASE 65) ]
TOTAL THIS MO. 316 CLEAR (SCALE 0-3) 0
DPTR FM NORMAL -41 PTCLDY (SCALE 4-7) 0
TOTAL FM JUL 1 349 CLOUDY (SCALE 8-10) 31
DPTR FM NORMAL -94
[CDD (BASE 65) ]
TOTAL THIS MO. 26
DPTR FM NORMAL 9 [PRESSURE DATA]
TOTAL FM JAN 1 897 HIGHEST SLP M ON M
DPTR FM NORMAL -116 LOWEST SLP M ON M
[REMARKS]
#FINAL-10-23#