000
CXUS54 KLZK 201130
CF6ADF
PRELIMINARY LOCAL CLIMATOLOGICAL DATA (WS FORM: F-6)

                                          STATION:   Arkadelphia Airport
                                          MONTH:     APRIL
                                          YEAR:      2019
                                          LATITUDE:   34  9 N
                                          LONGITUDE:  93  4 W

  TEMPERATURE IN F:       :PCPN:    SNOW:  WIND      :SUNSHINE: SKY     :PK WND
================================================================================
1   2   3   4   5  6A  6B    7    8   9   10  11  12  13   14  15   16   17  18
                                     12Z  AVG MX 2MIN
DY MAX MIN AVG DEP HDD CDD  WTR  SNW DPTH SPD SPD DIR MIN PSBL S-S WX    SPD DR
================================================================================

 1  52  34  43 -15  22   0 0.00    M    M  2.4  7  20   M    M   2         M  M
 2  67  30  49  -9  16   0 0.00    M    M  3.2 10 280   M    M   1 1       M  M
 3  73  38  56  -3   9   0 0.00    M    M  2.8  8 170   M    M   2 1       M  M
 4  60  53  57  -2   8   0 2.13    M    M  2.2  8  20   M    M  10 13      M  M
 5  73  52  63   4   2   0 0.00    M    M  1.8  8  30   M    M   4 12      M  M
 6  71  52  62   2   3   0 1.00    M    M  3.4  8 130   M    M   5 13      M  M
 7   M   M   M   M   M   M 0.89    M    M  2.9 12 130   M    M   8 13     22 130
 8  78  61  70  10   0   5    T    M    M  2.8  8 300   M    M   5         M  M
 9  85  56  71  11   0   6 0.00    M    M  2.3  7 170   M    M   2 12      M  M
10  86  55  71  11   0   6 0.00    M    M  6.3 17 170   M    M   0        21 170
11  77  55  66   5   0   1 0.00    M    M  8.3 18 210   M    M   3 3      27 210
12  72  43  58  -3   7   0 0.00    M    M  2.9  7  60   M    M   0         M  M
13   M   M   M   M   M   M 2.08    M    M  5.8 10  50   M    M  10 13     20  50
14  66  46  56  -5   9   0 0.06    M    M  7.9 15 300   M    M   6        28 300
15  76  42  59  -3   6   0 0.00    M    M  4.4 15 180   M    M   1 128    18 200
16  78  50  64   2   1   0 0.00    M    M  4.6 12 220   M    M   0         M  M
17  72  58  65   3   0   0 0.03    M    M  4.5 12 170   M    M   8 3       M  M
18  68  50  59  -3   6   0 2.77    M    M  4.4 12 330   M    M   8 13     20 330
19  66  48  57  -6   8   0 0.00    M    M  8.0 18 350   M    M   3        30 330
================================================================================
SM 1220  823        97  18  8.96    M     80.9          M       78
================================================================================
AV 71.8 48.4                               4.3 FASTST   M    M   4    MAX(MPH)
                                 MISC ---->  # 18 210               # 30  330
================================================================================
NOTES:
# LAST OF SEVERAL OCCURRENCES

COLUMN 17 PEAK WIND IN M.P.H.

PRELIMINARY LOCAL CLIMATOLOGICAL DATA (WS FORM: F-6) , PAGE 2

                                          STATION:  Arkadelphia Airport
                                          MONTH:    APRIL
                                          YEAR:     2019
                                          LATITUDE:   34  9 N
                                          LONGITUDE:  93  4 W

[TEMPERATURE DATA]      [PRECIPITATION DATA]       SYMBOLS USED IN COLUMN 16

AVERAGE MONTHLY: 60.1   TOTAL FOR MONTH:   8.96    1 = FOG OR MIST
DPTR FM NORMAL:  -0.3   DPTR FM NORMAL:    6.30    2 = FOG REDUCING VISIBILITY
HIGHEST:    86 ON 10    GRTST 24HR  2.77 ON 18-18      TO 1/4 MILE OR LESS
LOWEST:     30 ON  2                               3 = THUNDER
                        SNOW, ICE PELLETS, HAIL    4 = ICE PELLETS
                        TOTAL MONTH:    M          5 = HAIL
                        GRTST 24HR    M  ON   M    6 = FREEZING RAIN OR DRIZZLE
                        GRTST DEPTH:  M  ON   M    7 = DUSTSTORM OR SANDSTORM:
                                                       VSBY 1/2 MILE OR LESS
                                                   8 = SMOKE OR HAZE
[NO. OF DAYS WITH]      [WEATHER - DAYS WITH]      9 = BLOWING SNOW
                                                   X = TORNADO
MAX 32 OR BELOW:   0    0.01 INCH OR MORE:   7
MAX 90 OR ABOVE:   0    0.10 INCH OR MORE:   5
MIN 32 OR BELOW:   1    0.50 INCH OR MORE:   5
MIN  0 OR BELOW:   0    1.00 INCH OR MORE:   4

[HDD (BASE 65) ]
TOTAL THIS MO.    97    CLEAR  (SCALE 0-3)  10
DPTR FM NORMAL   -14    PTCLDY (SCALE 4-7)   5
TOTAL FM JUL 1  2810    CLOUDY (SCALE 8-10)  4
DPTR FM NORMAL  -163

[CDD (BASE 65) ]
TOTAL THIS MO.    18
DPTR FM NORMAL    -8    [PRESSURE DATA]
TOTAL FM JAN 1    20    HIGHEST SLP M ON M
DPTR FM NORMAL   -18    LOWEST  SLP M ON M

[REMARKS]
