000
CXUS55 KGJT 211000
CF6CNY
PRELIMINARY LOCAL CLIMATOLOGICAL DATA (WS FORM: F-6)

                                          STATION:   CANYONLANDS AIRPORT UT
                                          MONTH:     JULY
                                          YEAR:      2019
                                          LATITUDE:   38 46 N
                                          LONGITUDE: 109 45 W

  TEMPERATURE IN F:       :PCPN:    SNOW:  WIND      :SUNSHINE: SKY     :PK WND
================================================================================
1   2   3   4   5  6A  6B    7    8   9   10  11  12  13   14  15   16   17  18
                                     12Z  AVG MX 2MIN
DY MAX MIN AVG DEP HDD CDD  WTR  SNW DPTH SPD SPD DIR MIN PSBL S-S WX    SPD DR
================================================================================

 1  94  61  78   0   0  13 0.00    M    M  5.6 17 300   M    M   1        26 290
 2  97  70  84   6   0  19 0.00    M    M  9.7 22 230   M    M   0 3      30 240
 3  95  62  79   1   0  14 0.00    M    M 10.1 24 210   M    M   0        43 220
 4  94  62  78  -1   0  13 0.00    M    M  8.9 22 260   M    M   0        32 210
 5  95  59  77  -2   0  12 0.00    M    M  4.1 17 250   M    M   0        23 250
 6  97  56  77  -2   0  12 0.00    M    M  8.1 23 170   M    M   0        30 180
 7  94  70  82   2   0  17 0.00    M    M 10.0 25 270   M    M   0        33 200
 8  93  68  81   1   0  16 0.01    M    M 11.5 28 230   M    M   2 3      36 240
 9  94  57  76  -4   0  11 0.00    M    M  5.0 20 270   M    M   0        26 260
10  99  59  79  -1   0  14 0.00    M    M  4.2 14  40   M    M   0        18  40
11 101  60  81   1   0  16 0.00    M    M  7.8 35 310   M    M   0        46 290
12 102  67  85   5   0  20 0.00    M    M  5.5 16 280   M    M   0 8      21 270
13  96  73  85   4   0  20 0.00    M    M  9.4 28 270   M    M   0        36 270
14  98  66  82   1   0  17 0.01    M    M  5.6 21 160   M    M   1        25 170
15 100  75  88   7   0  23    T    M    M  6.1 17 290   M    M   1        24 290
16 103  70  87   6   0  22 0.00    M    M  9.2 29 230   M    M   0        42 230
17 100  69  85   4   0  20 0.00    M    M  9.0 24 220   M    M   0        32 270
18  99  63  81   0   0  16 0.00    M    M  6.9 22 240   M    M   0        28 240
19 101  65  83   2   0  18 0.00    M    M  6.8 23 250   M    M   0        35 270
20 100  71  86   5   0  21    T    M    M  7.3 22 220   M    M   0        31 220
================================================================================
SM 1952 1303         0 334  0.02    M    150.8          M        5
================================================================================
AV 97.6 65.2                               7.5 FASTST   M    M   0    MAX(MPH)
                                 MISC ---->  # 35 310               # 46  290
================================================================================
NOTES:
# LAST OF SEVERAL OCCURRENCES

COLUMN 17 PEAK WIND IN M.P.H.

PRELIMINARY LOCAL CLIMATOLOGICAL DATA (WS FORM: F-6) , PAGE 2

                                          STATION:  CANYONLANDS AIRPORT UT
                                          MONTH:    JULY
                                          YEAR:     2019
                                          LATITUDE:   38 46 N
                                          LONGITUDE: 109 45 W

[TEMPERATURE DATA]      [PRECIPITATION DATA]       SYMBOLS USED IN COLUMN 16

AVERAGE MONTHLY: 81.4   TOTAL FOR MONTH:   0.02    1 = FOG OR MIST
DPTR FM NORMAL:   1.4   DPTR FM NORMAL:   -0.46    2 = FOG REDUCING VISIBILITY
HIGHEST:   103 ON 16    GRTST 24HR  0.01 ON 14-14      TO 1/4 MILE OR LESS
LOWEST:     56 ON  6                               3 = THUNDER
                        SNOW, ICE PELLETS, HAIL    4 = ICE PELLETS
                        TOTAL MONTH:    M          5 = HAIL
                        GRTST 24HR    M  ON   M    6 = FREEZING RAIN OR DRIZZLE
                        GRTST DEPTH:  M  ON   M    7 = DUSTSTORM OR SANDSTORM:
                                                       VSBY 1/2 MILE OR LESS
                                                   8 = SMOKE OR HAZE
[NO. OF DAYS WITH]      [WEATHER - DAYS WITH]      9 = BLOWING SNOW
                                                   X = TORNADO
MAX 32 OR BELOW:   0    0.01 INCH OR MORE:   2
MAX 90 OR ABOVE:  20    0.10 INCH OR MORE:   0
MIN 32 OR BELOW:   0    0.50 INCH OR MORE:   0
MIN  0 OR BELOW:   0    1.00 INCH OR MORE:   0

[HDD (BASE 65) ]
TOTAL THIS MO.     0    CLEAR  (SCALE 0-3)  20
DPTR FM NORMAL     0    PTCLDY (SCALE 4-7)   0
TOTAL FM JUL 1     0    CLOUDY (SCALE 8-10)  0
DPTR FM NORMAL     0

[CDD (BASE 65) ]
TOTAL THIS MO.   334
DPTR FM NORMAL    35    [PRESSURE DATA]
TOTAL FM JAN 1   570    HIGHEST SLP M ON M
DPTR FM NORMAL   -48    LOWEST  SLP 29.69 ON  3

[REMARKS]
