000
CXUS52 KTAE 260800
CF6DHN
PRELIMINARY LOCAL CLIMATOLOGICAL DATA (WS FORM: F-6)

                                          STATION:   DOTHAN
                                          MONTH:     MAY
                                          YEAR:      2018
                                          LATITUDE:   31 19 N
                                          LONGITUDE:  85 27 W

  TEMPERATURE IN F:       :PCPN:    SNOW:  WIND      :SUNSHINE: SKY     :PK WND
================================================================================
1   2   3   4   5  6A  6B    7    8   9   10  11  12  13   14  15   16   17  18
                                     12Z  AVG MX 2MIN
DY MAX MIN AVG DEP HDD CDD  WTR  SNW DPTH SPD SPD DIR MIN PSBL S-S WX    SPD DR
================================================================================

 1  85  58  72   2   0   7 0.00  0.0    0  5.7 13 140   M    M   2        16 190
 2  86  60  73   2   0   8 0.00  0.0    0  5.1 15 130   M    M   0 8      25 130
 3  85  60  73   2   0   8 0.00  0.0    0  5.5 13 120   M    M   0        17 130
 4  87  60  74   3   0   9 0.00  0.0    0  5.0 15 160   M    M   1 18     18 160
 5  88  64  76   4   0  11 0.00  0.0    0  4.4 13 230   M    M   1 1      17 220
 6  87  63  75   3   0  10 0.00  0.0    0 10.5 20 340   M    M   0        24 360
 7  89  60  75   3   0  10 0.00  0.0    0  7.9 18  30   M    M   0        24  30
 8  90  60  75   3   0  10 0.00  0.0    0  3.5  8 350   M    M   3         M  M
 9  91  63  77   4   0  12 0.00  0.0    0  5.9 14 180   M    M   3        20 200
10  92  65  79   6   0  14 0.00  0.0    0  6.9 16 290   M    M   0        20 290
11  93  66  80   7   0  15 0.00  0.0    0  5.8 13 340   M    M   0        16 310
12  96  67  82   9   0  17 0.00  0.0    0  4.6 13 340   M    M   1        16 360
13  96  69  83   9   0  18    T  0.0    0  5.5 25  60   M    M   1 38     33  70
14  90  71  81   7   0  16 0.00  0.0    0  4.4 17 120   M    M   0 18     23 120
15  83  69  76   2   0  11 0.01  0.0    0  6.4 18  50   M    M   7        25  50
16  85  68  77   3   0  12 0.44  0.0    0  4.6 21 320   M    M   6 13     24 320
17  86  66  76   1   0  11 0.34  0.0    0  4.4 26 290   M    M   6 1238   32 300
18  87  66  77   2   0  12 0.16  0.0    0  8.2 28 230   M    M   4 138    34 230
19  91  70  81   6   0  16 0.07  0.0    0  6.3 15 170   M    M   7 138    20 180
20  89  70  80   5   0  15 0.30  0.0    0  5.8 21  80   M    M   3 138    32 100
21  82  68  75  -1   0  10 3.12  0.0    0  8.5 21 150   M    M   9 138    24 150
22  86  69  78   2   0  13 1.46  0.0    0  7.5 30 220   M    M   5 13     36 230
23  85  72  79   3   0  14 2.01  0.0    0  5.9 21 230   M    M   5 138    26 240
24  89  68  79   3   0  14 0.83  0.0    0  3.2 21 310   M    M   4 13     25  80
25  89  71  80   4   0  15    T  0.0    0  3.8 14 240   M    M   6 123    17 240
================================================================================
SM 2207 1643         0 308  8.74     0.0 145.3          M       74
================================================================================
AV 88.3 65.7                               5.8 FASTST   M    M   3    MAX(MPH)
                                 MISC ---->  # 30 220               # 36  230
================================================================================
NOTES:
# LAST OF SEVERAL OCCURRENCES

COLUMN 17 PEAK WIND IN M.P.H.

PRELIMINARY LOCAL CLIMATOLOGICAL DATA (WS FORM: F-6) , PAGE 2

                                          STATION:  DOTHAN
                                          MONTH:    MAY
                                          YEAR:     2018
                                          LATITUDE:   31 19 N
                                          LONGITUDE:  85 27 W

[TEMPERATURE DATA]      [PRECIPITATION DATA]       SYMBOLS USED IN COLUMN 16

AVERAGE MONTHLY: 77.0   TOTAL FOR MONTH:   8.74    1 = FOG OR MIST
DPTR FM NORMAL:   3.4   DPTR FM NORMAL:    6.23    2 = FOG REDUCING VISIBILITY
HIGHEST:    96 ON 13,12 GRTST 24HR  3.12 ON 21-21      TO 1/4 MILE OR LESS
LOWEST:     58 ON  1                               3 = THUNDER
                        SNOW, ICE PELLETS, HAIL    4 = ICE PELLETS
                        TOTAL MONTH:   0.0 INCH    5 = HAIL
                        GRTST 24HR     0.0         6 = FREEZING RAIN OR DRIZZLE
                        GRTST DEPTH:   0           7 = DUSTSTORM OR SANDSTORM:
                                                       VSBY 1/2 MILE OR LESS
                                                   8 = SMOKE OR HAZE
[NO. OF DAYS WITH]      [WEATHER - DAYS WITH]      9 = BLOWING SNOW
                                                   X = TORNADO
MAX 32 OR BELOW:   0    0.01 INCH OR MORE:  10
MAX 90 OR ABOVE:   8    0.10 INCH OR MORE:   8
MIN 32 OR BELOW:   0    0.50 INCH OR MORE:   4
MIN  0 OR BELOW:   0    1.00 INCH OR MORE:   3

[HDD (BASE 65) ]
TOTAL THIS MO.     0    CLEAR  (SCALE 0-3)  14
DPTR FM NORMAL    -3    PTCLDY (SCALE 4-7)  10
TOTAL FM JUL 1  1561    CLOUDY (SCALE 8-10)  1
DPTR FM NORMAL  -282

[CDD (BASE 65) ]
TOTAL THIS MO.   308
DPTR FM NORMAL    89    [PRESSURE DATA]
TOTAL FM JAN 1   484    HIGHEST SLP M ON M
DPTR FM NORMAL   144    LOWEST  SLP 29.84 ON 17

[REMARKS]
