000
CXUS52 KTAE 220800
CF6DHN
PRELIMINARY LOCAL CLIMATOLOGICAL DATA (WS FORM: F-6)

                                          STATION:   DOTHAN
                                          MONTH:     FEBRUARY
                                          YEAR:      2019
                                          LATITUDE:   31 19 N
                                          LONGITUDE:  85 27 W

  TEMPERATURE IN F:       :PCPN:    SNOW:  WIND      :SUNSHINE: SKY     :PK WND
================================================================================
1   2   3   4   5  6A  6B    7    8   9   10  11  12  13   14  15   16   17  18
                                     12Z  AVG MX 2MIN
DY MAX MIN AVG DEP HDD CDD  WTR  SNW DPTH SPD SPD DIR MIN PSBL S-S WX    SPD DR
================================================================================

 1  56  39  48  -2  17   0 0.07  0.0    0  6.3 12  80   M    M   7 1      15  90
 2  61  51  56   6   9   0 0.20  0.0    0  7.0 13  70   M    M  10 18     16  50
 3  68  51  60   9   5   0    T  0.0    0  3.7 10  20   M    M   9 12     12  90
 4  67  49  58   7   7   0 0.00  0.0    0  3.1  9 150   M    M  10 12     12 140
 5  77  58  68  17   0   3 0.00  0.0    0  3.3 10 200   M    M   6        16 140
 6  77  58  68  17   0   3 0.00  0.0    0  5.7 13 200   M    M   6        16 200
 7  80  54  67  16   0   2 0.00  0.0    0  8.4 21 200   M    M   1 18     26 200
 8  67  46  57   5   8   0 0.00    M    0 11.8 21 340   M    M   7 1      24  10
 9  63  39  51  -1  14   0 0.00  0.0    0  9.8 17  60   M    M   3        23  40
10  63  51  57   5   8   0 0.01  0.0    0 10.3 15  90   M    M  10 1      19  80
11  72  50  61   9   4   0    T  0.0    0  7.3 14 160   M    M   8 18     16 150
12  81  53  67  15   0   2 0.63  0.0    0 12.6 38 300   M    M   9 18     44 280
13  62  41  52  -1  13   0 0.00  0.0    0  8.5 21 330   M    M   0        26 330
14  66  36  51  -2  14   0 0.00  0.0    0  5.6 14 170   M    M   0        17 210
15  70  50  60   7   5   0 0.00  0.0    0  9.7 18 200   M    M   6        24 190
16  77  62  70  17   0   5    T  0.0    0  8.3 15 230   M    M   7 1      19 260
17  81  59  70  16   0   5 0.26  0.0    0  8.6 17 200   M    M   9 12     22 190
18  70  55  63   9   2   0    T  0.0    0  9.5 20 350   M    M  10        25 300
19  64  53  59   5   6   0    T  0.0    0 13.0 24  90   M    M  10        30  80
20  73  50  62   8   3   0    T  0.0    0  9.3 20  90   M    M  10 18     28 100
21  82  68  75  21   0  10 0.01  0.0    0  8.4 16 210   M    M   7 128    20 200
================================================================================
SM 1477 1073       115  30  1.18     0.0 170.2          M      145
================================================================================
AV 70.3 51.1                               8.1 FASTST   M    M   7    MAX(MPH)
                                 MISC ---->  # 38 300               # 44  280
================================================================================
NOTES:
# LAST OF SEVERAL OCCURRENCES

COLUMN 17 PEAK WIND IN M.P.H.

PRELIMINARY LOCAL CLIMATOLOGICAL DATA (WS FORM: F-6) , PAGE 2

                                          STATION:  DOTHAN
                                          MONTH:    FEBRUARY
                                          YEAR:     2019
                                          LATITUDE:   31 19 N
                                          LONGITUDE:  85 27 W

[TEMPERATURE DATA]      [PRECIPITATION DATA]       SYMBOLS USED IN COLUMN 16

AVERAGE MONTHLY: 60.7   TOTAL FOR MONTH:   1.18    1 = FOG OR MIST
DPTR FM NORMAL:   8.5   DPTR FM NORMAL:   -2.45    2 = FOG REDUCING VISIBILITY
HIGHEST:    82 ON 21    GRTST 24HR  0.63 ON 12-12      TO 1/4 MILE OR LESS
LOWEST:     36 ON 14                               3 = THUNDER
                        SNOW, ICE PELLETS, HAIL    4 = ICE PELLETS
                        TOTAL MONTH:   0.0 INCH    5 = HAIL
                        GRTST 24HR     0.0         6 = FREEZING RAIN OR DRIZZLE
                        GRTST DEPTH:   0           7 = DUSTSTORM OR SANDSTORM:
                                                       VSBY 1/2 MILE OR LESS
                                                   8 = SMOKE OR HAZE
[NO. OF DAYS WITH]      [WEATHER - DAYS WITH]      9 = BLOWING SNOW
                                                   X = TORNADO
MAX 32 OR BELOW:   0    0.01 INCH OR MORE:   6
MAX 90 OR ABOVE:   0    0.10 INCH OR MORE:   3
MIN 32 OR BELOW:   0    0.50 INCH OR MORE:   1
MIN  0 OR BELOW:   0    1.00 INCH OR MORE:   0

[HDD (BASE 65) ]
TOTAL THIS MO.   115    CLEAR  (SCALE 0-3)   3
DPTR FM NORMAL  -157    PTCLDY (SCALE 4-7)   9
TOTAL FM JUL 1  1185    CLOUDY (SCALE 8-10)  9
DPTR FM NORMAL  -303

[CDD (BASE 65) ]
TOTAL THIS MO.    30
DPTR FM NORMAL    30    [PRESSURE DATA]
TOTAL FM JAN 1    46    HIGHEST SLP M ON M
DPTR FM NORMAL    42    LOWEST  SLP 29.76 ON 16

[REMARKS]
