000
CXHW50 PHFO 201250
CF6HNL
PRELIMINARY LOCAL CLIMATOLOGICAL DATA (WS FORM: F-6)

                                          STATION:   HONOLULU HI
                                          MONTH:     APRIL
                                          YEAR:      2019
                                          LATITUDE:   21 21 N
                                          LONGITUDE: 157 56 W

  TEMPERATURE IN F:       :PCPN:    SNOW:  WIND      :SUNSHINE: SKY     :PK WND
================================================================================
1   2   3   4   5  6A  6B    7    8   9   10  11  12  13   14  15   16   17  18
                                     12Z  AVG MX 2MIN
DY MAX MIN AVG DEP HDD CDD  WTR  SNW DPTH SPD SPD DIR MIN PSBL S-S WX    SPD DR
================================================================================

 1  83  64  74  -2   0   9 0.00  0.0    M  5.9 15 220   M    M   M        18 210
 2  86  67  77   1   0  12 0.00  0.0    M 10.5 23  40   M    M   M        29  50
 3  86  68  77   1   0  12 0.00  0.0    M  9.4 20  50   M    M   M        27  40
 4  85  70  78   2   0  13 0.00  0.0    M  8.9 21  70   M    M   M        25  60
 5  85  65  75  -1   0  10 0.00  0.0    M  7.7 16 230   M    M   M        19 240
 6  85  64  75  -1   0  10 0.00  0.0    M  8.2 20 260   M    M   M        24 220
 7  84  66  75  -1   0  10 0.00  0.0    M  5.3 15 130   M    M   M        18 150
 8  87  67  77   1   0  12 0.00  0.0    M  6.5 15 150   M    M   M        19 140
 9  88  71  80   4   0  15    T  0.0    M 12.6 24  70   M    M   M        31  50
10  86  76  81   5   0  16    T  0.0    M 15.9 28  70   M    M   M        36  60
11  86  73  80   4   0  15 0.01  0.0    M 15.3 29  60   M    M   M        37  60
12  86  73  80   4   0  15    T  0.0    M 15.9 26  60   M    M   M        35  50
13  84  67  76   0   0  11 0.08  0.0    M 16.9 31  70   M    M   M 18     39  70
14  85  74  80   4   0  15 0.00  0.0    M 16.0 30  70   M    M   M        36  70
15  85  72  79   3   0  14 0.00  0.0    M 13.4 26  40   M    M   M        32  30
16  85  66  76   0   0  11 0.00  0.0    M 10.4 20 140   M    M   M        33 110
17  81  66  74  -2   0   9 0.03  0.0    M  9.5 22  70   M    M   M 1      27  80
18  83  67  75  -1   0  10    T  0.0    M 10.6 20  80   M    M   M        25  60
19  87  73  80   4   0  15 0.00  0.0    M 14.7 22  70   M    M   M        31  70
================================================================================
SM 1617 1309         0 234  0.12     0.0 213.6          M        M
================================================================================
AV 85.1 68.9                              11.2 FASTST   M    M   0    MAX(MPH)
                                 MISC ---->  # 31  70               # 39   70
================================================================================
NOTES:
# LAST OF SEVERAL OCCURRENCES

COLUMN 17 PEAK WIND IN M.P.H.

PRELIMINARY LOCAL CLIMATOLOGICAL DATA (WS FORM: F-6) , PAGE 2

                                          STATION:  HONOLULU HI
                                          MONTH:    APRIL
                                          YEAR:     2019
                                          LATITUDE:   21 21 N
                                          LONGITUDE: 157 56 W

[TEMPERATURE DATA]      [PRECIPITATION DATA]       SYMBOLS USED IN COLUMN 16

AVERAGE MONTHLY: 77.0   TOTAL FOR MONTH:   0.12    1 = FOG OR MIST
DPTR FM NORMAL:   1.0   DPTR FM NORMAL:   -0.35    2 = FOG REDUCING VISIBILITY
HIGHEST:    88 ON  9    GRTST 24HR  0.08 ON 13-13      TO 1/4 MILE OR LESS
LOWEST:     64 ON  6, 1                            3 = THUNDER
                        SNOW, ICE PELLETS, HAIL    4 = ICE PELLETS
                        TOTAL MONTH:   0.0 INCH    5 = HAIL
                        GRTST 24HR     0.0         6 = FREEZING RAIN OR DRIZZLE
                        GRTST DEPTH:  M  ON   M    7 = DUSTSTORM OR SANDSTORM:
                                                       VSBY 1/2 MILE OR LESS
                                                   8 = SMOKE OR HAZE
[NO. OF DAYS WITH]      [WEATHER - DAYS WITH]      9 = BLOWING SNOW
                                                   X = TORNADO
MAX 32 OR BELOW:   0    0.01 INCH OR MORE:   3
MAX 90 OR ABOVE:   0    0.10 INCH OR MORE:   0
MIN 32 OR BELOW:   0    0.50 INCH OR MORE:   0
MIN  0 OR BELOW:   0    1.00 INCH OR MORE:   0

[HDD (BASE 65) ]
TOTAL THIS MO.     0    CLEAR  (SCALE 0-3)   0
DPTR FM NORMAL     0    PTCLDY (SCALE 4-7)   0
TOTAL FM JUL 1     0    CLOUDY (SCALE 8-10)  0
DPTR FM NORMAL     0

[CDD (BASE 65) ]
TOTAL THIS MO.   234
DPTR FM NORMAL    25    [PRESSURE DATA]
TOTAL FM JAN 1  1068    HIGHEST SLP M ON M
DPTR FM NORMAL    84    LOWEST  SLP 29.98 ON  1

[REMARKS]
