408
CXHW50 PHFO 181250
CF6HNL
PRELIMINARY LOCAL CLIMATOLOGICAL DATA (WS FORM: F-6)

                                          STATION:   HONOLULU HI
                                          MONTH:     AUGUST
                                          YEAR:      2019
                                          LATITUDE:   21 21 N
                                          LONGITUDE: 157 56 W

  TEMPERATURE IN F:       :PCPN:    SNOW:  WIND      :SUNSHINE: SKY     :PK WND
================================================================================
1   2   3   4   5  6A  6B    7    8   9   10  11  12  13   14  15   16   17  18
                                     12Z  AVG MX 2MIN
DY MAX MIN AVG DEP HDD CDD  WTR  SNW DPTH SPD SPD DIR MIN PSBL S-S WX    SPD DR
================================================================================

 1  91  80  86   4   0  21 0.00  0.0    M 14.6 25  60   M    M   M        37  50
 2  93  81  87   5   0  22    T  0.0    M 16.1 29  70   M    M   M        36  80
 3  92  81  87   5   0  22 0.00  0.0    M 11.5 21  70   M    M   M        26  40
 4  90  80  85   3   0  20 0.00  0.0    M  8.9 16 150   M    M   M        22 150
 5  91  78  85   3   0  20 0.14  0.0    M  8.3 20  70   M    M   M        28  10
 6  87  76  82   0   0  17    T  0.0    M  6.8 16 140   M    M   M        19 130
 7  85  75  80  -2   0  15 0.01  0.0    M  5.7 13 230   M    M   M        17 210
 8  85  70  78  -4   0  13 0.00  0.0    M  7.0 15  50   M    M   M        19 230
 9  86  74  80  -2   0  15 0.00  0.0    M  7.3 15  70   M    M   M        18  70
10  90  76  83   1   0  18 0.00  0.0    M  7.3 14 150   M    M   M        19 150
11  94  77  86   4   0  21 0.00  0.0    M  7.5 21 140   M    M   M        25 130
12  91  79  85   3   0  20 0.00  0.0    M 10.4 18 100   M    M   M        25 110
13  91  76  84   2   0  19 0.00  0.0    M  8.1 21  80   M    M   M        27  80
14  93  76  85   3   0  20 0.00  0.0    M  8.8 20  80   M    M   M        25  80
15  92  77  85   3   0  20 0.00  0.0    M 12.3 24  80   M    M   M        33  70
16  92  79  86   4   0  21    T  0.0    M 12.7 22  50   M    M   M        30  70
17  92  77  85   3   0  20 0.01  0.0    M 12.3 21  70   M    M   M        33  70
================================================================================
SM 1535 1312         0 324  0.16     0.0 165.6          M        M
================================================================================
AV 90.3 77.2                               9.7 FASTST   M    M   0    MAX(MPH)
                                 MISC ---->  # 29  70               # 37   50
================================================================================
NOTES:
# LAST OF SEVERAL OCCURRENCES

COLUMN 17 PEAK WIND IN M.P.H.

PRELIMINARY LOCAL CLIMATOLOGICAL DATA (WS FORM: F-6) , PAGE 2

                                          STATION:  HONOLULU HI
                                          MONTH:    AUGUST
                                          YEAR:     2019
                                          LATITUDE:   21 21 N
                                          LONGITUDE: 157 56 W

[TEMPERATURE DATA]      [PRECIPITATION DATA]       SYMBOLS USED IN COLUMN 16

AVERAGE MONTHLY: 83.7   TOTAL FOR MONTH:   0.16    1 = FOG OR MIST
DPTR FM NORMAL:   1.7   DPTR FM NORMAL:   -0.15    2 = FOG REDUCING VISIBILITY
HIGHEST:    94 ON 11    GRTST 24HR  0.14 ON  5- 5      TO 1/4 MILE OR LESS
LOWEST:     70 ON  8                               3 = THUNDER
                        SNOW, ICE PELLETS, HAIL    4 = ICE PELLETS
                        TOTAL MONTH:   0.0 INCH    5 = HAIL
                        GRTST 24HR     0.0         6 = FREEZING RAIN OR DRIZZLE
                        GRTST DEPTH:  M  ON   M    7 = DUSTSTORM OR SANDSTORM:
                                                       VSBY 1/2 MILE OR LESS
                                                   8 = SMOKE OR HAZE
[NO. OF DAYS WITH]      [WEATHER - DAYS WITH]      9 = BLOWING SNOW
                                                   X = TORNADO
MAX 32 OR BELOW:   0    0.01 INCH OR MORE:   3
MAX 90 OR ABOVE:  13    0.10 INCH OR MORE:   1
MIN 32 OR BELOW:   0    0.50 INCH OR MORE:   0
MIN  0 OR BELOW:   0    1.00 INCH OR MORE:   0

[HDD (BASE 65) ]
TOTAL THIS MO.     0    CLEAR  (SCALE 0-3)   0
DPTR FM NORMAL     0    PTCLDY (SCALE 4-7)   0
TOTAL FM JUL 1     0    CLOUDY (SCALE 8-10)  0
DPTR FM NORMAL     0

[CDD (BASE 65) ]
TOTAL THIS MO.   324
DPTR FM NORMAL    35    [PRESSURE DATA]
TOTAL FM JAN 1  3104    HIGHEST SLP M ON M
DPTR FM NORMAL   355    LOWEST  SLP 29.92 ON M

[REMARKS]
