000
CXUS55 KABQ 221000
CF6LVS
PRELIMINARY LOCAL CLIMATOLOGICAL DATA (WS FORM: F-6)

                                          STATION:   LAS VEGAS NM
                                          MONTH:     MARCH
                                          YEAR:      2019
                                          LATITUDE:   35 39 N
                                          LONGITUDE: 105  8 W

  TEMPERATURE IN F:       :PCPN:    SNOW:  WIND      :SUNSHINE: SKY     :PK WND
================================================================================
1   2   3   4   5  6A  6B    7    8   9   10  11  12  13   14  15   16   17  18
                                     12Z  AVG MX 2MIN
DY MAX MIN AVG DEP HDD CDD  WTR  SNW DPTH SPD SPD DIR MIN PSBL S-S WX    SPD DR
================================================================================

 1  62  31  47  10  18   0 0.00    M    M 16.0 36 290   M    M   0        47 290
 2  62  24  43   6  22   0    T    M    M 18.7 38 250   M    M   2        46 240
 3  39  11  25 -12  40   0 0.01    M    M 13.2 32 260   M    M   8 12     43 250
 4  18   9  14 -24  51   0    T    M    M  8.8 23 200   M    M  10 12     26 200
 5  38   9  24 -14  41   0 0.02    M    M  9.4 23 180   M    M   9 12     28 190
 6  65  19  42   4  23   0 0.00    M    M 23.4 43 250   M    M   0 1      55 250
 7  63  42  53  15  12   0    T    M    M 27.3 43 260   M    M   1        55 240
 8  59  31  45   7  20   0    T    M    M 22.7 49 240   M    M   1 1      58 230
 9  60  26  43   4  22   0    T    M    M 14.3 36 280   M    M   1 1      47 280
10  49  19  34  -5  31   0 0.00    M    M 10.0 26 190   M    M   1        33 180
11  50  25  38  -1  27   0 0.18    M    M 11.3 21 190   M    M   5 12     26 210
12  55  34  45   6  20   0 0.29    M    M 15.7 28 180   M    M   8 12     35 170
13  44  27  36  -3  29   0    T    M    M 14.2 49 270   M    M   9 1      67 270
14  35  24  30 -10  35   0    T    M    M 10.0 17 180   M    M  10 1      21 140
15  44  18  31  -9  34   0    T    M    M 13.0 21 160   M    M   3        25 180
16  48  19  34  -6  31   0 0.00    M    M  8.5 14 190   M    M   0        17 220
17  55  20  38  -2  27   0 0.00    M    M  6.5 15 180   M    M   1        20 160
18  54  22  38  -2  27   0 0.00    M    M 11.2 22 200   M    M   0        30 170
19  58  27  43   2  22   0 0.08    M    M 10.7 29 330   M    M   5 13     37 320
20  52  29  41   0  24   0    T    M    M  6.3 14 150   M    M   3 1      18 150
21  40  26  33  -8  32   0 0.38    M    M  5.9 24 210   M    M   6 1      31 210
================================================================================
SM 1050  492       588   0  0.96    M    277.1          M       83
================================================================================
AV 50.0 23.4                              13.2 FASTST   M    M   4    MAX(MPH)
                                 MISC ---->  # 49 270               # 67  270
================================================================================
NOTES:
# LAST OF SEVERAL OCCURRENCES

COLUMN 17 PEAK WIND IN M.P.H.

PRELIMINARY LOCAL CLIMATOLOGICAL DATA (WS FORM: F-6) , PAGE 2

                                          STATION:  LAS VEGAS NM
                                          MONTH:    MARCH
                                          YEAR:     2019
                                          LATITUDE:   35 39 N
                                          LONGITUDE: 105  8 W

[TEMPERATURE DATA]      [PRECIPITATION DATA]       SYMBOLS USED IN COLUMN 16

AVERAGE MONTHLY: 36.7   TOTAL FOR MONTH:   0.96    1 = FOG OR MIST
DPTR FM NORMAL:  -2.3   DPTR FM NORMAL:    0.38    2 = FOG REDUCING VISIBILITY
HIGHEST:    65 ON  6    GRTST 24HR  0.38 ON 21-21      TO 1/4 MILE OR LESS
LOWEST:      9 ON  4, 5                            3 = THUNDER
                        SNOW, ICE PELLETS, HAIL    4 = ICE PELLETS
                        TOTAL MONTH:    M          5 = HAIL
                        GRTST 24HR    M  ON   M    6 = FREEZING RAIN OR DRIZZLE
                        GRTST DEPTH:  M  ON   M    7 = DUSTSTORM OR SANDSTORM:
                                                       VSBY 1/2 MILE OR LESS
                                                   8 = SMOKE OR HAZE
[NO. OF DAYS WITH]      [WEATHER - DAYS WITH]      9 = BLOWING SNOW
                                                   X = TORNADO
MAX 32 OR BELOW:   1    0.01 INCH OR MORE:   6
MAX 90 OR ABOVE:   0    0.10 INCH OR MORE:   3
MIN 32 OR BELOW:  19    0.50 INCH OR MORE:   0
MIN  0 OR BELOW:   0    1.00 INCH OR MORE:   0

[HDD (BASE 65) ]
TOTAL THIS MO.   588    CLEAR  (SCALE 0-3)  12
DPTR FM NORMAL    42    PTCLDY (SCALE 4-7)   4
TOTAL FM JUL 1  2809    CLOUDY (SCALE 8-10)  5
DPTR FM NORMAL -2041

[CDD (BASE 65) ]
TOTAL THIS MO.     0
DPTR FM NORMAL     0    [PRESSURE DATA]
TOTAL FM JAN 1     0    HIGHEST SLP M ON M
DPTR FM NORMAL     0    LOWEST  SLP 29.36 ON 13

[REMARKS]
