000
CXUS55 KABQ 181000
CF6LVS
PRELIMINARY LOCAL CLIMATOLOGICAL DATA (WS FORM: F-6)

                                          STATION:   LAS VEGAS NM
                                          MONTH:     AUGUST
                                          YEAR:      2019
                                          LATITUDE:   35 39 N
                                          LONGITUDE: 105  8 W

  TEMPERATURE IN F:       :PCPN:    SNOW:  WIND      :SUNSHINE: SKY     :PK WND
================================================================================
1   2   3   4   5  6A  6B    7    8   9   10  11  12  13   14  15   16   17  18
                                     12Z  AVG MX 2MIN
DY MAX MIN AVG DEP HDD CDD  WTR  SNW DPTH SPD SPD DIR MIN PSBL S-S WX    SPD DR
================================================================================

 1  88  55  72   5   0   7    T    M    M  9.6 30 150   M    M   2 3      36 150
 2  84  59  72   5   0   7 0.10    M    M  6.8 25 160   M    M   5 3      35 160
 3  82  56  69   2   0   4 0.61    M    M  8.4 36  80   M    M   6 13     46  80
 4  81  57  69   2   0   4 0.00    M    M  8.7 20 320   M    M   3        23 330
 5  84  55  70   3   0   5    T    M    M  4.8 14  20   M    M   3        18  20
 6  83  58  71   4   0   6 0.01    M    M  7.8 23 260   M    M   2 3      28 260
 7  89  57  73   6   0   8 0.00    M    M  9.1 24 230   M    M   1        29 240
 8  87  57  72   5   0   7 0.21    M    M  7.8 26 130   M    M   2 3      34 120
 9  85  60  73   6   0   8 0.29    M    M  8.6 31 160   M    M   4 3      41 170
10  84  58  71   4   0   6    T    M    M  8.2 22 190   M    M   1        27 190
11  86  55  71   4   0   6 0.02    M    M 10.5 29 160   M    M   1 3      39 210
12  88  55  72   5   0   7 0.15    M    M  8.9 22  20   M    M   3 3      29  50
13  86  51  69   2   0   4 0.02    M    M  8.0 26 160   M    M   0 8      33 170
14  77  53  65  -2   0   0    T    M    M 11.5 21 130   M    M   3 13     34 170
15  88  47  68   2   0   3 0.00    M    M  8.7 21 190   M    M   0 3      27 200
16  89  56  73   7   0   8    T    M    M  7.3 30 270   M    M   0 3      42 300
17  90  52  71   5   0   6 0.00    M    M  9.6 28 230   M    M   0        37 240
================================================================================
SM 1451  941         0  96  1.41    M    144.3          M       36
================================================================================
AV 85.4 55.4                               8.5 FASTST   M    M   2    MAX(MPH)
                                 MISC ---->  # 36  80               # 46   80
================================================================================
NOTES:
# LAST OF SEVERAL OCCURRENCES

COLUMN 17 PEAK WIND IN M.P.H.

PRELIMINARY LOCAL CLIMATOLOGICAL DATA (WS FORM: F-6) , PAGE 2

                                          STATION:  LAS VEGAS NM
                                          MONTH:    AUGUST
                                          YEAR:     2019
                                          LATITUDE:   35 39 N
                                          LONGITUDE: 105  8 W

[TEMPERATURE DATA]      [PRECIPITATION DATA]       SYMBOLS USED IN COLUMN 16

AVERAGE MONTHLY: 70.4   TOTAL FOR MONTH:   1.41    1 = FOG OR MIST
DPTR FM NORMAL:   3.7   DPTR FM NORMAL:   -0.84    2 = FOG REDUCING VISIBILITY
HIGHEST:    90 ON 17    GRTST 24HR  0.61 ON  3- 3      TO 1/4 MILE OR LESS
LOWEST:     47 ON 15                               3 = THUNDER
                        SNOW, ICE PELLETS, HAIL    4 = ICE PELLETS
                        TOTAL MONTH:    M          5 = HAIL
                        GRTST 24HR    M  ON   M    6 = FREEZING RAIN OR DRIZZLE
                        GRTST DEPTH:  M  ON   M    7 = DUSTSTORM OR SANDSTORM:
                                                       VSBY 1/2 MILE OR LESS
                                                   8 = SMOKE OR HAZE
[NO. OF DAYS WITH]      [WEATHER - DAYS WITH]      9 = BLOWING SNOW
                                                   X = TORNADO
MAX 32 OR BELOW:   0    0.01 INCH OR MORE:   8
MAX 90 OR ABOVE:   1    0.10 INCH OR MORE:   5
MIN 32 OR BELOW:   0    0.50 INCH OR MORE:   1
MIN  0 OR BELOW:   0    1.00 INCH OR MORE:   0

[HDD (BASE 65) ]
TOTAL THIS MO.     0    CLEAR  (SCALE 0-3)  13
DPTR FM NORMAL   -17    PTCLDY (SCALE 4-7)   4
TOTAL FM JUL 1     3    CLOUDY (SCALE 8-10)  0
DPTR FM NORMAL   -31

[CDD (BASE 65) ]
TOTAL THIS MO.    96
DPTR FM NORMAL    57    [PRESSURE DATA]
TOTAL FM JAN 1   286    HIGHEST SLP M ON M
DPTR FM NORMAL    98    LOWEST  SLP 29.68 ON 17

[REMARKS]
