000
CXUS53 KLSX 211500
CF6UIN
PRELIMINARY LOCAL CLIMATOLOGICAL DATA (WS FORM: F-6)

                                          STATION:   QUINCY IL
                                          MONTH:     FEBRUARY
                                          YEAR:      2020
                                          LATITUDE:   39 57 N
                                          LONGITUDE:  91 12 W

  TEMPERATURE IN F:       :PCPN:    SNOW:  WIND      :SUNSHINE: SKY     :PK WND
================================================================================
1   2   3   4   5  6A  6B    7    8   9   10  11  12  13   14  15   16   17  18
                                     12Z  AVG MX 2MIN
DY MAX MIN AVG DEP HDD CDD  WTR  SNW DPTH SPD SPD DIR MIN PSBL S-S WX    SPD DR
================================================================================

 1  40  34  37  10  28   0 0.00  0.0    0 10.1 18 210   M    M   8 18     25 200
 2  58  36  47  19  18   0 0.00  0.0    0  8.4 16 240   M    M   0        24 230
 3  63  34  49  21  16   0 0.00  0.0    0  8.3 17 360   M    M   0 1      22 360
 4  36  30  33   5  32   0    T    M    M 16.3 25  20   M    M   9 1      33  30
 5  30  25  28   0  37   0 0.05    M    M 14.3 21  20   M    M  10 128    27  20
 6  30  19  25  -3  40   0 0.01    M    M  7.9 16  10   M    M   8 18     21  10
 7  31  14  23  -6  42   0    T    M    M  7.7 15 280   M    M   6 168    20 290
 8  32  22  27  -2  38   0 0.00  0.0    0  9.2 15 300   M    M   6 18     19 300
 9  39  27  33   4  32   0 0.11    M    M 11.8 21 160   M    M  10 12     30 160
10  35  26  31   2  34   0 0.00  0.0    0  6.8 18 320   M    M   7 18     22 320
11  40  28  34   4  31   0 0.00  0.0    0  7.0 17 300   M    M   3 1      24 300
12  35  28  32   2  33   0 0.35    M    M  6.6 13 180   M    M   6 12     21 180
13  32  -2  15 -15  50   0    T    M    M 14.7 26 300   M    M   5 189    34 320
14  21  -9   6 -24  59   0 0.00  0.0    0  7.3 17 160   M    M   0 8      25 160
15  37  21  29  -2  36   0 0.00  0.0    0 10.0 20 180   M    M   6        29 200
16  42  18  30  -1  35   0 0.00  0.0    0  5.6 12 120   M    M   3 12     15 120
17  43  34  39   8  26   0 0.05    M    M  8.4 21 300   M    M   9 12     27 290
18  39  26  33   1  32   0 0.00  0.0    0 13.1 29 310   M    M   4 1      37 310
19  35  21  28  -4  37   0 0.00  0.0    0 10.6 18  10   M    M   1 18     23  20
20  27  15  21 -11  44   0 0.00  0.0    0 10.8 20  10   M    M   3        23  20
================================================================================
SM  745  447       700   0  0.57  0.0    194.9          M      104
================================================================================
AV 37.3 22.4                               9.7 FASTST   M    M   5    MAX(MPH)
                                 MISC ---->    29 310                 37 310
================================================================================
NOTES:
# LAST OF SEVERAL OCCURRENCES

COLUMN 17 PEAK WIND IN M.P.H.

PRELIMINARY LOCAL CLIMATOLOGICAL DATA (WS FORM: F-6) , PAGE 2

                                          STATION:   QUINCY IL
                                          MONTH:     FEBRUARY
                                          YEAR:      2020
                                          LATITUDE:   39 57 N
                                          LONGITUDE:  91 12 W

[TEMPERATURE DATA]      [PRECIPITATION DATA]       SYMBOLS USED IN COLUMN 16

AVERAGE MONTHLY: 29.8   TOTAL FOR MONTH:   0.57    1 = FOG OR MIST
DPTR FM NORMAL:   0.2   DPTR FM NORMAL:   -0.69    2 = FOG REDUCING VISIBILITY
HIGHEST:    63 ON  3    GRTST 24HR  0.35 ON 12-12      TO 1/4 MILE OR LESS
LOWEST:     -9 ON 14                               3 = THUNDER
                        SNOW, ICE PELLETS, HAIL    4 = ICE PELLETS
                        TOTAL MONTH:   0.0 INCH    5 = HAIL
                        GRTST 24HR  0.0            6 = FREEZING RAIN OR DRIZZLE
                        GRTST DEPTH:  0            7 = DUSTSTORM OR SANDSTORM:
                                                       VSBY 1/2 MILE OR LESS
                                                   8 = SMOKE OR HAZE
[NO. OF DAYS WITH]      [WEATHER - DAYS WITH]      9 = BLOWING SNOW
                                                   X = TORNADO
MAX 32 OR BELOW:   7    0.01 INCH OR MORE:   5
MAX 90 OR ABOVE:   0    0.10 INCH OR MORE:   2
MIN 32 OR BELOW:  16    0.50 INCH OR MORE:   0
MIN  0 OR BELOW:   2    1.00 INCH OR MORE:   0

[HDD (BASE 65) ]
TOTAL THIS MO.   700    CLEAR  (SCALE 0-3)   6
DPTR FM NORMAL    -8    PTCLDY (SCALE 4-7)  10
TOTAL FM JUL 1  3880    CLOUDY (SCALE 8-10)  4
DPTR FM NORMAL  -214

[CDD (BASE 65) ]
TOTAL THIS MO.     0
DPTR FM NORMAL     0    [PRESSURE DATA]
TOTAL FM JAN 1     0    HIGHEST SLP M ON M
DPTR FM NORMAL     0    LOWEST  SLP 29.54 ON  3

[REMARKS]
