000
CXUS54 KMAF 011210
CF6GNC
PRELIMINARY LOCAL CLIMATOLOGICAL DATA (WS FORM: F-6)
STATION: GAINES COUNTY AIRPORT
MONTH: JANUARY
YEAR: 2021
LATITUDE: 32 40 N
LONGITUDE: 102 39 W
TEMPERATURE IN F: :PCPN: SNOW: WIND :SUNSHINE: SKY :PK WND
================================================================================
1 2 3 4 5 6A 6B 7 8 9 10 11 12 13 14 15 16 17 18
12Z AVG MX 2MIN
DY MAX MIN AVG DEP HDD CDD WTR SNW DPTH SPD SPD DIR MIN PSBL S-S WX SPD DR
================================================================================
1 49 22 36 M 29 0 M M M 6.2 14 10 M M 0 21 360
2 60 20 40 M 25 0 M M M 10.7 21 260 M M 0 28 240
3 66 32 49 M 16 0 M M M 12.8 21 310 M M 0 29 290
4 63 36 50 M 15 0 M M M 10.9 20 20 M M 1 26 20
5 65 27 46 M 19 0 M M M 6.9 16 210 M M 0 21 210
6 55 29 42 M 23 0 M M M 14.5 25 350 M M 1 36 360
7 58 22 40 M 25 0 M M M 5.1 8 140 M M 0 M M
8 37 24 31 M 34 0 M M M 5.9 13 90 M M 7 1 16 50
9 33 28 31 M 34 0 0.02 M M 6.5 14 70 M M 10 12 17 70
10 32 23 28 M 37 0 0.19 M M 8.9 16 70 M M 8 1 22 70
11 33 17 25 M 40 0 M M M 3.9 8 270 M M 5 1 M M
12 42 16 29 M 36 0 M M M 7.4 10 260 M M 0 1 M M
13 58 24 41 M 24 0 M M M 11.3 16 240 M M 0 21 260
14 50 31 41 M 24 0 M M M 12.1 24 20 M M 0 38 20
15 48 23 36 M 29 0 M M M 4.8 8 20 M M 0 M M
16 60 25 43 M 22 0 M M M 7.7 12 30 M M 0 16 170
17 55 26 41 M 24 0 M M M 5.4 12 300 M M 0 M M
18 66 29 48 M 17 0 M M M 11.3 20 30 M M 0 28 30
19 45 37 41 M 24 0 M M M 12.4 21 60 M M 7 26 60
20 50 35 43 M 22 0 0.01 M M 5.7 13 250 M M 5 16 250
21 67 43 55 M 10 0 M M M 8.7 13 240 M M 0 16 230
22 56 37 47 M 18 0 M M M 8.0 15 270 M M 1 1 20 120
23 67 39 53 M 12 0 M M M 8.9 18 240 M M 6 12 23 240
24 69 47 58 M 7 0 0.43 M M 7.2 18 130 M M 8 12 22 130
25 55 34 45 M 20 0 M M M 16.1 29 260 M M 0 37 260
26 37 28 33 M 32 0 M M M 4.6 16 90 M M 0 M M
27 M M M M M M M M M M M M M M M M M
28 55 28 42 M 23 0 M M M 8.1 14 160 M M 0 17 160
29 65 32 49 M 16 0 M M M 3.8 10 160 M M 2 8 17 0
30 64 43 54 M 11 0 M M M 15.8 31 290 M M 1 8 41 290
31 59 37 48 M 17 0 M M M 9.8 17 30 M M 0 23 20
================================================================================
SM 1619 894 685 0 0.65 M 261.5 M 62
================================================================================
AV 54.0 29.8 8.7 FASTST M M 2 MAX(MPH)
MISC ----> 31 290 41 290
================================================================================
NOTES:
# LAST OF SEVERAL OCCURRENCES
COLUMN 17 PEAK WIND IN M.P.H.
PRELIMINARY LOCAL CLIMATOLOGICAL DATA (WS FORM: F-6) , PAGE 2
STATION: GAINES COUNTY AIRPORT
MONTH: JANUARY
YEAR: 2021
LATITUDE: 32 40 N
LONGITUDE: 102 39 W
[TEMPERATURE DATA] [PRECIPITATION DATA] SYMBOLS USED IN COLUMN 16
AVERAGE MONTHLY: 41.9 TOTAL FOR MONTH: 0.65 1 = FOG OR MIST
DPTR FM NORMAL: 0.0 DPTR FM NORMAL: M 2 = FOG REDUCING VISIBILITY
HIGHEST: 69 ON 24 GRTST 24HR 0.43 ON 24-24 TO 1/4 MILE OR LESS
LOWEST: 16 ON 12 3 = THUNDER
SNOW, ICE PELLETS, HAIL 4 = ICE PELLETS
TOTAL MONTH: M 5 = HAIL
GRTST 24HR M ON M 6 = FREEZING RAIN OR DRIZZLE
GRTST DEPTH: M ON M 7 = DUSTSTORM OR SANDSTORM:
VSBY 1/2 MILE OR LESS
8 = SMOKE OR HAZE
[NO. OF DAYS WITH] [WEATHER - DAYS WITH] 9 = BLOWING SNOW
X = TORNADO
MAX 32 OR BELOW: 1 0.01 INCH OR MORE: 4
MAX 90 OR ABOVE: 0 0.10 INCH OR MORE: 2
MIN 32 OR BELOW: 20 0.50 INCH OR MORE: 0
MIN 0 OR BELOW: 0 1.00 INCH OR MORE: 0
[HDD (BASE 65) ]
TOTAL THIS MO. 685 CLEAR (SCALE 0-3) 22
DPTR FM NORMAL M PTCLDY (SCALE 4-7) 6
TOTAL FM JUL 1 1840 CLOUDY (SCALE 8-10) 3
DPTR FM NORMAL M
[CDD (BASE 65) ]
TOTAL THIS MO. 0
DPTR FM NORMAL M [PRESSURE DATA]
TOTAL FM JAN 1 0 HIGHEST SLP M ON M
DPTR FM NORMAL M LOWEST SLP M ON M
[REMARKS]
#FINAL-01-21#