000
CXUS56 KBOI 011002
CF6ONO
PRELIMINARY LOCAL CLIMATOLOGICAL DATA (WS FORM: F-6)
STATION: ONTARIO OR
MONTH: FEBRUARY
YEAR: 2021
LATITUDE: 44 1 N
LONGITUDE: 117 1 W
TEMPERATURE IN F: :PCPN: SNOW: WIND :SUNSHINE: SKY :PK WND
================================================================================
1 2 3 4 5 6A 6B 7 8 9 10 11 12 13 14 15 16 17 18
12Z AVG MX 2MIN
DY MAX MIN AVG DEP HDD CDD WTR SNW DPTH SPD SPD DIR MIN PSBL S-S WX SPD DR
================================================================================
1 57 38 48 18 17 0 0.00 M M 9.5 23 160 M M 6 32 170
2 61 42 52 22 13 0 0.02 M M 8.5 23 300 M M 9 33 290
3 45 28 37 7 28 0 T M M 4.2 13 190 M M 6 15 190
4 47 28 38 8 27 0 0.00 M M 3.1 12 270 M M 4 16 270
5 56 33 45 15 20 0 0.00 M M 7.1 24 340 M M 7 33 330
6 56 30 43 12 22 0 0.00 M M 9.5 22 310 M M 2 30 300
7 52 25 39 8 26 0 0.00 M M 7.4 20 310 M M 0 28 310
8 47 25 36 5 29 0 0.00 M M 4.6 14 300 M M 1 8 19 310
9 48 24 36 5 29 0 0.00 M M 3.9 9 340 M M 0 13 30
10 47 17 32 0 33 0 0.00 M M 3.0 8 260 M M 0 10 40
11 37 28 33 1 32 0 0.08 M M 4.0 9 10 M M 8 18 13 20
12 33 28 31 -1 34 0 0.07 M M 7.0 18 320 M M 10 18 22 320
13 36 15 26 -6 39 0 0.38 M M 3.2 14 280 M M 8 128 19 280
14 31 10 21 -12 44 0 0.09 M M 1.3 7 10 M M 9 128 9 360
15 37 28 33 0 32 0 0.28 M M 3.5 12 350 M M 9 128 15 340
16 45 24 35 1 30 0 T M M 4.0 17 310 M M 8 128 24 300
17 42 23 33 -1 32 0 0.00 M M 6.7 15 300 M M 2 18 300
18 33 16 25 -9 40 0 0.24 M M 4.0 9 30 M M 3 1 13 30
19 38 27 33 -2 32 0 0.18 M M 5.9 14 260 M M 10 18 19 280
20 44 23 34 -1 31 0 T M M 4.6 15 10 M M 4 128 22 360
21 40 25 33 -2 32 0 T M M 3.3 13 240 M M 8 15 240
22 45 24 35 -1 30 0 0.00 M M 3.2 10 360 M M 6 18 14 360
23 46 30 38 2 27 0 0.00 M M 5.9 28 320 M M 3 37 320
24 43 28 36 0 29 0 0.00 M M 10.9 26 330 M M 4 32 330
25 43 21 32 -5 33 0 T M M 4.9 15 10 M M 4 19 20
26 45 27 36 -1 29 0 0.01 M M 11.6 43 300 M M 3 8 54 300
27 45 30 38 0 27 0 0.00 M M 9.6 26 330 M M 5 33 320
28 43 23 33 -5 32 0 0.00 M M 4.2 10 10 M M 2 15 10
================================================================================
SM 1242 720 829 0 1.35 M 158.6 M 141
================================================================================
AV 44.4 25.7 5.7 FASTST M M 5 MAX(MPH)
MISC ----> 43 300 54 300
================================================================================
NOTES:
# LAST OF SEVERAL OCCURRENCES
COLUMN 17 PEAK WIND IN M.P.H.
PRELIMINARY LOCAL CLIMATOLOGICAL DATA (WS FORM: F-6) , PAGE 2
STATION: ONTARIO OR
MONTH: FEBRUARY
YEAR: 2021
LATITUDE: 44 1 N
LONGITUDE: 117 1 W
[TEMPERATURE DATA] [PRECIPITATION DATA] SYMBOLS USED IN COLUMN 16
AVERAGE MONTHLY: 35.0 TOTAL FOR MONTH: 1.35 1 = FOG OR MIST
DPTR FM NORMAL: 1.7 DPTR FM NORMAL: 0.55 2 = FOG REDUCING VISIBILITY
HIGHEST: 61 ON 2 GRTST 24HR 0.40 ON 12-13 TO 1/4 MILE OR LESS
LOWEST: 10 ON 14 3 = THUNDER
SNOW, ICE PELLETS, HAIL 4 = ICE PELLETS
TOTAL MONTH: M 5 = HAIL
GRTST 24HR M ON M 6 = FREEZING RAIN OR DRIZZLE
GRTST DEPTH: M ON M 7 = DUSTSTORM OR SANDSTORM:
VSBY 1/2 MILE OR LESS
8 = SMOKE OR HAZE
[NO. OF DAYS WITH] [WEATHER - DAYS WITH] 9 = BLOWING SNOW
X = TORNADO
MAX 32 OR BELOW: 1 0.01 INCH OR MORE: 9
MAX 90 OR ABOVE: 0 0.10 INCH OR MORE: 4
MIN 32 OR BELOW: 25 0.50 INCH OR MORE: 0
MIN 0 OR BELOW: 0 1.00 INCH OR MORE: 0
[HDD (BASE 65) ]
TOTAL THIS MO. 829 CLEAR (SCALE 0-3) 8
DPTR FM NORMAL -58 PTCLDY (SCALE 4-7) 12
TOTAL FM JUL 1 3918 CLOUDY (SCALE 8-10) 8
DPTR FM NORMAL -711
[CDD (BASE 65) ]
TOTAL THIS MO. 0
DPTR FM NORMAL 0 [PRESSURE DATA]
TOTAL FM JAN 1 0 HIGHEST SLP M ON M
DPTR FM NORMAL 0 LOWEST SLP 29.74 ON 15
[REMARKS]
#FINAL-02-21#