000
CXUS54 KLIX 010810
CF6PQL
PRELIMINARY LOCAL CLIMATOLOGICAL DATA (WS FORM: F-6)
STATION: PASCAGOULA/LOTT
MONTH: MARCH
YEAR: 2022
LATITUDE: 30 28 N
LONGITUDE: 88-32 E
TEMPERATURE IN F: :PCPN: SNOW: WIND :SUNSHINE: SKY :PK WND
================================================================================
1 2 3 4 5 6A 6B 7 8 9 10 11 12 13 14 15 16 17 18
12Z AVG MX 2MIN
DY MAX MIN AVG DEP HDD CDD WTR SNW DPTH SPD SPD DIR MIN PSBL S-S WX SPD DR
================================================================================
1 74 35 55 -1 10 0 0.00 M M 2.7 10 270 M M 0 14 260
2 77 35 56 -1 9 0 0.00 0.0 M 1.8 10 220 M M 0 1 16 200
3 79 38 59 2 6 0 0.00 0.0 M 2.0 9 220 M M 0 12 13 210
4 78 38 58 1 7 0 0.00 M M 3.3 15 150 M M 0 12 20 160
5 80 49 65 8 0 0 0.00 0.0 M 8.7 22 140 M M 6 12 27 160
6 81 62 72 14 0 7 0.00 0.0 M 10.6 23 150 M M 9 12 30 150
7 84 67 76 18 0 11 0.01 M M 6.9 14 230 M M 9 1 21 220
8 74 54 64 6 1 0 0.15 M M 6.8 15 10 M M 10 1 20 10
9 74 51 63 5 2 0 0.38 M M 7.5 22 10 M M 9 1 28 360
10 77 51 64 6 1 0 0.04 M M 3.9 9 360 M M 4 1 M M
11 76 51 64 5 1 0 0.33 M M 2.3 13 320 M M 9 12 33 330
12 55 30 43 -16 22 0 T M M 13.2 23 10 M M 3 44 330
13 58 26 42 -17 23 0 M M M 3.2 9 200 M M 0 M M
14 71 32 52 -7 13 0 M M M 6.4 15 140 M M 3 18 140
15 77 55 66 7 0 1 1.48 M M 7.1 16 110 M M 6 1 23 110
16 74 51 63 3 2 0 M M M 3.1 10 270 M M 5 1 17 240
17 76 46 61 1 4 0 0.00 0.0 M 2.5 10 160 M M 1 1 18 200
18 81 62 72 12 0 7 0.52 0.0 M 8.2 15 160 M M 6 1 24 180
19 75 44 60 0 5 0 M M M 7.3 15 360 M M 1 20 340
20 79 38 59 -1 6 0 M M M 2.6 10 210 M M 0 1 M M
21 75 42 59 -2 6 0 M M M 9.7 21 130 M M 2 1 33 140
22 77 68 73 12 0 8 0.25 M M 14.5 22 140 M M 9 1 39 180
23 75 50 63 2 2 0 M M M 4.5 9 310 M M 3 17 290
24 76 46 61 0 4 0 M M M 4.6 10 210 M M 1 21 190
25 77 45 61 -1 4 0 M M M 4.4 12 260 M M 0 22 260
26 80 43 62 0 3 0 M M M 3.4 10 350 M M 0 M M
27 79 46 63 1 2 0 M M M 3.8 10 180 M M 0 1 17 180
28 82 53 68 6 0 3 M M M 4.0 9 220 M M 3 12 17 180
29 81 57 69 7 0 4 M M M 7.2 15 140 M M 5 12 23 190
30 82 62 72 10 0 7 1.04 M M 17.8 26 150 M M 8 1 46 160
31 79 52 66 3 0 1 0.10 M M 3.8 8 340 M M 4 1 M M
================================================================================
SM 2363 1479 133 49 4.30 0.0 187.8 M 116
================================================================================
AV 76.2 47.7 6.1 FASTST M M 4 MAX(MPH)
MISC ----> 26 150 46 160
================================================================================
NOTES:
# LAST OF SEVERAL OCCURRENCES
COLUMN 17 PEAK WIND IN M.P.H.
PRELIMINARY LOCAL CLIMATOLOGICAL DATA (WS FORM: F-6) , PAGE 2
STATION: PASCAGOULA/LOTT
MONTH: MARCH
YEAR: 2022
LATITUDE: 30 28 N
LONGITUDE: 88-32 E
[TEMPERATURE DATA] [PRECIPITATION DATA] SYMBOLS USED IN COLUMN 16
AVERAGE MONTHLY: 62.0 TOTAL FOR MONTH: 4.30 1 = FOG OR MIST
DPTR FM NORMAL: 2.4 DPTR FM NORMAL: -1.47 2 = FOG REDUCING VISIBILITY
HIGHEST: 84 ON 7 GRTST 24HR 1.48 ON 15-15 TO 1/4 MILE OR LESS
LOWEST: 26 ON 13 3 = THUNDER
SNOW, ICE PELLETS, HAIL 4 = ICE PELLETS
TOTAL MONTH: 0.0 INCH 5 = HAIL
GRTST 24HR 0.0 6 = FREEZING RAIN OR DRIZZLE
GRTST DEPTH: M ON M 7 = DUSTSTORM OR SANDSTORM:
VSBY 1/2 MILE OR LESS
8 = SMOKE OR HAZE
[NO. OF DAYS WITH] [WEATHER - DAYS WITH] 9 = BLOWING SNOW
X = TORNADO
MAX 32 OR BELOW: 0 0.01 INCH OR MORE: 10
MAX 90 OR ABOVE: 0 0.10 INCH OR MORE: 8
MIN 32 OR BELOW: 3 0.50 INCH OR MORE: 3
MIN 0 OR BELOW: 0 1.00 INCH OR MORE: 2
[HDD (BASE 65) ]
TOTAL THIS MO. 133 CLEAR (SCALE 0-3) 15
DPTR FM NORMAL -63 PTCLDY (SCALE 4-7) 10
TOTAL FM JUL 1 1309 CLOUDY (SCALE 8-10) 6
DPTR FM NORMAL -318
[CDD (BASE 65) ]
TOTAL THIS MO. 49
DPTR FM NORMAL 20 [PRESSURE DATA]
TOTAL FM JAN 1 102 HIGHEST SLP M ON M
DPTR FM NORMAL 57 LOWEST SLP 29.79 ON 9
[REMARKS]
#FINAL-03-22#