914
CXUS54 KLIX 010810
CF6PQL
PRELIMINARY LOCAL CLIMATOLOGICAL DATA (WS FORM: F-6)
STATION: PASCAGOULA/LOTT
MONTH: MARCH
YEAR: 2021
LATITUDE: 30 28 N
LONGITUDE: 88 32 W
TEMPERATURE IN F: :PCPN: SNOW: WIND :SUNSHINE: SKY :PK WND
================================================================================
1 2 3 4 5 6A 6B 7 8 9 10 11 12 13 14 15 16 17 18
12Z AVG MX 2MIN
DY MAX MIN AVG DEP HDD CDD WTR SNW DPTH SPD SPD DIR MIN PSBL S-S WX SPD DR
================================================================================
1 79 58 69 13 0 4 0.42 M M 5.4 21 20 M M 10 26 30
2 59 46 53 -4 12 0 1.16 M M 11.5 21 360 M M 10 3 28 10
3 65 43 54 -3 11 0 0.00 M M 7.5 18 20 M M 5 27 10
4 74 39 57 0 8 0 0.00 M M 2.8 10 190 M M 0 16 10
5 74 40 57 0 8 0 0.05 M M 4.8 16 140 M M 1 23 140
6 70 49 60 2 5 0 0.22 M M 8.7 18 350 M M 3 24 340
7 70 37 54 -4 11 0 0.00 M M 4.8 13 40 M M 0 18 30
8 72 35 54 -4 11 0 0.00 M M 4.0 15 140 M M 0 21 140
9 72 38 55 -3 10 0 0.00 M M 6.5 16 140 M M 0 22 140
10 77 57 67 9 0 2 0.00 0.0 M 10.4 22 140 M M 5 31 140
11 78 51 65 6 0 0 0.00 M M 7.5 20 160 M M 5 26 160
12 78 57 68 9 0 3 0.00 0.0 M 4.2 15 150 M M 4 21 110
13 79 56 68 9 0 3 0.00 0.0 M 2.5 10 160 M M 6 15 160
14 79 55 67 8 0 2 0.00 M M 6.9 17 150 M M 8 21 130
15 79 69 74 15 0 9 T M M 7.4 13 160 M M 9 18 160
16 83 69 76 16 0 11 0.00 M M 5.7 14 200 M M 7 22 190
17 84 68 76 16 0 11 0.26 M M 10.7 23 170 M M 7 3 34 160
18 74 56 65 5 0 0 0.00 M M 7.9 16 360 M M 3 23 280
19 61 53 57 -3 8 0 0.00 M M 8.3 17 360 M M 10 22 350
20 67 47 57 -3 8 0 0.00 M M 6.9 13 10 M M 10 17 20
21 73 40 57 -4 8 0 0.00 M M 4.0 13 40 M M 0 26 40
22 75 43 59 -2 6 0 M M M 4.0 13 170 M M 0 21 170
23 72 53 63 2 2 0 2.42 0.0 M 10.5 25 350 M M 8 3 38 20
24 77 60 69 8 0 4 0.69 0.0 M 9.1 24 150 M M 9 3 29 130
25 82 70 76 14 0 11 0.00 0.0 M 10.8 18 150 M M 10 28 150
26 82 72 77 15 0 12 0.00 M M 4.9 12 210 M M 10 19 220
27 83 73 78 16 0 13 0.00 0.0 M 10.3 18 150 M M 9 24 170
28 84 57 71 9 0 6 0.04 0.0 M 7.0 20 350 M M 8 27 360
29 76 53 65 3 0 0 M M M 6.4 12 20 M M 1 M M
30 79 55 67 5 0 2 0.00 M M 8.8 22 150 M M 7 27 150
31 83 54 69 6 0 4 0.42 M M 10.0 25 10 M M 9 3 35 10
================================================================================
SM 2340 1653 108 97 5.68 0.0 220.2 M 174
================================================================================
AV 75.5 53.3 7.1 FASTST M M 6 MAX(MPH)
MISC ----> # 25 350 38 20
================================================================================
NOTES:
# LAST OF SEVERAL OCCURRENCES
COLUMN 17 PEAK WIND IN M.P.H.
PRELIMINARY LOCAL CLIMATOLOGICAL DATA (WS FORM: F-6) , PAGE 2
STATION: PASCAGOULA/LOTT
MONTH: MARCH
YEAR: 2021
LATITUDE: 30 28 N
LONGITUDE: 88 32 W
[TEMPERATURE DATA] [PRECIPITATION DATA] SYMBOLS USED IN COLUMN 16
AVERAGE MONTHLY: 64.4 TOTAL FOR MONTH: 5.68 1 = FOG OR MIST
DPTR FM NORMAL: 4.8 DPTR FM NORMAL: -0.09 2 = FOG REDUCING VISIBILITY
HIGHEST: 84 ON 28,17 GRTST 24HR 2.95 ON 23-24 TO 1/4 MILE OR LESS
LOWEST: 35 ON 8 3 = THUNDER
SNOW, ICE PELLETS, HAIL 4 = ICE PELLETS
TOTAL MONTH: 0.0 INCH 5 = HAIL
GRTST 24HR 0.0 6 = FREEZING RAIN OR DRIZZLE
GRTST DEPTH: M ON M 7 = DUSTSTORM OR SANDSTORM:
VSBY 1/2 MILE OR LESS
8 = SMOKE OR HAZE
[NO. OF DAYS WITH] [WEATHER - DAYS WITH] 9 = BLOWING SNOW
X = TORNADO
MAX 32 OR BELOW: 0 0.01 INCH OR MORE: 9
MAX 90 OR ABOVE: 0 0.10 INCH OR MORE: 7
MIN 32 OR BELOW: 0 0.50 INCH OR MORE: 3
MIN 0 OR BELOW: 0 1.00 INCH OR MORE: 2
[HDD (BASE 65) ]
TOTAL THIS MO. 108 CLEAR (SCALE 0-3) 10
DPTR FM NORMAL -88 PTCLDY (SCALE 4-7) 10
TOTAL FM JUL 1 1320 CLOUDY (SCALE 8-10) 11
DPTR FM NORMAL -307
[CDD (BASE 65) ]
TOTAL THIS MO. 97
DPTR FM NORMAL 68 [PRESSURE DATA]
TOTAL FM JAN 1 131 HIGHEST SLP M ON M
DPTR FM NORMAL 86 LOWEST SLP 29.78 ON 17
[REMARKS]
#FINAL-03-21#