000
CXUS53 KARX 301000
CF6CMY
PRELIMINARY LOCAL CLIMATOLOGICAL DATA (WS FORM: F-6)

                                          STATION:   SPARTA - FORT MCCOY WI
                                          MONTH:     NOVEMBER
                                          YEAR:      2020
                                          LATITUDE:   43 58 N
                                          LONGITUDE:  90 44 W

  TEMPERATURE IN F:       :PCPN:    SNOW:  WIND      :SUNSHINE: SKY     :PK WND
================================================================================
1   2   3   4   5  6A  6B    7    8   9   10  11  12  13   14  15   16   17  18
                                     12Z  AVG MX 2MIN
DY MAX MIN AVG DEP HDD CDD  WTR  SNW DPTH SPD SPD DIR MIN PSBL S-S WX    SPD DR
================================================================================

 1  40  16  28   M  37   0 0.00  0.0    0 13.0 23 310   M    M   4        37 300
 2  53  13  33   M  32   0 0.00  0.0    0  2.9 12 260   M    M   0        21 250
 3  73  22  48   M  17   0 0.00  0.0    0  2.9 10 200   M    M   0        18 200
 4  72  32  52   M  13   0 0.00  0.0    0  2.3  8 230   M    M   0         M   M
 5  71  35  53   M  12   0 0.00  0.0    0  1.7  7 240   M    M   0         M   M
 6  73  29  51   M  14   0 0.00  0.0    0  6.3 13 190   M    M   0        18 190
 7  71  56  64   M   1   0 0.00  0.0    0  7.0 10 180   M    M   0        16 210
 8  73  47  60   M   5   0 0.00  0.0    0  8.9 14 170   M    M   0        22 180
 9  70  42  56   M   9   0 0.19  0.0    0 10.2 18 170   M    M   0        27 190
10  42  31  37   M  28   0 1.56    T    0  7.5 20 260   M    M   0 1      30 240
11  44  26  35   M  30   0 0.00  0.0    0  6.1 15 270   M    M   0        28 270
12  51  20  36   M  29   0 0.04    M    0  4.4 13 320   M    M   0        22 310
13  35  19  27   M  38   0 0.00  0.0    0  5.2 12 290   M    M   0        18 290
14  44  24  34   M  31   0 0.06  0.0    0  7.0 16 160   M    M   0 1      25 160
15  43  27  35   M  30   0 0.05    T    0 12.4 20 270   M    M   0        30 280
16  42  18  30   M  35   0 0.00  0.0    0  5.3 14 320   M    M   0        27 320
17  40  15  28   M  37   0 0.00  0.0    0  2.4  7 270   M    M   0        17 280
18  51  26  39   M  26   0 0.00  0.0    0  9.4 20 180   M    M   0        27 180
19  61  34  48   M  17   0 0.00  0.0    0  4.0 10 260   M    M   0        18 200
20  46  21  34   M  31   0 0.00  0.0    0  4.2 10 280   M    M   0        18 270
21  40  14  27   M  38   0 0.00  0.0    0  0.5  5 230   M    M   0         M   M
22  40  15  28   M  37   0 0.00  0.0    0  2.2  9 280   M    M   0        16 280
23  39  18  29   M  36   0 0.00  0.0    0  1.9 10 310   M    M   0        17 310
24  35  24  30   M  35   0    M    M    0  3.5 12 140   M    M   0 1       M   M
25  33  31  32   M  33   0 0.00  0.0    0  1.5  7  50   M    M   0 1       M   M
26  37  32  35   M  30   0 0.02  0.0    M  3.5  9 270   M    M   0 1      16 250
27  38  19  29   M  36   0 0.00  0.0    0  4.6 12 290   M    M   0        23 270
28  52  18  35   M  30   0 0.00  0.0    0  1.8  8 220   M    M   0         M   M
29  40  19  30   M  35   0    T    T    0  8.8 17 320   M    M   0        27 320
================================================================================
SM 1449  743       782   0  1.92    T    151.4          M        4
================================================================================
AV 50.0 25.6                               5.2 FASTST   M    M   0    MAX(MPH)
                                 MISC ---->    23 310                 37 300
================================================================================
NOTES:
# LAST OF SEVERAL OCCURRENCES

COLUMN 17 PEAK WIND IN M.P.H.

PRELIMINARY LOCAL CLIMATOLOGICAL DATA (WS FORM: F-6) , PAGE 2

                                          STATION:   SPARTA - FORT MCCOY WI
                                          MONTH:     NOVEMBER
                                          YEAR:      2020
                                          LATITUDE:   43 58 N
                                          LONGITUDE:  90 44 W

[TEMPERATURE DATA]      [PRECIPITATION DATA]       SYMBOLS USED IN COLUMN 16

AVERAGE MONTHLY: 37.8   TOTAL FOR MONTH:   1.92    1 = FOG OR MIST
DPTR FM NORMAL:   0.0   DPTR FM NORMAL:    1.92    2 = FOG REDUCING VISIBILITY
HIGHEST:    73 ON  8, 6  GRTST 24HR  1.56 ON 10-10      TO 1/4 MILE OR LESS
LOWEST:     13 ON  2                               3 = THUNDER
                        SNOW, ICE PELLETS, HAIL    4 = ICE PELLETS
                        TOTAL MONTH:  T            5 = HAIL
                        GRTST 24HR   T   ON 10-10  6 = FREEZING RAIN OR DRIZZLE
                        GRTST DEPTH:  0            7 = DUSTSTORM OR SANDSTORM:
                                                       VSBY 1/2 MILE OR LESS
                                                   8 = SMOKE OR HAZE
[NO. OF DAYS WITH]      [WEATHER - DAYS WITH]      9 = BLOWING SNOW
                                                   X = TORNADO
MAX 32 OR BELOW:   0    0.01 INCH OR MORE:   6
MAX 90 OR ABOVE:   0    0.10 INCH OR MORE:   2
MIN 32 OR BELOW:  24    0.50 INCH OR MORE:   1
MIN  0 OR BELOW:   0    1.00 INCH OR MORE:   1

[HDD (BASE 65) ]
TOTAL THIS MO.   782    CLEAR  (SCALE 0-3)  28
DPTR FM NORMAL     M    PTCLDY (SCALE 4-7)   1
TOTAL FM JUL 1  1874    CLOUDY (SCALE 8-10)  0
DPTR FM NORMAL     M

[CDD (BASE 65) ]
TOTAL THIS MO.     0
DPTR FM NORMAL     M    [PRESSURE DATA]
TOTAL FM JAN 1   382    HIGHEST SLP M ON M
DPTR FM NORMAL     M    LOWEST  SLP M ON M

[REMARKS]
