000
CXUS56 KSLC 301230
CF6EVW
PRELIMINARY LOCAL CLIMATOLOGICAL DATA (WS FORM: F-6)

                                          STATION:   EVANSTON WY
                                          MONTH:     NOVEMBER
                                          YEAR:      2020
                                          LATITUDE:   41 16 N
                                          LONGITUDE: 111  2 W

  TEMPERATURE IN F:       :PCPN:    SNOW:  WIND      :SUNSHINE: SKY     :PK WND
================================================================================
1   2   3   4   5  6A  6B    7    8   9   10  11  12  13   14  15   16   17  18
                                     12Z  AVG MX 2MIN
DY MAX MIN AVG DEP HDD CDD  WTR  SNW DPTH SPD SPD DIR MIN PSBL S-S WX    SPD DR
================================================================================

 1  63  27  45   8  20   0 0.00  0.0    0  6.1 16 260   M    M   0        21 240
 2  67  35  51  15  14   0 0.00  0.0    0  6.7 17 260   M    M   0        24 250
 3  66  40  53  17  12   0 0.00  0.0    0  8.6 18 260   M    M   1        25 260
 4  65  40  53  17  12   0 0.00  0.0    0 10.6 24 260   M    M   0        31 260
 5  65  37  51  16  14   0 0.00  0.0    0  8.0 21 240   M    M   0        25 240
 6  65  41  53  19  12   0 0.00  0.0    0 12.6 31 210   M    M   1 8      40 200
 7  57  26  42   8  23   0 0.17    M    0 15.8 39 220   M    M   5 13     52 210
 8  30  23  27  -7  38   0 0.05    M    0 11.0 25 220   M    M   8 18     30 220
 9  27  19  23 -10  42   0    T    M    0 11.1 22 270   M    M  10 1      27 270
10  24  18  21 -11  44   0    T    M    0 15.8 30 240   M    M  10 1      36 240
11  28  17  23  -9  42   0 0.01    M    0 13.6 26 250   M    M   9 18     32 270
12  27   8  18 -13  47   0    T    M    0  9.8 21 230   M    M   2 1      24 250
13  41  14  28  -3  37   0    T    M    0 16.6 39 240   M    M   4 12     50 240
14  31  16  24  -6  41   0 0.00  0.0    0 17.5 33 270   M    M   8 128    46 310
15  37  17  27  -3  38   0 0.00  0.0    0 15.6 31 230   M    M   7        37 230
16  48  32  40  11  25   0 0.00  0.0    0  7.8 14 240   M    M   2        19 240
17  54  33  44  15  21   0 0.00  0.0    0  6.9 18 210   M    M   0        25 210
18  49  35  42  14  23   0    T    M    0 13.9 36 250   M    M   6        44 250
19  39  25  32   4  33   0 0.01    M    0 11.1 26 250   M    M   4 1      31 250
20  39  21  30   3  35   0 0.00  0.0    0  4.9  9  70   M    M   0        11  80
21  41  16  29   2  36   0 0.00  0.0    0  4.6 15 270   M    M   0        18 270
22  34  11  23  -3  42   0 0.00  0.0    0  6.5 14  80   M    M   0        17  90
23  40  22  31   5  34   0 0.01    M    0  6.3 21 270   M    M   5 12     25 280
24  32  16  24  -2  41   0 0.00  0.0    0  8.9 20 250   M    M   2 1      24 250
25  40  16  28   3  37   0    T    M    0 12.2 26 270   M    M   2 1      32 260
26  30  12  21  -4  44   0    T    M    0  6.9 14 320   M    M   5 1      21 330
27  32  11  22  -2  43   0 0.00  0.0    0  5.6 12 250   M    M   2 18     14 210
28  42  15  29   5  36   0 0.00  0.0    0  9.4 17 240   M    M   0        20 220
29  39  16  28   4  37   0 0.00  0.0    0  4.9 14  80   M    M   0        14  80
================================================================================
SM 1252  659       923   0  0.25     0.0 289.3          M       93
================================================================================
AV 43.2 22.7                              10.0 FASTST   M    M   3    MAX(MPH)
                                 MISC ---->  # 39 220               # 52  210
================================================================================
NOTES:
# LAST OF SEVERAL OCCURRENCES

COLUMN 17 PEAK WIND IN M.P.H.

PRELIMINARY LOCAL CLIMATOLOGICAL DATA (WS FORM: F-6) , PAGE 2

                                          STATION:  EVANSTON WY
                                          MONTH:    NOVEMBER
                                          YEAR:     2020
                                          LATITUDE:   41 16 N
                                          LONGITUDE: 111  2 W

[TEMPERATURE DATA]      [PRECIPITATION DATA]       SYMBOLS USED IN COLUMN 16

AVERAGE MONTHLY: 33.0   TOTAL FOR MONTH:   0.25    1 = FOG OR MIST
DPTR FM NORMAL:   3.0   DPTR FM NORMAL:   -0.77    2 = FOG REDUCING VISIBILITY
HIGHEST:    67 ON  2    GRTST 24HR  0.17 ON  7- 7      TO 1/4 MILE OR LESS
LOWEST:      8 ON 12                               3 = THUNDER
                        SNOW, ICE PELLETS, HAIL    4 = ICE PELLETS
                        TOTAL MONTH:   0.0 INCH    5 = HAIL
                        GRTST 24HR     0.0         6 = FREEZING RAIN OR DRIZZLE
                        GRTST DEPTH:   0           7 = DUSTSTORM OR SANDSTORM:
                                                       VSBY 1/2 MILE OR LESS
                                                   8 = SMOKE OR HAZE
[NO. OF DAYS WITH]      [WEATHER - DAYS WITH]      9 = BLOWING SNOW
                                                   X = TORNADO
MAX 32 OR BELOW:   9    0.01 INCH OR MORE:   5
MAX 90 OR ABOVE:   0    0.10 INCH OR MORE:   1
MIN 32 OR BELOW:  22    0.50 INCH OR MORE:   0
MIN  0 OR BELOW:   0    1.00 INCH OR MORE:   0

[HDD (BASE 65) ]
TOTAL THIS MO.   923    CLEAR  (SCALE 0-3)  17
DPTR FM NORMAL   -94    PTCLDY (SCALE 4-7)   8
TOTAL FM JUL 1  1740    CLOUDY (SCALE 8-10)  4
DPTR FM NORMAL  -330

[CDD (BASE 65) ]
TOTAL THIS MO.     0
DPTR FM NORMAL     0    [PRESSURE DATA]
TOTAL FM JAN 1   337    HIGHEST SLP M ON M
DPTR FM NORMAL   175    LOWEST  SLP 29.24 ON  7

[REMARKS]
