127
CXUS55 KABQ 301000
CF6FMN
PRELIMINARY LOCAL CLIMATOLOGICAL DATA (WS FORM: F-6)

                                          STATION:   FARMINGTON NM
                                          MONTH:     NOVEMBER
                                          YEAR:      2020
                                          LATITUDE:   36 45 N
                                          LONGITUDE: 108 14 W

  TEMPERATURE IN F:       :PCPN:    SNOW:  WIND      :SUNSHINE: SKY     :PK WND
================================================================================
1   2   3   4   5  6A  6B    7    8   9   10  11  12  13   14  15   16   17  18
                                     12Z  AVG MX 2MIN
DY MAX MIN AVG DEP HDD CDD  WTR  SNW DPTH SPD SPD DIR MIN PSBL S-S WX    SPD DR
================================================================================

 1  70  32  51   5  14   0 0.00    M    M  6.6 14  90   M    M   0        16  90
 2  73  31  52   6  13   0 0.00    M    M  6.5 12 110   M    M   0        22  90
 3  71  37  54   9  11   0 0.00    M    M  6.9 18 270   M    M   0        23 280
 4  71  34  53   8  12   0 0.00    M    M  7.2 21 280   M    M   0        26 280
 5  75  37  56  12   9   0 0.00    M    M  6.5 15  80   M    M   0        18  90
 6  73  42  58  14   7   0 0.00    M    M 11.3 18 170   M    M   2        28 180
 7  68  44  56  12   9   0 0.15    M    M 15.8 39 200   M    M   8 3      55 190
 8  53  35  44   1  21   0    T    M    M 13.0 29 200   M    M   5        40 200
 9  41  27  34  -9  31   0 0.06    M    M  7.2 18 240   0    0   0        30 250
10  41  19  30 -12  35   0 0.00    M    M  4.4 16 290   M    M   0        20 290
11  45  17  31 -11  34   0 0.00    M    M  5.1 12 100   M    M   0        14 100
12  51  21  36  -5  29   0 0.00    M    M  6.2 10  40   M    M   0        12 120
13  58  23  41   0  24   0 0.00    M    M  6.6 12 100   M    M   0        14 120
14  51  25  38  -3  27   0 0.00    M    M 12.2 39 290   M    M   2 8      51 280
15  56  19  38  -2  27   0 0.00    M    M  4.6 12  80   M    M   0        14  90
16  60  25  43   3  22   0 0.00    M    M  6.3 12 110   M    M   0        15 120
17  69  28  49  10  16   0 0.00    M    M  8.7 14 100   M    M   0        18 110
18  72  35  54  15  11   0 0.00    M    M  7.3 13 110   M    M   0        16 120
19  69  35  52  13  13   0 0.00    M    M  6.2 14 300   M    M   0        20 290
20  67  32  50  12  15   0 0.00    M    M  5.5 12  80   M    M   0        14  80
21  68  36  52  14  13   0 0.00    M    M  5.8 16 110   M    M   3        21 110
22  61  30  46   9  19   0 0.00    M    M 10.7 21 120   M    M   2        27 150
23  64  45  55  18  10   0 0.00    M    M 11.6 25 280   M    M   3 3      36 280
24  49  30  40   3  25   0 0.02    M    M 11.7 33 280   M    M   4        42 290
25  50  18  34  -2  31   0 0.00    M    M  4.6 10  80   M    M   0        11  80
26  51  22  37   1  28   0 0.00    M    M  6.5 13 280   M    M   0        15 280
27  40  17  29  -6  36   0    T    M    M  4.0 12 290   M    M   6 12     15 280
28  42  18  30  -5  35   0 0.00    M    M  4.6 18 270   M    M   5 12     24 280
29  47  12  30  -5  35   0 0.00    M    M  5.5 12  90   M    M   0        14  90
================================================================================
SM 1706  826       612   0  0.23    M    219.1            0     40
================================================================================
AV 58.8 28.5                               7.6 FASTST    0   0   1    MAX(MPH)
                                 MISC ---->  # 39 200               # 55  190
================================================================================
NOTES:
# LAST OF SEVERAL OCCURRENCES

COLUMN 17 PEAK WIND IN M.P.H.

PRELIMINARY LOCAL CLIMATOLOGICAL DATA (WS FORM: F-6) , PAGE 2

                                          STATION:  FARMINGTON NM
                                          MONTH:    NOVEMBER
                                          YEAR:     2020
                                          LATITUDE:   36 45 N
                                          LONGITUDE: 108 14 W

[TEMPERATURE DATA]      [PRECIPITATION DATA]       SYMBOLS USED IN COLUMN 16

AVERAGE MONTHLY: 43.7   TOTAL FOR MONTH:   0.23    1 = FOG OR MIST
DPTR FM NORMAL:   3.5   DPTR FM NORMAL:   -0.75    2 = FOG REDUCING VISIBILITY
HIGHEST:    75 ON  5    GRTST 24HR  0.15 ON  7- 7      TO 1/4 MILE OR LESS
LOWEST:     12 ON 29                               3 = THUNDER
                        SNOW, ICE PELLETS, HAIL    4 = ICE PELLETS
                        TOTAL MONTH:    M          5 = HAIL
                        GRTST 24HR    M  ON   M    6 = FREEZING RAIN OR DRIZZLE
                        GRTST DEPTH:  M  ON   M    7 = DUSTSTORM OR SANDSTORM:
                                                       VSBY 1/2 MILE OR LESS
                                                   8 = SMOKE OR HAZE
[NO. OF DAYS WITH]      [WEATHER - DAYS WITH]      9 = BLOWING SNOW
                                                   X = TORNADO
MAX 32 OR BELOW:   0    0.01 INCH OR MORE:   3
MAX 90 OR ABOVE:   0    0.10 INCH OR MORE:   1
MIN 32 OR BELOW:  19    0.50 INCH OR MORE:   0
MIN  0 OR BELOW:   0    1.00 INCH OR MORE:   0

[HDD (BASE 65) ]
TOTAL THIS MO.   612    CLEAR  (SCALE 0-3)  24
DPTR FM NORMAL  -108    PTCLDY (SCALE 4-7)   5
TOTAL FM JUL 1   997    CLOUDY (SCALE 8-10)  0
DPTR FM NORMAL  -170

[CDD (BASE 65) ]
TOTAL THIS MO.     0
DPTR FM NORMAL     0    [PRESSURE DATA]
TOTAL FM JAN 1  1309    HIGHEST SLP  0.00 ON  9
DPTR FM NORMAL   403    LOWEST  SLP 29.45 ON  7

[REMARKS]
