000
CXUS52 KFFC 301110
CF6FTY
PRELIMINARY LOCAL CLIMATOLOGICAL DATA (WS FORM: F-6)

                                          STATION:   FULTON COUNTY AIRPORT
                                          MONTH:     NOVEMBER
                                          YEAR:      2020
                                          LATITUDE:   33 46 N
                                          LONGITUDE:  84 31 W

  TEMPERATURE IN F:       :PCPN:    SNOW:  WIND      :SUNSHINE: SKY     :PK WND
================================================================================
1   2   3   4   5  6A  6B    7    8   9   10  11  12  13   14  15   16   17  18
                                     12Z  AVG MX 2MIN
DY MAX MIN AVG DEP HDD CDD  WTR  SNW DPTH SPD SPD DIR MIN PSBL S-S WX    SPD DR
================================================================================

 1  69  49  59   1   6   0    T    M    M  7.7 23 330   M    M   5 1      35 330
 2  58  37  48  -9  17   0 0.00    M    M  6.6 21 350   M    M   0        32  10
 3  65  34  50  -7  15   0 0.00    M    M  2.9 13 320   M    M   0        16 300
 4  70  37  54  -3  11   0 0.00    M    M  2.1 12 150   M    M   0        16 150
 5  70  41  56   0   9   0 0.00    M    M  2.1  9  80   M    M   0        13  60
 6  75  48  62   6   3   0 0.00    M    M  3.9 13  40   M    M   2        16  40
 7  74  56  65   9   0   0 0.01    M    M  6.2 14  90   M    M   6 1      18  80
 8  76  61  69  14   0   4 0.01    M    M  8.9 20  70   M    M   7        26  80
 9  78  66  72  17   0   7 0.00    M    M 10.4 17  90   M    M   6        23  70
10  71  67  69  14   0   4 0.06    M    M  7.7 15  90   M    M  10 1      21  80
11  78  69  74  19   0   9 0.10  0.0    M  2.0  9 150   M    M   9 18     12 160
12  74  60  67  13   0   2    T    M    M  6.5 16 310   M    M   7 1      22 310
13  73  50  62   8   3   0 0.00    M    M  4.2 15 280   M    M   2        19 310
14  72  39  56   2   9   0 0.00    M    M  1.9 10 100   M    M   0 1      14  90
15  71  45  58   5   7   0 0.01    M    M  4.8 20 300   M    M   4 1      26 280
16  62  38  50  -3  15   0 0.00    M    M  5.2 17 350   M    M   0        25 300
17  64  35  50  -3  15   0 0.00    M    M  7.9 21 310   M    M   0        31 310
18  65  33  49  -3  16   0 0.00    M    M  1.5  9  30   M    M   0        12 360
19  62  32  47  -5  18   0 0.00    M    M  2.9 14  80   M    M   0        19  80
20  70  37  54   2  11   0 0.00    M    M  0.7  7 140   M    M   0 8       9 150
21  72  41  57   6   8   0 0.00    M    M  1.2  9 350   M    M   0 18     12 320
22  70  44  57   6   8   0 0.00  0.0    M  1.5  9 210   M    M   4 1      13 250
23  60  37  49  -2  16   0 0.00    M    M  7.8 22 340   M    M   1        30 320
24  61  34  48  -2  17   0 0.00    M    M  5.7 14 150   M    M   1        21  90
25  72  50  61  11   4   0 0.50    M    M  6.5 26 300   M    M   8 1      33 290
26  74  48  61  11   4   0 0.44    M    M  2.4 12 250   M    M   5 12     15 250
27  71  40  56   7   9   0    T    M    M  1.4  8 290   M    M   4 12     11 300
28  68  49  59  10   6   0 0.06    M    M  3.0 12 340   M    M   3 1      14 330
29  56  47  52   3  13   0 1.15    M    M  4.2 10  90   M    M   8 1      16  80
================================================================================
SM 2001 1324       240  26  2.34  0.0    129.8          M       92
================================================================================
AV 69.0 45.7                               4.5 FASTST   M    M   3    MAX(MPH)
                                 MISC ---->    26 300                 35 330
================================================================================
NOTES:
# LAST OF SEVERAL OCCURRENCES

COLUMN 17 PEAK WIND IN M.P.H.

PRELIMINARY LOCAL CLIMATOLOGICAL DATA (WS FORM: F-6) , PAGE 2

                                          STATION:   FULTON COUNTY AIRPORT
                                          MONTH:     NOVEMBER
                                          YEAR:      2020
                                          LATITUDE:   33 46 N
                                          LONGITUDE:  84 31 W

[TEMPERATURE DATA]      [PRECIPITATION DATA]       SYMBOLS USED IN COLUMN 16

AVERAGE MONTHLY: 57.3   TOTAL FOR MONTH:   2.34    1 = FOG OR MIST
DPTR FM NORMAL:   4.1   DPTR FM NORMAL:   -1.66    2 = FOG REDUCING VISIBILITY
HIGHEST:    78 ON 11, 9  GRTST 24HR  1.15 ON 29-29      TO 1/4 MILE OR LESS
LOWEST:     32 ON 19                               3 = THUNDER
                        SNOW, ICE PELLETS, HAIL    4 = ICE PELLETS
                        TOTAL MONTH:   0.0 INCH    5 = HAIL
                        GRTST 24HR  0.0            6 = FREEZING RAIN OR DRIZZLE
                        GRTST DEPTH:  M  ON   M    7 = DUSTSTORM OR SANDSTORM:
                                                       VSBY 1/2 MILE OR LESS
                                                   8 = SMOKE OR HAZE
[NO. OF DAYS WITH]      [WEATHER - DAYS WITH]      9 = BLOWING SNOW
                                                   X = TORNADO
MAX 32 OR BELOW:   0    0.01 INCH OR MORE:   9
MAX 90 OR ABOVE:   0    0.10 INCH OR MORE:   4
MIN 32 OR BELOW:   1    0.50 INCH OR MORE:   2
MIN  0 OR BELOW:   0    1.00 INCH OR MORE:   1

[HDD (BASE 65) ]
TOTAL THIS MO.   240    CLEAR  (SCALE 0-3)  16
DPTR FM NORMAL  -110    PTCLDY (SCALE 4-7)  11
TOTAL FM JUL 1   321    CLOUDY (SCALE 8-10)  2
DPTR FM NORMAL  -172

[CDD (BASE 65) ]
TOTAL THIS MO.    26
DPTR FM NORMAL    22    [PRESSURE DATA]
TOTAL FM JAN 1  1867    HIGHEST SLP M ON M
DPTR FM NORMAL   126    LOWEST  SLP 29.69 ON 29

[REMARKS]
