000
CXUS54 KFWD 300830
CF6GVT
PRELIMINARY LOCAL CLIMATOLOGICAL DATA (WS FORM: F-6)

                                          STATION:   GREENVILLE
                                          MONTH:     NOVEMBER
                                          YEAR:      2020
                                          LATITUDE:   33  4 N
                                          LONGITUDE:  96  4 W

  TEMPERATURE IN F:       :PCPN:    SNOW:  WIND      :SUNSHINE: SKY     :PK WND
================================================================================
1   2   3   4   5  6A  6B    7    8   9   10  11  12  13   14  15   16   17  18
                                     12Z  AVG MX 2MIN
DY MAX MIN AVG DEP HDD CDD  WTR  SNW DPTH SPD SPD DIR MIN PSBL S-S WX    SPD DR
================================================================================

 1  73  45  59  -3   6   0 0.00    M    M  4.5 14 360   M    M   0        20  20
 2  70  37  54  -8  11   0 0.00    M    M  1.5  8 190   M    M   0         M   M
 3  77  41  59  -2   6   0 0.00    M    M  4.1 10 140   M    M   0         M   M
 4  77  43  60  -1   5   0 0.00    M    M  7.5 17 160   M    M   0        21 160
 5  77  59  68   8   0   3 0.00    M    M  6.5 13 190   M    M   6        16 170
 6  79  55  67   7   0   2 0.00    M    M  3.2  9 140   M    M   4        16 140
 7  79  50  65   5   0   0 0.00    M    M  2.4  9 180   M    M   1 18      M   M
 8  77  61  69  10   0   4 0.00    M    M  6.4 14 130   M    M   6 128    21 160
 9  82  64  73  14   0   8 0.00    M    M  9.9 16 160   M    M   6 8      23 180
10  79  52  66   8   0   1 0.00    M    M  7.1 14 210   M    M   6        21 170
11  77  45  61   3   4   0 0.00    M    M  1.8  8  10   M    M   0         M   M
12  79  46  63   5   2   0 0.00  0.0    0  3.0 10 210   M    M   1 8       M   M
13  77  59  68  11   0   3 0.00  0.0    0  4.3 10  40   M    M   7 8      16  10
14  84  63  74  17   0   9    T  0.0    0 11.2 23 200   M    M   7        35 190
15  77  41  59   3   6   0 0.00  0.0    0  7.0 24 350   M    M   0        35 350
16  70  34  52  -4  13   0 0.00  0.0    0  1.4 10 150   M    M   0         M   M
17  75  37  56   0   9   0 0.00  0.0    0  1.6  8 130   M    M   0         M   M
18  73  43  58   3   7   0 0.00  0.0    0  7.4 17 160   M    M   0        18 140
19  79  54  67  12   0   2 0.00    M    M 10.5 17 170   M    M   2        27 180
20  77  61  69  15   0   4 0.00    M    M  6.3 12 170   M    M   6 8      17 170
21  79  55  67  13   0   2 0.00    M    M  3.0 10 230   M    M   5 128    16 230
22  63  45  54   0  11   0 0.04    M    M  7.5 15 350   M    M   7 8      22 350
23  64  43  54   1  11   0 0.00    M    M  4.1  9 160   M    M   7         M   M
24  72  50  61   8   4   0 0.47    M    M  9.9 17 150   M    M   8        33 300
25  64  41  53   1  12   0 0.00    M    M  6.7 20 300   M    M   0        29 300
26  73  36  55   3  10   0 0.00    M    M  4.5 13 160   M    M   0        18 150
27  64  52  58   6   7   0 0.00    M    M  5.8 12 350   M    M   4 1      18 360
28  63  46  55   4  10   0 0.11    M    M  5.8 10  50   M    M   6        20  70
29  54  46  50  -1  15   0 0.18    M    M  7.9 22 320   M    M   7 18     28 320
================================================================================
SM 2134 1404       149  38  0.80  0.0    162.8          M       96
================================================================================
AV 73.6 48.4                               5.6 FASTST   M    M   3    MAX(MPH)
                                 MISC ---->    24 350               # 35 190
================================================================================
NOTES:
# LAST OF SEVERAL OCCURRENCES

COLUMN 17 PEAK WIND IN M.P.H.

PRELIMINARY LOCAL CLIMATOLOGICAL DATA (WS FORM: F-6) , PAGE 2

                                          STATION:   GREENVILLE
                                          MONTH:     NOVEMBER
                                          YEAR:      2020
                                          LATITUDE:   33  4 N
                                          LONGITUDE:  96  4 W

[TEMPERATURE DATA]      [PRECIPITATION DATA]       SYMBOLS USED IN COLUMN 16

AVERAGE MONTHLY: 61.0   TOTAL FOR MONTH:   0.80    1 = FOG OR MIST
DPTR FM NORMAL:   4.6   DPTR FM NORMAL:   -3.08    2 = FOG REDUCING VISIBILITY
HIGHEST:    84 ON 14    GRTST 24HR  0.47 ON 24-24      TO 1/4 MILE OR LESS
LOWEST:     34 ON 16                               3 = THUNDER
                        SNOW, ICE PELLETS, HAIL    4 = ICE PELLETS
                        TOTAL MONTH:   0.0 INCH    5 = HAIL
                        GRTST 24HR  0.0            6 = FREEZING RAIN OR DRIZZLE
                        GRTST DEPTH:  0            7 = DUSTSTORM OR SANDSTORM:
                                                       VSBY 1/2 MILE OR LESS
                                                   8 = SMOKE OR HAZE
[NO. OF DAYS WITH]      [WEATHER - DAYS WITH]      9 = BLOWING SNOW
                                                   X = TORNADO
MAX 32 OR BELOW:   0    0.01 INCH OR MORE:   4
MAX 90 OR ABOVE:   0    0.10 INCH OR MORE:   3
MIN 32 OR BELOW:   0    0.50 INCH OR MORE:   0
MIN  0 OR BELOW:   0    1.00 INCH OR MORE:   0

[HDD (BASE 65) ]
TOTAL THIS MO.   149    CLEAR  (SCALE 0-3)  14
DPTR FM NORMAL  -125    PTCLDY (SCALE 4-7)  15
TOTAL FM JUL 1   278    CLOUDY (SCALE 8-10)  0
DPTR FM NORMAL   -77

[CDD (BASE 65) ]
TOTAL THIS MO.    38
DPTR FM NORMAL    13    [PRESSURE DATA]
TOTAL FM JAN 1  2705    HIGHEST SLP M ON M
DPTR FM NORMAL    64    LOWEST  SLP M ON M

[REMARKS]
