752
CXUS51 KCAR 300600
CF6HUL
PRELIMINARY LOCAL CLIMATOLOGICAL DATA (WS FORM: F-6)

                                          STATION:   HOULTON ME
                                          MONTH:     NOVEMBER
                                          YEAR:      2020
                                          LATITUDE:   46  7 N
                                          LONGITUDE:  67 48 W

  TEMPERATURE IN F:       :PCPN:    SNOW:  WIND      :SUNSHINE: SKY     :PK WND
================================================================================
1   2   3   4   5  6A  6B    7    8   9   10  11  12  13   14  15   16   17  18
                                     12Z  AVG MX 2MIN
DY MAX MIN AVG DEP HDD CDD  WTR  SNW DPTH SPD SPD DIR MIN PSBL S-S WX    SPD DR
================================================================================

 1  50  29  40   2  25   0 0.30    M    M  9.3 20 180   M    M   8 1      31 160
 2  47  24  36  -2  29   0 0.32    M    M  9.7 23 270   M    M   9 1      35 280
 3  32  13  23 -15  42   0    T    M    M  6.0 22  10   M    M   3 1      28  10
 4  35   8  22 -15  43   0 0.00    M    M  4.2 12 180   M    M   6        17 200
 5  59  34  47  10  18   0 0.00    M    M  8.1 16 210   M    M   1 1      24 220
 6  65  45  55  19  10   0    T    M    M  8.1 14 200   M    M   1        21 180
 7  64  47  56  20   9   0 0.00    M    M  7.6 15 280   M    M   2        23 270
 8  47  42  45   9  20   0 0.00    M    M  4.0  9 220   M    M  10 1      13 200
 9  66  46  56  21   9   0 0.00    M    M  8.6 15 220   M    M   4 1      21 220
10  73  53  63  28   2   0 0.00    M    M  7.4 15 210   M    M   1        22 230
11  67  49  58  23   7   0 0.02    M    M  9.1 18 210   M    M   1 1      27 200
12  63  31  47  13  18   0    T    M    M  6.9 15 360   M    M   3 1      21 290
13  41  21  31  -3  34   0 0.12    M    M  2.5 14 100   M    M   4 1      19 100
14  44  33  39   6  26   0 0.02    M    M  4.4 14 330   M    M   9 1      20 320
15  36  25  31  -2  34   0 0.01    M    M  4.6 17 150   M    M   3        24 130
16  48  36  42   9  23   0    T    M    M 10.6 24 230   M    M   6 1      37 140
17  39  25  32   0  33   0    T    M    M  8.8 18 310   M    M   6        30 250
18  30  21  26  -6  39   0 0.00    M    M  9.2 20 320   M    M   4        28 310
19  32   8  20 -11  45   0    T    M    M  6.4 16 200   M    M   5        23 210
20  44  31  38   7  27   0 0.00    M    M  7.4 14 210   M    M   8        20 220
21  46  26  36   6  29   0 0.00    M    M  8.6 23 300   M    M   5        34 290
22  35  18  27  -3  38   0 0.00    M    M  3.3 10 340   M    M   4        14 330
23  51  31  41  11  24   0 1.02    M    M  8.5 17 290   M    M  10 1      25 130
24  33  15  24  -5  41   0    T    M    M 14.2 25 320   M    M   8 1      39 290
25  31  10  21  -8  44   0 0.15    M    M  3.4 12 180   M    M   7 16     16 190
26  35  24  30   2  35   0 0.24    M    M  2.3 10 120   M    M  10 16     19 130
27  48  30  39  11  26   0 0.01    M    M  3.1  9 320   M    M   9 12     13 340
28  39  28  34   7  31   0 0.00    M    M  1.4 10 240   M    M   9 1      11 240
29  45  29  37  10  28   0 0.00    M    M  5.4 17 260   M    M   9        23 240
================================================================================
SM 1345  832       789   0  2.21    M    193.1          M      165
================================================================================
AV 46.4 28.7                               6.7 FASTST   M    M   6    MAX(MPH)
                                 MISC ---->    25 320                 39 290
================================================================================
NOTES:
# LAST OF SEVERAL OCCURRENCES

COLUMN 17 PEAK WIND IN M.P.H.

PRELIMINARY LOCAL CLIMATOLOGICAL DATA (WS FORM: F-6) , PAGE 2

                                          STATION:   HOULTON ME
                                          MONTH:     NOVEMBER
                                          YEAR:      2020
                                          LATITUDE:   46  7 N
                                          LONGITUDE:  67 48 W

[TEMPERATURE DATA]      [PRECIPITATION DATA]       SYMBOLS USED IN COLUMN 16

AVERAGE MONTHLY: 37.5   TOTAL FOR MONTH:   2.21    1 = FOG OR MIST
DPTR FM NORMAL:   4.7   DPTR FM NORMAL:   -1.68    2 = FOG REDUCING VISIBILITY
HIGHEST:    73 ON 10    GRTST 24HR  1.02 ON 23-23      TO 1/4 MILE OR LESS
LOWEST:      8 ON 19, 4                             3 = THUNDER
                        SNOW, ICE PELLETS, HAIL    4 = ICE PELLETS
                        TOTAL MONTH:  M            5 = HAIL
                        GRTST 24HR    M  ON   M    6 = FREEZING RAIN OR DRIZZLE
                        GRTST DEPTH:  M  ON   M    7 = DUSTSTORM OR SANDSTORM:
                                                       VSBY 1/2 MILE OR LESS
                                                   8 = SMOKE OR HAZE
[NO. OF DAYS WITH]      [WEATHER - DAYS WITH]      9 = BLOWING SNOW
                                                   X = TORNADO
MAX 32 OR BELOW:   4    0.01 INCH OR MORE:  10
MAX 90 OR ABOVE:   0    0.10 INCH OR MORE:   6
MIN 32 OR BELOW:  20    0.50 INCH OR MORE:   1
MIN  0 OR BELOW:   0    1.00 INCH OR MORE:   1

[HDD (BASE 65) ]
TOTAL THIS MO.   789    CLEAR  (SCALE 0-3)   7
DPTR FM NORMAL  -144    PTCLDY (SCALE 4-7)  12
TOTAL FM JUL 1  1811    CLOUDY (SCALE 8-10) 10
DPTR FM NORMAL  -258

[CDD (BASE 65) ]
TOTAL THIS MO.     0
DPTR FM NORMAL     0    [PRESSURE DATA]
TOTAL FM JAN 1   410    HIGHEST SLP M ON M
DPTR FM NORMAL   219    LOWEST  SLP 29.08 ON  2

[REMARKS]
