000
CXUS54 KLCH 300919
CF6LCH
PRELIMINARY LOCAL CLIMATOLOGICAL DATA (WS FORM: F-6)

                                          STATION:   LAKE CHARLES
                                          MONTH:     NOVEMBER
                                          YEAR:      2020
                                          LATITUDE:   30  7 N
                                          LONGITUDE:  93 13 W

  TEMPERATURE IN F:       :PCPN:    SNOW:  WIND      :SUNSHINE: SKY     :PK WND
================================================================================
1   2   3   4   5  6A  6B    7    8   9   10  11  12  13   14  15   16   17  18
                                     12Z  AVG MX 2MIN
DY MAX MIN AVG DEP HDD CDD  WTR  SNW DPTH SPD SPD DIR MIN PSBL S-S WX    SPD DR
================================================================================

 1  76  48  62  -4   3   0 0.00  0.0    0  9.4 22  20   M    M   0 1      30 360
 2  70  45  58  -7   7   0 0.00  0.0    0  9.1 20  50   M    M   0        27  70
 3  73  41  57  -8   8   0 0.00  0.0    0  3.6  9  80   M    M   0        14  70
 4  74  46  60  -5   5   0 0.00  0.0    0  4.7 13 120   M    M   0 1      16 120
 5  75  50  63  -1   2   0 0.00  0.0    0  5.4 12  90   M    M   0 1      15  90
 6  79  52  66   2   0   1 0.00  0.0    0  7.5 15  40   M    M   0        20  70
 7  81  58  70   6   0   5 0.00  0.0    0  6.9 14 140   M    M   3 1      17 140
 8  80  61  71   8   0   6    T  0.0    0  8.2 15 110   M    M   7 1      21  80
 9  79  64  72   9   0   7 0.00  0.0    0  6.3 16 140   M    M   7 1      21 130
10  83  63  73  10   0   8 0.00  0.0    0  3.8 13 270   M    M   5 12     17 280
11  85  63  74  12   0   9 0.00  0.0    0  7.4 14  10   M    M   4 12     19  30
12  82  56  69   7   0   4 0.00  0.0    0  5.2 12  50   M    M   0 8      19  30
13  82  55  69   7   0   4 0.00  0.0    0  5.0 12 130   M    M   1        15 140
14  80  57  69   7   0   4 0.00  0.0    0  7.9 15 170   M    M   4 12     23 230
15  75  51  63   2   2   0    T  0.0    0 11.5 29  10   M    M   2 18     44 360
16  70  43  57  -4   8   0 0.00  0.0    0  8.2 18  70   M    M   0        24  80
17  74  42  58  -3   7   0 0.00  0.0    0  8.9 20  50   M    M   0        25  50
18  72  45  59  -1   6   0 0.00  0.0    0  7.8 15  80   M    M   0        20  80
19  77  47  62   2   3   0 0.00  0.0    0  9.1 18 140   M    M   3        23 150
20  79  59  69   9   0   4 0.00  0.0    0  7.2 16 130   M    M   1 1      21 110
21  78  54  66   6   0   1 0.00  0.0    0  4.6 13  40   M    M   0 12     17  60
22  79  50  65   6   0   0 0.00  0.0    0  4.9 16  10   M    M   2 128    21  30
23  69  53  61   2   4   0 0.00  0.0    0  8.6 17  50   M    M   2        22  70
24  76  50  63   4   2   0 0.01  0.0    0 13.1 26 150   M    M   7        35 150
25  78  58  68  10   0   3 0.81  0.0    0  6.5 22 320   M    M   6 1      29 320
26  70  57  64   6   1   0 0.83  0.0    0  8.1 14  60   M    M   9 13      M  M
27  76  65  71  13   0   6 2.59  0.0    0  7.3 16 350   M    M   9 13     24 190
28  65  58  62   4   3   0 0.42  0.0    0  8.4 20  90   M    M   9 1      26  80
29  61  48  55  -2  10   0 0.55    M    0 14.5 26 320   M    M   9 1      37 340
================================================================================
SM 2198 1539        71  62  5.21     0.0 219.1          M       90
================================================================================
AV 75.8 53.1                               7.6 FASTST   M    M   3    MAX(MPH)
                                 MISC ---->  # 29  10               # 44  360
================================================================================
NOTES:
# LAST OF SEVERAL OCCURRENCES

COLUMN 17 PEAK WIND IN M.P.H.

PRELIMINARY LOCAL CLIMATOLOGICAL DATA (WS FORM: F-6) , PAGE 2

                                          STATION:  LAKE CHARLES
                                          MONTH:    NOVEMBER
                                          YEAR:     2020
                                          LATITUDE:   30  7 N
                                          LONGITUDE:  93 13 W

[TEMPERATURE DATA]      [PRECIPITATION DATA]       SYMBOLS USED IN COLUMN 16

AVERAGE MONTHLY: 64.4   TOTAL FOR MONTH:   5.21    1 = FOG OR MIST
DPTR FM NORMAL:   3.1   DPTR FM NORMAL:    0.92    2 = FOG REDUCING VISIBILITY
HIGHEST:    85 ON 11    GRTST 24HR  2.59 ON 27-27      TO 1/4 MILE OR LESS
LOWEST:     41 ON  3                               3 = THUNDER
                        SNOW, ICE PELLETS, HAIL    4 = ICE PELLETS
                        TOTAL MONTH:   0.0 INCH    5 = HAIL
                        GRTST 24HR     0.0         6 = FREEZING RAIN OR DRIZZLE
                        GRTST DEPTH:   0           7 = DUSTSTORM OR SANDSTORM:
                                                       VSBY 1/2 MILE OR LESS
                                                   8 = SMOKE OR HAZE
[NO. OF DAYS WITH]      [WEATHER - DAYS WITH]      9 = BLOWING SNOW
                                                   X = TORNADO
MAX 32 OR BELOW:   0    0.01 INCH OR MORE:   6
MAX 90 OR ABOVE:   0    0.10 INCH OR MORE:   5
MIN 32 OR BELOW:   0    0.50 INCH OR MORE:   4
MIN  0 OR BELOW:   0    1.00 INCH OR MORE:   1

[HDD (BASE 65) ]
TOTAL THIS MO.    71    CLEAR  (SCALE 0-3)  18
DPTR FM NORMAL   -91    PTCLDY (SCALE 4-7)   7
TOTAL FM JUL 1    98    CLOUDY (SCALE 8-10)  4
DPTR FM NORMAL  -100

[CDD (BASE 65) ]
TOTAL THIS MO.    62
DPTR FM NORMAL     9    [PRESSURE DATA]
TOTAL FM JAN 1  2962    HIGHEST SLP M ON M
DPTR FM NORMAL   176    LOWEST  SLP 29.83 ON 10

[REMARKS]
