000
CXUS54 KSHV 301400
CF6LFK
PRELIMINARY LOCAL CLIMATOLOGICAL DATA (WS FORM: F-6)

                                          STATION:   LUFKIN
                                          MONTH:     NOVEMBER
                                          YEAR:      2020
                                          LATITUDE:   31 14 N
                                          LONGITUDE:  94 45 W

  TEMPERATURE IN F:       :PCPN:    SNOW:  WIND      :SUNSHINE: SKY     :PK WND
================================================================================
1   2   3   4   5  6A  6B    7    8   9   10  11  12  13   14  15   16   17  18
                                     12Z  AVG MX 2MIN
DY MAX MIN AVG DEP HDD CDD  WTR  SNW DPTH SPD SPD DIR MIN PSBL S-S WX    SPD DR
================================================================================

 1  76  45  61  -2   4   0 0.00  0.0    0  5.0 16 360   M    M   0 1      23 340
 2  71  40  56  -7   9   0 0.00  0.0    0  2.9  8 350   M    M   0        12  10
 3  77  38  58  -4   7   0 0.00  0.0    0  0.9  8 210   M    M   0        11 150
 4  77  40  59  -3   6   0 0.00  0.0    0  4.1 12 160   M    M   0        15 190
 5  79  52  66   4   0   1 0.00  0.0    0  5.0 13 150   M    M   1        15 150
 6  79  48  64   3   1   0 0.00  0.0    0  3.0 12  90   M    M   0 1      14 110
 7  81  52  67   6   0   2 0.00  0.0    0  3.7 14  70   M    M   1        16  70
 8  78  57  68   7   0   3 0.00  0.0    0  5.8 13 140   M    M   6 12     19 120
 9  81  69  75  15   0  10 0.02  0.0    0  7.7 15 150   M    M  10 1      22 120
10  83  66  75  15   0  10 0.02  0.0    0  3.7  8 180   M    M   9 1      12 180
11  83  58  71  11   0   6 0.00  0.0    0  5.4 12  10   M    M   4        15 350
12  83  51  67   7   0   2 0.00  0.0    0  3.1 12 180   M    M   0        15 130
13  83  52  68   9   0   3 0.00  0.0    0  4.2 12 130   M    M   2        17  70
14  84  60  72  13   0   7 0.00  0.0    0  9.3 22 190   M    M   6        30 200
15  73  40  57  -1   8   0 0.04  0.0    0  6.5 23 350   M    M   2        35 350
16  72  33  53  -5  12   0 0.00  0.0    0  2.3 12 120   M    M   0        16  80
17  75  36  56  -2   9   0 0.00  0.0    0  4.0 14  70   M    M   0        18  90
18  75  45  60   3   5   0 0.00  0.0    0  5.5 15 130   M    M   0        19 120
19  78  41  60   3   5   0 0.00  0.0    0  7.2 15 150   M    M   1        22 150
20  76  57  67  10   0   2 0.00  0.0    0  4.4 10 140   M    M   6 12     12 140
21  80  53  67  11   0   2 0.00  0.0    0  3.9 13 100   M    M   4 12     16 120
22  82  53  68  12   0   3 0.00  0.0    0  4.5 18 360   M    M   7        23  20
23  69  51  60   4   5   0 0.00  0.0    0  6.9 13  80   M    M   5 1      17  10
24  73  50  62   7   3   0 0.01  0.0    0 11.8 21 150   M    M   7 1      30 160
25  74  45  60   5   5   0 0.70  0.0    0  4.8 24 300   M    M   4 13     33 300
26  75  41  58   3   7   0 0.00  0.0    0  5.3 12 140   M    M   5 1      15 130
27  69  61  65  11   0   0 1.12  0.0    0  5.1 13  20   M    M  10 123    19  30
28  61  53  57   3   8   0 0.08  0.0    0  6.0 15  70   M    M  10 1      18  50
29  56  43  50  -4  15   0 0.36  0.0    0  7.4 17 310   M    M   9 1      25 320
================================================================================
SM 2203 1430       109  51  2.35  0.0    149.4          M      109
================================================================================
AV 76.0 49.3                               5.2 FASTST   M    M   4    MAX(MPH)
                                 MISC ---->    24 300                 35 350
================================================================================
NOTES:
# LAST OF SEVERAL OCCURRENCES

COLUMN 17 PEAK WIND IN M.P.H.

PRELIMINARY LOCAL CLIMATOLOGICAL DATA (WS FORM: F-6) , PAGE 2

                                          STATION:   LUFKIN
                                          MONTH:     NOVEMBER
                                          YEAR:      2020
                                          LATITUDE:   31 14 N
                                          LONGITUDE:  94 45 W

[TEMPERATURE DATA]      [PRECIPITATION DATA]       SYMBOLS USED IN COLUMN 16

AVERAGE MONTHLY: 62.6   TOTAL FOR MONTH:   2.35    1 = FOG OR MIST
DPTR FM NORMAL:   4.3   DPTR FM NORMAL:   -2.49    2 = FOG REDUCING VISIBILITY
HIGHEST:    84 ON 14    GRTST 24HR  1.12 ON 27-27      TO 1/4 MILE OR LESS
LOWEST:     33 ON 16                               3 = THUNDER
                        SNOW, ICE PELLETS, HAIL    4 = ICE PELLETS
                        TOTAL MONTH:   0.0 INCH    5 = HAIL
                        GRTST 24HR  0.0            6 = FREEZING RAIN OR DRIZZLE
                        GRTST DEPTH:  0            7 = DUSTSTORM OR SANDSTORM:
                                                       VSBY 1/2 MILE OR LESS
                                                   8 = SMOKE OR HAZE
[NO. OF DAYS WITH]      [WEATHER - DAYS WITH]      9 = BLOWING SNOW
                                                   X = TORNADO
MAX 32 OR BELOW:   0    0.01 INCH OR MORE:   8
MAX 90 OR ABOVE:   0    0.10 INCH OR MORE:   3
MIN 32 OR BELOW:   0    0.50 INCH OR MORE:   2
MIN  0 OR BELOW:   0    1.00 INCH OR MORE:   1

[HDD (BASE 65) ]
TOTAL THIS MO.   109    CLEAR  (SCALE 0-3)  14
DPTR FM NORMAL  -120    PTCLDY (SCALE 4-7)  10
TOTAL FM JUL 1   175    CLOUDY (SCALE 8-10)  5
DPTR FM NORMAL  -120

[CDD (BASE 65) ]
TOTAL THIS MO.    51
DPTR FM NORMAL    12    [PRESSURE DATA]
TOTAL FM JAN 1  2903    HIGHEST SLP M ON M
DPTR FM NORMAL   320    LOWEST  SLP 29.80 ON 10

[REMARKS]
