000
CXUS53 KMPX 300647
CF6MPX
PRELIMINARY LOCAL CLIMATOLOGICAL DATA (WS FORM: F-6)

                                          STATION:   CHANHASSEN MN
                                          MONTH:     NOVEMBER
                                          YEAR:      2020
                                          LATITUDE:   44 50 N
                                          LONGITUDE:  93 34 W

  TEMPERATURE IN F:       :PCPN:    SNOW:  WIND      :SUNSHINE: SKY     :PK WND
================================================================================
1   2   3   4   5  6A  6B    7    8   9   10  11  12  13   14  15   16   17  18
                                     12Z  AVG MX 2MIN
DY MAX MIN AVG DEP HDD CDD  WTR  SNW DPTH SPD SPD DIR MIN PSBL S-S WX    SPD DR
================================================================================

 1  37  24  31 -10  34   0 0.00  0.0    0    M  M   M   M    M   M         M   M
 2  58  25  42   2  23   0 0.00  0.0    0    M  M   M   M    M   M         M   M
 3  76  29  53  13  12   0 0.00  0.0    0    M  M   M   M    M   M         M   M
 4  74  32  53  13  12   0 0.00  0.0    0    M  M   M   M    M   M         M   M
 5  66  43  55  16  10   0 0.00  0.0    0    M  M   M   M    M   M         M   M
 6  73  50  62  24   3   0 0.00  0.0    0    M  M   M   M    M   M         M   M
 7  71  57  64  26   1   0 0.00  0.0    0    M  M   M   M    M   M         M   M
 8  72  54  63  26   2   0 0.00  0.0    0    M  M   M   M    M   M         M   M
 9  65  30  48  11  17   0 0.19  0.0    0    M  M   M   M    M   M         M   M
10  31  24  28  -8  37   0 0.65  4.8    0    M  M   M   M    M   M         M   M
11  34  17  26 -10  39   0    T    T    4    M  M   M   M    M   M         M   M
12  28  19  24 -11  41   0 0.11  1.6    2    M  M   M   M    M   M         M   M
13  34   8  21 -13  44   0 0.00  0.0    4    M  M   M   M    M   M         M   M
14  36  27  32  -2  33   0 0.07  0.0    4    M  M   M   M    M   M         M   M
15  35  23  29  -4  36   0    T    T    T    M  M   M   M    M   M         M   M
16  40  23  32   0  33   0    T    T    T    M  M   M   M    M   M         M   M
17  32  15  24  -8  41   0 0.00  0.0    T    M  M   M   M    M   M         M   M
18  53  29  41  10  24   0 0.00  0.0    T    M  M   M   M    M   M         M   M
19  53  37  45  15  20   0 0.00  0.0    0    M  M   M   M    M   M         M   M
20  40  25  33   3  32   0    T  0.0    0    M  M   M   M    M   M         M   M
21  38  19  29   0  36   0 0.00  0.0    0    M  M   M   M    M   M         M   M
22  40  28  34   5  31   0 0.07  0.3    0    M  M   M   M    M   M         M   M
23  36  18  27  -1  38   0 0.00  0.0    0    M  M   M   M    M   M         M   M
24  35  31  33   5  32   0 0.01    T    0    M  M   M   M    M   M         M   M
25  35  33  34   7  31   0 0.00  0.0    0    M  M   M   M    M   M         M   M
26  34  25  30   4  35   0 0.00  0.0    0    M  M   M   M    M   M         M   M
27  34  25  30   4  35   0 0.00  0.0    0    M  M   M   M    M   M         M   M
28  50  28  39  14  26   0 0.00  0.0    0    M  M   M   M    M   M         M   M
29  40  21  31   6  34   0 0.00  0.0    0    M  M   M   M    M   M         M   M
================================================================================
SM 1350  819       792   0  1.10  6.7        M          M        M
================================================================================
AV 46.6 28.2                                 M FASTST   M    M   M    MAX(MPH)
                                 MISC ---->     M   M                  M   M
================================================================================
NOTES:
# LAST OF SEVERAL OCCURRENCES

COLUMN 17 PEAK WIND IN M.P.H.

PRELIMINARY LOCAL CLIMATOLOGICAL DATA (WS FORM: F-6) , PAGE 2

                                          STATION:   CHANHASSEN MN
                                          MONTH:     NOVEMBER
                                          YEAR:      2020
                                          LATITUDE:   44 50 N
                                          LONGITUDE:  93 34 W

[TEMPERATURE DATA]      [PRECIPITATION DATA]       SYMBOLS USED IN COLUMN 16

AVERAGE MONTHLY: 37.4   TOTAL FOR MONTH:   1.10    1 = FOG OR MIST
DPTR FM NORMAL:   4.4   DPTR FM NORMAL:   -0.81    2 = FOG REDUCING VISIBILITY
HIGHEST:    76 ON  3    GRTST 24HR  0.65 ON 10-10      TO 1/4 MILE OR LESS
LOWEST:      8 ON 13                               3 = THUNDER
                        SNOW, ICE PELLETS, HAIL    4 = ICE PELLETS
                        TOTAL MONTH:   6.7 INCHES  5 = HAIL
                        GRTST 24HR   4.8 ON 10-10  6 = FREEZING RAIN OR DRIZZLE
                        GRTST DEPTH:   4 ON 14,13  7 = DUSTSTORM OR SANDSTORM:
                                                       VSBY 1/2 MILE OR LESS
                                                   8 = SMOKE OR HAZE
[NO. OF DAYS WITH]      [WEATHER - DAYS WITH]      9 = BLOWING SNOW
                                                   X = TORNADO
MAX 32 OR BELOW:   3    0.01 INCH OR MORE:   6
MAX 90 OR ABOVE:   0    0.10 INCH OR MORE:   3
MIN 32 OR BELOW:  23    0.50 INCH OR MORE:   1
MIN  0 OR BELOW:   0    1.00 INCH OR MORE:   0

[HDD (BASE 65) ]
TOTAL THIS MO.   792    CLEAR  (SCALE 0-3)   0
DPTR FM NORMAL  -137    PTCLDY (SCALE 4-7)   0
TOTAL FM JUL 1  1730    CLOUDY (SCALE 8-10) 29
DPTR FM NORMAL    65

[CDD (BASE 65) ]
TOTAL THIS MO.     0
DPTR FM NORMAL     0    [PRESSURE DATA]
TOTAL FM JAN 1   660    HIGHEST SLP M ON M
DPTR FM NORMAL    55    LOWEST  SLP M ON M

[REMARKS]
