877
CXUS54 KLIX 300910
CF6NEW
PRELIMINARY LOCAL CLIMATOLOGICAL DATA (WS FORM: F-6)

                                          STATION:   LAKEFRONT AIRPORT
                                          MONTH:     NOVEMBER
                                          YEAR:      2020
                                          LATITUDE:   30  1 N
                                          LONGITUDE:  90  2 W

  TEMPERATURE IN F:       :PCPN:    SNOW:  WIND      :SUNSHINE: SKY     :PK WND
================================================================================
1   2   3   4   5  6A  6B    7    8   9   10  11  12  13   14  15   16   17  18
                                     12Z  AVG MX 2MIN
DY MAX MIN AVG DEP HDD CDD  WTR  SNW DPTH SPD SPD DIR MIN PSBL S-S WX    SPD DR
================================================================================

 1  76  62  69   1   0   4 0.00    M    M 16.4 31  20   M    M   0 8      37  20
 2  69  55  62  -6   3   0 0.00    M    M 18.7 31  40   M    M   0        36  30
 3  70  55  63  -4   2   0 0.00    M    M  8.3 18  60   M    M   0        21  60
 4  74  55  65  -2   0   0 0.00    M    M  7.4 12 100   M    M   0        14 100
 5  75  62  69   2   0   4 0.00    M    M  8.9 15  50   M    M   2        16  50
 6  77  65  71   5   0   6    T    M    M 10.8 17  60   M    M   4        19  60
 7  74  69  72   6   0   7 0.18    M    M  9.9 22  80   M    M   7 1      26  80
 8  77  70  74   8   0   9 0.02    M    M 14.8 24  80   M    M   8        30  70
 9  80  69  75   9   0  10 0.00    M    M  8.7 17  80   M    M   1        21  70
10  79  72  76  11   0  11    T    M    M  7.8 15  70   M    M   9 18     19  80
11  77  72  75  10   0  10    T    M    M  7.3 16 360   M    M   7 128    19 360
12  75  68  72   7   0   7 0.00    M    M  8.5 16  10   M    M   4 18     19  10
13  79  65  72   8   0   7 0.00    M    M  7.2 16  40   M    M   0        18  40
14  83  65  74  10   0   9 0.00    M    M  8.5 18 160   M    M   1 1      22 130
15  81  64  73   9   0   8 0.00    M    M 12.6 25  10   M    M   1        32 360
16  71  59  65   1   0   0 0.00    M    M 15.8 26  60   M    M   0        30  60
17  74  60  67   4   0   2 0.00    M    M 15.5 25  50   M    M   0        29  50
18  69  57  63   0   2   0 0.00    M    M 14.6 25  60   M    M   0        31  60
19  73  59  66   3   0   1 0.00    M    M 12.6 20  90   M    M   2        24 100
20  76  64  70   8   0   5 0.00    M    M 10.2 17  90   M    M   1        22  90
21  77  64  71   9   0   6 0.00    M    M  9.1 16 100   M    M   0        19 100
22  74  64  69   7   0   4 0.00    M    M  7.5 12  10   M    M   0        13 360
23  68  59  64   2   1   0 0.00    M    M 12.8 24  20   M    M   3        28  20
24  80  58  69   8   0   4 0.00    M    M 11.7 18 130   M    M   3        22 120
25  83  69  76  15   0  11 1.24    M    M 12.3 25 190   M    M   6 13     31 180
26  70  66  68   7   0   3 0.00    M    M  8.4  9  30   M    M   3 1       9  30
27  79  68  74  14   0   9 0.00    M    M  8.4 28 330   M    M   4 12     33 320
28  66  66  66   6   0   1 0.00    M    M  7.3 12  40   M    M   2        12  40
29  72  63  68   8   0   3 0.00    M    M 12.8 21 290   M    M   4 1      21 290
================================================================================
SM 2178 1844         8 141  1.44    M    314.9          M       72
================================================================================
AV 75.1 63.6                              10.9 FASTST   M    M   2    MAX(MPH)
                                 MISC ---->  # 31  20                 37  20
================================================================================
NOTES:
# LAST OF SEVERAL OCCURRENCES

COLUMN 17 PEAK WIND IN M.P.H.

PRELIMINARY LOCAL CLIMATOLOGICAL DATA (WS FORM: F-6) , PAGE 2

                                          STATION:   LAKEFRONT AIRPORT
                                          MONTH:     NOVEMBER
                                          YEAR:      2020
                                          LATITUDE:   30  1 N
                                          LONGITUDE:  90  2 W

[TEMPERATURE DATA]      [PRECIPITATION DATA]       SYMBOLS USED IN COLUMN 16

AVERAGE MONTHLY: 69.3   TOTAL FOR MONTH:   1.44    1 = FOG OR MIST
DPTR FM NORMAL:   5.5   DPTR FM NORMAL:   -2.52    2 = FOG REDUCING VISIBILITY
HIGHEST:    83 ON 25,14  GRTST 24HR  1.24 ON 25-25      TO 1/4 MILE OR LESS
LOWEST:     55 ON  4, 3                             3 = THUNDER
                        SNOW, ICE PELLETS, HAIL    4 = ICE PELLETS
                        TOTAL MONTH:  M            5 = HAIL
                        GRTST 24HR    M  ON   M    6 = FREEZING RAIN OR DRIZZLE
                        GRTST DEPTH:  M  ON   M    7 = DUSTSTORM OR SANDSTORM:
                                                       VSBY 1/2 MILE OR LESS
                                                   8 = SMOKE OR HAZE
[NO. OF DAYS WITH]      [WEATHER - DAYS WITH]      9 = BLOWING SNOW
                                                   X = TORNADO
MAX 32 OR BELOW:   0    0.01 INCH OR MORE:   3
MAX 90 OR ABOVE:   0    0.10 INCH OR MORE:   2
MIN 32 OR BELOW:   0    0.50 INCH OR MORE:   1
MIN  0 OR BELOW:   0    1.00 INCH OR MORE:   1

[HDD (BASE 65) ]
TOTAL THIS MO.     8    CLEAR  (SCALE 0-3)  19
DPTR FM NORMAL  -102    PTCLDY (SCALE 4-7)   9
TOTAL FM JUL 1    20    CLOUDY (SCALE 8-10)  1
DPTR FM NORMAL  -106

[CDD (BASE 65) ]
TOTAL THIS MO.   141
DPTR FM NORMAL    65    [PRESSURE DATA]
TOTAL FM JAN 1  3381    HIGHEST SLP M ON M
DPTR FM NORMAL   200    LOWEST  SLP 29.73 ON 29

[REMARKS]
