000
CXUS54 KMAF 301210
CF6PEQ
PRELIMINARY LOCAL CLIMATOLOGICAL DATA (WS FORM: F-6)

                                          STATION:   PECOS MUNICIPAL AIRPORT
                                          MONTH:     NOVEMBER
                                          YEAR:      2020
                                          LATITUDE:   31 22 N
                                          LONGITUDE: 103 31 W

  TEMPERATURE IN F:       :PCPN:    SNOW:  WIND      :SUNSHINE: SKY     :PK WND
================================================================================
1   2   3   4   5  6A  6B    7    8   9   10  11  12  13   14  15   16   17  18
                                     12Z  AVG MX 2MIN
DY MAX MIN AVG DEP HDD CDD  WTR  SNW DPTH SPD SPD DIR MIN PSBL S-S WX    SPD DR
================================================================================

 1  73  47  60   M   5   0    M    M    M  4.5  8 360   M    M   0         M   M
 2  77  42  60   M   5   0    M    M    M  6.9 13  90   M    M   0        17 100
 3  82  39  61   M   4   0    M    M    M  4.1 10  80   M    M   0         M   M
 4  87  42  65   M   0   0    M    M    M  2.3  7  60   M    M   0         M   M
 5  86  45  66   M   0   1    M    M    M  4.4  7 280   M    M   0         M   M
 6  83  41  62   M   3   0    M    M    M  6.4 14 100   M    M   0        24 110
 7  87  48  68   M   0   3    M    M    M 11.7 23 120   M    M   0        26 120
 8  89  50  70   M   0   5    M    M    M 10.8 22 140   M    M   1        26 140
 9  87  54  71   M   0   6    M    M    M  8.2 20 230   M    M   0        28 230
10  67  41  54   M  11   0    M    M    M  4.9 16 280   M    M   0        16 280
11  74  35  55   M  10   0    M    M    M  2.7  8 270   M    M   0         M   M
12  80  38  59   M   6   0    M    M    M  2.9  7 200   M    M   0         M   M
13  58  49  54   M  11   0    M    M    M  6.3 18 320   M    M   5        29 320
14  82  38  60   M   5   0    M    M    M 12.1 28 240   M    M   0        33 240
15  66  40  53   M  12   0    M    M    M  5.9 15 100   M    M   0        18 100
16  78  31  55   M  10   0    M    M    M  3.3  6  80   M    M   0 8       M   M
17  75  37  56   M   9   0    M    M    M  5.9 14 100   M    M   0         M   M
18  83  32  58   M   7   0    M    M    M  4.7  9 120   M    M   0         M   M
19  84  43  64   M   1   0    M    M    M  5.8 12  90   M    M   0         M   M
20  82  45  64   M   1   0    M    M    M  4.6 13 360   M    M   0         M   M
21  72  41  57   M   8   0    M    M    M  4.2  9  90   M    M   0         M   M
22  68  47  58   M   7   0    M    M    M  9.0 17  50   M    M   5        21  40
23  80  52  66   M   0   1    M    M    M 11.7 20 120   M    M   5        25 150
24  80  44  62   M   3   0    M    M    M 11.0 28 290   M    M   0        35 250
25  70  33  52   M  13   0    M    M    M  3.5  9  30   M    M   0         M   M
26  79  34  57   M   8   0    M    M    M  3.4 16 270   M    M   0        20 270
27  58  47  53   M  12   0    M    M    M  5.6 14  40   M    M   5         M   M
28  58  37  48   M  17   0    M    M    M  5.8 12  50   M    M   5        17 290
29  60  31  46   M  19   0    M    M    M  8.6 16  10   M    M   0        23  20
================================================================================
SM 2205 1203       187  16     M    M    180.8          M       26
================================================================================
AV 76.0 41.5                               6.2 FASTST   M    M   1    MAX(MPH)
                                 MISC ---->  # 28 240                 35 250
================================================================================
NOTES:
# LAST OF SEVERAL OCCURRENCES

COLUMN 17 PEAK WIND IN M.P.H.

PRELIMINARY LOCAL CLIMATOLOGICAL DATA (WS FORM: F-6) , PAGE 2

                                          STATION:   PECOS MUNICIPAL AIRPORT
                                          MONTH:     NOVEMBER
                                          YEAR:      2020
                                          LATITUDE:   31 22 N
                                          LONGITUDE: 103 31 W

[TEMPERATURE DATA]      [PRECIPITATION DATA]       SYMBOLS USED IN COLUMN 16

AVERAGE MONTHLY: 58.8   TOTAL FOR MONTH:      M    1 = FOG OR MIST
DPTR FM NORMAL:   0.0   DPTR FM NORMAL:       M    2 = FOG REDUCING VISIBILITY
HIGHEST:    89 ON  8    GRTST 24HR      M ON  M       TO 1/4 MILE OR LESS
LOWEST:     31 ON 29,16                             3 = THUNDER
                        SNOW, ICE PELLETS, HAIL    4 = ICE PELLETS
                        TOTAL MONTH:  M            5 = HAIL
                        GRTST 24HR    M  ON   M    6 = FREEZING RAIN OR DRIZZLE
                        GRTST DEPTH:  M  ON   M    7 = DUSTSTORM OR SANDSTORM:
                                                       VSBY 1/2 MILE OR LESS
                                                   8 = SMOKE OR HAZE
[NO. OF DAYS WITH]      [WEATHER - DAYS WITH]      9 = BLOWING SNOW
                                                   X = TORNADO
MAX 32 OR BELOW:   0    0.01 INCH OR MORE:   0
MAX 90 OR ABOVE:   0    0.10 INCH OR MORE:   0
MIN 32 OR BELOW:   3    0.50 INCH OR MORE:   0
MIN  0 OR BELOW:   0    1.00 INCH OR MORE:   0

[HDD (BASE 65) ]
TOTAL THIS MO.   187    CLEAR  (SCALE 0-3)  24
DPTR FM NORMAL     M    PTCLDY (SCALE 4-7)   5
TOTAL FM JUL 1   350    CLOUDY (SCALE 8-10)  0
DPTR FM NORMAL     M

[CDD (BASE 65) ]
TOTAL THIS MO.    16
DPTR FM NORMAL     M    [PRESSURE DATA]
TOTAL FM JAN 1  3084    HIGHEST SLP M ON M
DPTR FM NORMAL     M    LOWEST  SLP M ON M

[REMARKS]
