000
CXUS52 KTBW 301000
CF6PIE
PRELIMINARY LOCAL CLIMATOLOGICAL DATA (WS FORM: F-6)

                                          STATION:   St Petersburg Clearwater
                                          MONTH:     NOVEMBER
                                          YEAR:      2020
                                          LATITUDE:   27 55 N
                                          LONGITUDE:  82 41 W

  TEMPERATURE IN F:       :PCPN:    SNOW:  WIND      :SUNSHINE: SKY     :PK WND
================================================================================
1   2   3   4   5  6A  6B    7    8   9   10  11  12  13   14  15   16   17  18
                                     12Z  AVG MX 2MIN
DY MAX MIN AVG DEP HDD CDD  WTR  SNW DPTH SPD SPD DIR MIN PSBL S-S WX    SPD DR
================================================================================

 1  86  73  80   M   0  15 0.27  0.0    0  8.5 17 360   M    M   7        24 360
 2  73  60  67   M   0   2 0.00  0.0    0 15.9 22  20   M    M   0        29 360
 3  77  57  67   M   0   2 0.00  0.0    0 12.0 18  40   M    M   0        27  30
 4  81  63  72   M   0   7 0.00  0.0    0 11.6 17  70   M    M   1        24  70
 5  84  68  76   M   0  11 0.00  0.0    0  9.9 16  70   M    M   3        22  60
 6  85  70  78   M   0  13 0.00  0.0    0  9.5 15 100   M    M   1        20  70
 7  84  72  78   M   0  13 0.00  0.0    0 13.1 22  70   M    M   2        29  70
 8  84  74  79   M   0  14    T  0.0    0 15.4 25  70   M    M   4        35  60
 9  83  76  80   M   0  15 0.26  0.0    0 13.9 25  70   M    M   7 138    39  80
10  88  76  82   M   0  17 0.06  0.0    0 11.2 25 110   M    M   4 1      31 120
11  78  73  76   M   0  11 5.88  0.0    0 20.2 41 150   M    M   8 1      58 160
12  82  74  78   M   0  13 0.21  0.0    0 13.8 32 200   M    M   9 1      43 200
13  84  71  78   M   0  13 0.00  0.0    0  6.5 16 320   M    M   3 8      18 320
14  84  70  77   M   0  12 0.00  0.0    0  7.4 15 100   M    M   4        23 100
15  86  74  80   M   0  15 0.00  0.0    0  6.4 12 290   M    M   5        15 120
16  83  70  77   M   0  12 0.00  0.0    0  7.8 15  10   M    M   3        19  20
17  76  61  69   M   0   4 0.00  0.0    0 11.6 17  30   M    M   0        24  30
18  76  57  67   M   0   2 0.00  0.0    0 14.9 22  50   M    M   0        30  70
19  74  59  67   M   0   2 0.00  0.0    0 11.9 18  30   M    M   3        26  30
20  79  63  71   M   0   6 0.00  0.0    0  9.7 16  60   M    M   4        21  70
21  77  67  72   M   0   7    T  0.0    0  9.1 16  90   M    M   9 1      22 100
22  78  66  72   M   0   7 0.00  0.0    0  7.2 13  50   M    M   5 1      18  50
23  78  67  73   M   0   8 0.00  0.0    0  8.7 15  10   M    M   4        21  20
24  80  64  72   M   0   7 0.00  0.0    0  8.1 14  70   M    M   1        18 100
25  82  65  74   M   0   9 0.00  0.0    0  7.5 22 130   M    M   3        28 140
26  83  64  74   M   0   9 0.00  0.0    0  3.8 13 190   M    M   1        18 190
27  83  66  75   M   0  10 0.00  0.0    0  3.4 10 290   M    M   1        14 100
28  82  64  73   M   0   8 0.00  0.0    0  3.5 13 230   M    M   0 1      19 260
29  82  65  74   M   0   9 0.00  0.0    0  5.6 13 210   M    M   0 1      17 180
================================================================================
SM 2352 1949         0 273  6.68     0.0 288.1          M       92
================================================================================
AV 81.1 67.2                               9.9 FASTST   M    M   3    MAX(MPH)
                                 MISC ---->  # 41 150               # 58  160
================================================================================
NOTES:
# LAST OF SEVERAL OCCURRENCES

COLUMN 17 PEAK WIND IN M.P.H.

PRELIMINARY LOCAL CLIMATOLOGICAL DATA (WS FORM: F-6) , PAGE 2

                                          STATION:  St Petersburg Clearwater
                                          MONTH:    NOVEMBER
                                          YEAR:     2020
                                          LATITUDE:   27 55 N
                                          LONGITUDE:  82 41 W

[TEMPERATURE DATA]      [PRECIPITATION DATA]       SYMBOLS USED IN COLUMN 16

AVERAGE MONTHLY: 74.2   TOTAL FOR MONTH:   6.68    1 = FOG OR MIST
DPTR FM NORMAL:     M   DPTR FM NORMAL:       M    2 = FOG REDUCING VISIBILITY
HIGHEST:    88 ON 10    GRTST 24HR  5.88 ON 11-11      TO 1/4 MILE OR LESS
LOWEST:     57 ON 18, 3                            3 = THUNDER
                        SNOW, ICE PELLETS, HAIL    4 = ICE PELLETS
                        TOTAL MONTH:   0.0 INCH    5 = HAIL
                        GRTST 24HR     0.0         6 = FREEZING RAIN OR DRIZZLE
                        GRTST DEPTH:   0           7 = DUSTSTORM OR SANDSTORM:
                                                       VSBY 1/2 MILE OR LESS
                                                   8 = SMOKE OR HAZE
[NO. OF DAYS WITH]      [WEATHER - DAYS WITH]      9 = BLOWING SNOW
                                                   X = TORNADO
MAX 32 OR BELOW:   0    0.01 INCH OR MORE:   5
MAX 90 OR ABOVE:   0    0.10 INCH OR MORE:   4
MIN 32 OR BELOW:   0    0.50 INCH OR MORE:   1
MIN  0 OR BELOW:   0    1.00 INCH OR MORE:   1

[HDD (BASE 65) ]
TOTAL THIS MO.     0    CLEAR  (SCALE 0-3)  15
DPTR FM NORMAL     M    PTCLDY (SCALE 4-7)  12
TOTAL FM JUL 1     0    CLOUDY (SCALE 8-10)  2
DPTR FM NORMAL     0

[CDD (BASE 65) ]
TOTAL THIS MO.   273
DPTR FM NORMAL     M    [PRESSURE DATA]
TOTAL FM JAN 1  4587    HIGHEST SLP M ON M
DPTR FM NORMAL  1544    LOWEST  SLP 29.67 ON  9

[REMARKS]
