000
CXUS56 KLOX 301655
CF6PMD
PRELIMINARY LOCAL CLIMATOLOGICAL DATA (WS FORM: F-6)

                                          STATION:   PALMDALE AIRPORT CA
                                          MONTH:     NOVEMBER
                                          YEAR:      2020
                                          LATITUDE:   34 37 N
                                          LONGITUDE: 118  5 W

  TEMPERATURE IN F:       :PCPN:    SNOW:  WIND      :SUNSHINE: SKY     :PK WND
================================================================================
1   2   3   4   5  6A  6B    7    8   9   10  11  12  13   14  15   16   17  18
                                     12Z  AVG MX 2MIN
DY MAX MIN AVG DEP HDD CDD  WTR  SNW DPTH SPD SPD DIR MIN PSBL S-S WX    SPD DR
================================================================================

 1  81  44  63   6   2   0 0.00  0.0    0  4.5 10 190   M    M   0        11 190
 2  84  46  65   8   0   0 0.00  0.0    0  4.6 12 190   M    M   0        12 180
 3  86  47  67  11   0   2 0.00  0.0    0  4.3 12 180   M    M   0        13 360
 4  86  45  66  10   0   1 0.00  0.0    0  4.7 15  30   M    M   0        18  10
 5  82  45  64   8   1   0 0.00  0.0    0  3.9 10 200   M    M   0        12 200
 6  82  50  66  11   0   1 0.00  0.0    0 12.6 32 210   M    M   1        41 210
 7  54  41  48  -7  17   0 0.19    M    0 15.6 33 260   M    M   3 3      41 260
 8  54  34  44 -10  21   0 0.05    M    0 15.8 37 270   M    M   5        45 300
 9  54  28  41 -13  24   0 0.00  0.0    0  5.2 10 300   M    M   0        15 280
10  59  26  43 -11  22   0 0.00  0.0    0  5.2 13  10   M    M   0        17  80
11  65  30  48  -5  17   0 0.00  0.0    0  3.7 10 200   M    M   0        12 360
12  66  35  51  -2  14   0 0.00  0.0    0  2.8  9 210   M    M   0        10 200
13  69  35  52   0  13   0 0.00  0.0    0 11.8 30 250   M    M   0        38 250
14  73  42  58   6   7   0 0.00  0.0    0  7.7 31 240   M    M   0        42 250
15  73  36  55   3  10   0 0.00    M    0  3.6  8 270   M    M   0 8      10  60
16  74  35  55   4  10   0 0.00  0.0    0  3.7 10 200   M    M   0        12  10
17  80  42  61  10   4   0 0.00  0.0    0  8.2 22 220   M    M   0        28 220
18  70  45  58   7   7   0 0.00  0.0    0 13.4 26 230   M    M   0        35 230
19  70  43  57   7   8   0 0.00  0.0    0  8.1 21 270   M    M   0        25 280
20  68  38  53   3  12   0 0.00  0.0    0  2.4  8 190   M    M   0 8      10  20
21  70  37  54   4  11   0 0.00  0.0    0  3.3  9  20   M    M   0        12  30
22  71  36  54   5  11   0 0.00  0.0    0  4.2 13 240   M    M   0        23 170
23  66  39  53   4  12   0 0.00  0.0    0 12.1 28 280   M    M   0        33 270
24  65  33  49   1  16   0 0.00  0.0    0  6.3 16  30   M    M   0 8      24  50
25  69  32  51   3  14   0 0.00  0.0    0  9.6 18 290   M    M   0        32 280
26   M   M   M   M   M   M    M    M    M   M   M   M   M    M   M         M  M
27  60  31  46  -2  19   0 0.00  0.0    M 11.5 22  90   M    M   0        27  80
28  63  26  45  -2  20   0 0.00  0.0    0  3.2 10  20   M    M   0        13  30
29  66  25  46  -1  19   0 0.00  0.0    0  4.0 10 190   M    M   0        12  20
================================================================================
SM 1960 1046       311   4  0.24     0.0 196.0          M        9
================================================================================
AV 70.0 37.4                               7.0 FASTST   M    M   0    MAX(MPH)
                                 MISC ---->  # 37 270               # 45  300
================================================================================
NOTES:
# LAST OF SEVERAL OCCURRENCES

COLUMN 17 PEAK WIND IN M.P.H.

PRELIMINARY LOCAL CLIMATOLOGICAL DATA (WS FORM: F-6) , PAGE 2

                                          STATION:  PALMDALE AIRPORT CA
                                          MONTH:    NOVEMBER
                                          YEAR:     2020
                                          LATITUDE:   34 37 N
                                          LONGITUDE: 118  5 W

[TEMPERATURE DATA]      [PRECIPITATION DATA]       SYMBOLS USED IN COLUMN 16

AVERAGE MONTHLY: 53.7   TOTAL FOR MONTH:   0.24    1 = FOG OR MIST
DPTR FM NORMAL:   1.9   DPTR FM NORMAL:   -0.44    2 = FOG REDUCING VISIBILITY
HIGHEST:    86 ON  4, 3 GRTST 24HR  0.19 ON  7- 7      TO 1/4 MILE OR LESS
LOWEST:     25 ON 29                               3 = THUNDER
                        SNOW, ICE PELLETS, HAIL    4 = ICE PELLETS
                        TOTAL MONTH:   0.0 INCH    5 = HAIL
                        GRTST 24HR     0.0         6 = FREEZING RAIN OR DRIZZLE
                        GRTST DEPTH:   0           7 = DUSTSTORM OR SANDSTORM:
                                                       VSBY 1/2 MILE OR LESS
                                                   8 = SMOKE OR HAZE
[NO. OF DAYS WITH]      [WEATHER - DAYS WITH]      9 = BLOWING SNOW
                                                   X = TORNADO
MAX 32 OR BELOW:   0    0.01 INCH OR MORE:   2
MAX 90 OR ABOVE:   0    0.10 INCH OR MORE:   1
MIN 32 OR BELOW:   7    0.50 INCH OR MORE:   0
MIN  0 OR BELOW:   0    1.00 INCH OR MORE:   0

[HDD (BASE 65) ]
TOTAL THIS MO.   311    CLEAR  (SCALE 0-3)  27
DPTR FM NORMAL   -71    PTCLDY (SCALE 4-7)   1
TOTAL FM JUL 1   363    CLOUDY (SCALE 8-10)  0
DPTR FM NORMAL  -146

[CDD (BASE 65) ]
TOTAL THIS MO.     4
DPTR FM NORMAL     4    [PRESSURE DATA]
TOTAL FM JAN 1  2320    HIGHEST SLP M ON M
DPTR FM NORMAL   506    LOWEST  SLP 29.58 ON  6

[REMARKS]
