274
NZUS97 KBTV 300800
CF6PTD
PRELIMINARY LOCAL CLIMATOLOGICAL DATA (WS FORM: F-6)

                                          STATION:   POTSDAM MUNICIPAL DAMON FIELD
                                          MONTH:     NOVEMBER
                                          YEAR:      2020
                                          LATITUDE:   44 40 N
                                          LONGITUDE:  74 57 W

  TEMPERATURE IN F:       :PCPN:    SNOW:  WIND      :SUNSHINE: SKY     :PK WND
================================================================================
1   2   3   4   5  6A  6B    7    8   9   10  11  12  13   14  15   16   17  18
                                     12Z  AVG MX 2MIN
DY MAX MIN AVG DEP HDD CDD  WTR  SNW DPTH SPD SPD DIR MIN PSBL S-S WX    SPD DR
================================================================================

 1  52  36  44   M  21   0 0.14    M    M 14.6 25 210   M    M   6        31 210
 2  37  28  33   M  32   0 0.03    M    M 15.8 24 230   M    M   9        43 310
 3  37  27  32   M  33   0 0.01    M    M  8.9 31 330   M    M   6        31 330
 4  61  27  44   M  21   0 0.00    M    M  7.7 20 210   M    M   5        26 220
 5  70  55  63   M   2   0 0.00    M    M 13.8 26 210   M    M   4        30 220
 6  66  54  60   M   5   0 0.00    M    M 15.9 27 230   M    M   4        33 230
 7  70  54  62   M   3   0 0.00    M    M 12.4 20 240   M    M   3        25 250
 8  70  50  60   M   5   0 0.00    M    M  9.1 15 230   M    M   3        18 230
 9  73  45  59   M   6   0 0.00    M    M  5.3 12 220   M    M   1        13 220
10  75  57  66   M   0   1 0.00    M    M  9.0 16 230   M    M   0        28 230
11  68  45  57   M   8   0 0.02    M    M 14.9 28 220   M    M   6 1      33 220
12  45  27  36   M  29   0 0.00    M    M  3.4  9 330   M    M   3        13 280
13  45  25  35   M  30   0 0.00    M    M  4.8 15 260   M    M   6        18 270
14  41  21  31   M  34   0 0.00    M    M  8.4 18 320   M    M   8        22 270
15  52  25  39   M  26   0 0.33    M    M 12.5 30 190   M    M   8 18     36 180
16  46  34  40   M  25   0 0.01    M    M 21.6 30 250   M    M  10        40 240
17  36  19  28   M  37   0 0.00    M    M  9.6 17 350   M    M  10        23 350
18  25  16  21   M  44   0 0.00    M    M  7.1 16 300   M    M   8        16 300
19  55  21  38   M  27   0 0.00    M    M 12.7 29 230   M    M   6        29 230
20  61  48  55   M  10   0 0.00    M    M 18.1 31 230   M    M   9        35 250
21  50  32  41   M  24   0 0.00    M    M  7.9 16 260   M    M   8        20 280
22  36  25  31   M  34   0 0.28    M    M  4.6 12  60   M    M   9        16  70
23  45  32  39   M  26   0 0.26    M    M  9.6 22 240   M    M  10        24 280
24  32  19  26   M  39   0 0.00    M    M  5.7 13 340   M    M   5        20 320
25  41  21  31   M  34   0 0.13    M    M  3.7  8 200   M    M   9        15 200
26  52  36  44   M  21   0 0.10    M    M  5.8 15 240   M    M  10 1      22 240
27  48  41  45   M  20   0 0.03    M    M  5.3  9 300   M    M  10 1      16 240
28  43  37  40   M  25   0 0.06    M    M  8.9 20 260   M    M   9 1      21 260
29  48  32  40   M  25   0 0.00    M    M  9.1 16 240   M    M   4        22 250
================================================================================
SM 1480  989       646   1  1.40    M    286.2          M      189
================================================================================
AV 51.0 34.1                               9.9 FASTST   M    M   7    MAX(MPH)
                                 MISC ---->  # 31 330                 43 310
================================================================================
NOTES:
# LAST OF SEVERAL OCCURRENCES

COLUMN 17 PEAK WIND IN M.P.H.

PRELIMINARY LOCAL CLIMATOLOGICAL DATA (WS FORM: F-6) , PAGE 2

                                          STATION:   POTSDAM MUNICIPAL DAMON FIELD
                                          MONTH:     NOVEMBER
                                          YEAR:      2020
                                          LATITUDE:   44 40 N
                                          LONGITUDE:  74 57 W

[TEMPERATURE DATA]      [PRECIPITATION DATA]       SYMBOLS USED IN COLUMN 16

AVERAGE MONTHLY: 42.6   TOTAL FOR MONTH:   1.40    1 = FOG OR MIST
DPTR FM NORMAL:   0.0   DPTR FM NORMAL:    1.40    2 = FOG REDUCING VISIBILITY
HIGHEST:    75 ON 10    GRTST 24HR  0.33 ON 15-15      TO 1/4 MILE OR LESS
LOWEST:     16 ON 18                               3 = THUNDER
                        SNOW, ICE PELLETS, HAIL    4 = ICE PELLETS
                        TOTAL MONTH:  M            5 = HAIL
                        GRTST 24HR    M  ON   M    6 = FREEZING RAIN OR DRIZZLE
                        GRTST DEPTH:  M  ON   M    7 = DUSTSTORM OR SANDSTORM:
                                                       VSBY 1/2 MILE OR LESS
                                                   8 = SMOKE OR HAZE
[NO. OF DAYS WITH]      [WEATHER - DAYS WITH]      9 = BLOWING SNOW
                                                   X = TORNADO
MAX 32 OR BELOW:   2    0.01 INCH OR MORE:  12
MAX 90 OR ABOVE:   0    0.10 INCH OR MORE:   5
MIN 32 OR BELOW:  16    0.50 INCH OR MORE:   0
MIN  0 OR BELOW:   0    1.00 INCH OR MORE:   0

[HDD (BASE 65) ]
TOTAL THIS MO.   646    CLEAR  (SCALE 0-3)   4
DPTR FM NORMAL     M    PTCLDY (SCALE 4-7)  14
TOTAL FM JUL 1  1457    CLOUDY (SCALE 8-10) 11
DPTR FM NORMAL     M

[CDD (BASE 65) ]
TOTAL THIS MO.     1
DPTR FM NORMAL     M    [PRESSURE DATA]
TOTAL FM JAN 1   617    HIGHEST SLP M ON M
DPTR FM NORMAL     M    LOWEST  SLP M ON M

[REMARKS]
