000
CXUS56 KLOX 301655
CF6SMO
PRELIMINARY LOCAL CLIMATOLOGICAL DATA (WS FORM: F-6)

                                          STATION:   SANTA MONICA AIRPORT CA
                                          MONTH:     NOVEMBER
                                          YEAR:      2020
                                          LATITUDE:   34  0 N
                                          LONGITUDE: 118 27 W

  TEMPERATURE IN F:       :PCPN:    SNOW:  WIND      :SUNSHINE: SKY     :PK WND
================================================================================
1   2   3   4   5  6A  6B    7    8   9   10  11  12  13   14  15   16   17  18
                                     12Z  AVG MX 2MIN
DY MAX MIN AVG DEP HDD CDD  WTR  SNW DPTH SPD SPD DIR MIN PSBL S-S WX    SPD DR
================================================================================

 1  75  54  65   2   0   0 0.00  0.0    0  3.9 10 210   M    M   2 128     M  M
 2  69  55  62  -1   3   0 0.00  0.0    0  2.7  8 210   M    M   5 128    13 210
 3  71  57  64   1   1   0 0.00  0.0    0  2.9 12 230   M    M   4 128    16 240
 4  74  54  64   1   1   0 0.00  0.0    0  3.6 10 240   M    M   1 128    13 270
 5  87  57  72  10   0   7 0.00  0.0    0  2.5  8 260   M    M   0        11 260
 6  76  55  66   4   0   1 0.00  0.0    0  6.0 17 270   M    M   5 18     23 260
 7  59  49  54  -8  11   0 0.06    M    0  5.1 22 240   M    M   2 3      31 230
 8  60  47  54  -8  11   0    T    M    0  8.0 25 260   M    M   3        41 250
 9  64  45  55  -7  10   0 0.00  0.0    0  3.1 13 220   M    M   0        16 220
10  63  45  54  -8  11   0 0.00  0.0    0  4.3 13 240   M    M   0        17 240
11  65  45  55  -6  10   0 0.00  0.0    0  4.0 10 230   M    M   0        13 240
12  66  44  55  -6  10   0 0.00  0.0    0  4.3 12 230   M    M   0        15 230
13  64  47  56  -5   9   0 0.00  0.0    0  4.0 10 220   M    M   0        13 220
14  65  49  57  -4   8   0 0.00  0.0    0  3.5 10 230   M    M   0 18     14 190
15  79  51  65   5   0   0 0.00  0.0    0  3.3  9 260   M    M   0        13 270
16  92  59  76  16   0  11 0.00  0.0    0  4.5 10 210   M    M   0        14  10
17  73  53  63   3   2   0 0.00  0.0    0  2.8 10 250   M    M   1        16 200
18  64  52  58  -2   7   0 0.00  0.0    0  3.2 12 240   M    M   5 18     16 250
19  62  51  57  -3   8   0 0.00  0.0    0  3.6 10 240   M    M   5        13 240
20  67  49  58  -1   7   0 0.00  0.0    0  2.0  9 230   M    M   1        13 230
21  70  50  60   1   5   0 0.00  0.0    0  2.1  8 240   M    M   0        11 230
22  68  49  59   0   6   0 0.00  0.0    0  2.7 10 220   M    M   0        13 220
23  61  49  55  -4  10   0 0.00  0.0    0  2.1  9 220   M    M   5 18     13 210
24  67  50  59   1   6   0 0.00  0.0    0  2.8  9 260   M    M   1        13 270
25  62  48  55  -3  10   0 0.00  0.0    0  3.6  9 230   M    M   2 1       M  M
26   M   M   M   M   M   M    M    M    M   M   M   M   M    M   M         M  M
27   M   M   M   M   M   M    M    M    M   M   M   M   M    M   M         M  M
28   M   M   M   M   M   M    M    M    M   M   M   M   M    M   M         M  M
29   M   M   M   M   M   M    M    M    M   M   M   M   M    M   M         M  M
================================================================================
SM 1723 1264       146  19  0.06     0.0  90.6          M       42
================================================================================
AV 68.9 50.6                               3.6 FASTST   M    M   2    MAX(MPH)
                                 MISC ---->  # 25 260               # 41  250
================================================================================
NOTES:
# LAST OF SEVERAL OCCURRENCES

COLUMN 17 PEAK WIND IN M.P.H.

PRELIMINARY LOCAL CLIMATOLOGICAL DATA (WS FORM: F-6) , PAGE 2

                                          STATION:  SANTA MONICA AIRPORT CA
                                          MONTH:    NOVEMBER
                                          YEAR:     2020
                                          LATITUDE:   34  0 N
                                          LONGITUDE: 118 27 W

[TEMPERATURE DATA]      [PRECIPITATION DATA]       SYMBOLS USED IN COLUMN 16

AVERAGE MONTHLY: 59.7   TOTAL FOR MONTH:   0.06    1 = FOG OR MIST
DPTR FM NORMAL:  -0.6   DPTR FM NORMAL:   -1.05    2 = FOG REDUCING VISIBILITY
HIGHEST:    92 ON 16    GRTST 24HR  0.06 ON  7- 7      TO 1/4 MILE OR LESS
LOWEST:     44 ON 12                               3 = THUNDER
                        SNOW, ICE PELLETS, HAIL    4 = ICE PELLETS
                        TOTAL MONTH:   0.0 INCH    5 = HAIL
                        GRTST 24HR     0.0         6 = FREEZING RAIN OR DRIZZLE
                        GRTST DEPTH:   0           7 = DUSTSTORM OR SANDSTORM:
                                                       VSBY 1/2 MILE OR LESS
                                                   8 = SMOKE OR HAZE
[NO. OF DAYS WITH]      [WEATHER - DAYS WITH]      9 = BLOWING SNOW
                                                   X = TORNADO
MAX 32 OR BELOW:   0    0.01 INCH OR MORE:   1
MAX 90 OR ABOVE:   1    0.10 INCH OR MORE:   0
MIN 32 OR BELOW:   0    0.50 INCH OR MORE:   0
MIN  0 OR BELOW:   0    1.00 INCH OR MORE:   0

[HDD (BASE 65) ]
TOTAL THIS MO.   146    CLEAR  (SCALE 0-3)  19
DPTR FM NORMAL    -7    PTCLDY (SCALE 4-7)   6
TOTAL FM JUL 1   165    CLOUDY (SCALE 8-10)  0
DPTR FM NORMAL   -53

[CDD (BASE 65) ]
TOTAL THIS MO.    19
DPTR FM NORMAL     3    [PRESSURE DATA]
TOTAL FM JAN 1   731    HIGHEST SLP M ON M
DPTR FM NORMAL   234    LOWEST  SLP 29.58 ON  6

[REMARKS]
