000
CXUS54 KLZK 301510
CF6SRC
PRELIMINARY LOCAL CLIMATOLOGICAL DATA (WS FORM: F-6)

                                          STATION:   SEARCY AIRPORT
                                          MONTH:     NOVEMBER
                                          YEAR:      2020
                                          LATITUDE:   35 12 N
                                          LONGITUDE:  91 44 W

  TEMPERATURE IN F:       :PCPN:    SNOW:  WIND      :SUNSHINE: SKY     :PK WND
================================================================================
1   2   3   4   5  6A  6B    7    8   9   10  11  12  13   14  15   16   17  18
                                     12Z  AVG MX 2MIN
DY MAX MIN AVG DEP HDD CDD  WTR  SNW DPTH SPD SPD DIR MIN PSBL S-S WX    SPD DR
================================================================================

 1  67  41  54  -2  11   0    T    M    M  5.8 16 350   M    M   0 1       M   M
 2  60  32  46 -10  19   0 0.00    M    M  3.4  6 190   M    M   0 8       M   M
 3  73  34  54  -1  11   0 0.00    M    M  2.8  8 180   M    M   0 1       M   M
 4  75  38  57   2   8   0    T    M    M  2.2 10 180   M    M   1 12      M   M
 5  74  43  59   5   6   0 0.00    M    M  1.9 10 180   M    M   0 12     18 180
 6  74  42  58   4   7   0    T    M    M  1.8  9 100   M    M   0 12      M   M
 7  79  47  63   9   2   0 0.00    M    M  2.3  7 120   M    M   3         M   M
 8  81  55  68  15   0   3 0.00    M    M  3.6 10 130   M    M   5 18      M   M
 9  81  61  71  18   0   6 0.00    M    M  5.3 15 170   M    M   7 18     18 150
10  82  60  71  18   0   6 0.00    M    M  5.0 13 210   M    M   8 18     24 200
11  65  43  54   2  11   0    T    M    M  7.7 13 350   M    M   3         M   M
12  66  36  51  -1  14   0 0.00    M    M  3.6  7 320   M    M   2         M   M
13  64  47  56   5   9   0 0.00    M    M  5.9 10 350   M    M   3 8      18 350
14  76  48  62  11   3   0 0.03    M    M  8.9 20 190   M    M   6        30 190
15  72  36  54   3  11   0 0.47    M    M  7.0 17 310   M    M   1 13     30 200
16  68  30  49  -1  16   0 0.00    M    M  3.2 14 190   M    M   0         M   M
17  64  35  50   0  15   0 0.00    M    M  3.7 13  50   M    M   0         M   M
18  66  30  48  -1  17   0 0.00    M    M  2.7 12 170   M    M   0         M   M
19  71  36  54   5  11   0 0.00    M    M  7.1 18 190   M    M   0        23 200
20  69  46  58  10   7   0 0.00    M    M  3.4 12 170   M    M   7 128     M   M
21  65  49  57   9   8   0    M    M    M  1.2  6 140   M    M   8 128     M   M
22  63  50  57   9   8   0 0.72    M    M  6.1 13 350   M    M   6 1      20 340
23   M   M   M   M   M   M    M    M    M  2.3  8 110   M    M   0 128     M   M
24  62  52  57  10   8   0 0.57    M    M  4.5 14 160   M    M   4 18      M   M
25  62  38  50   4  15   0 0.68    M    M  8.4 18 280   M    M   6 13     30 250
26  60  31  46   0  19   0    M    M    M  1.8  5 120   M    M   0 1       M   M
27  60  39  50   4  15   0    M    M    M  3.3  9 360   M    M   4         M   M
28  56  35  46   1  19   0    M    M    M  5.8 15  60   M    M   0 8      17  50
29  48  35  42  -3  23   0 0.07    M    M  4.2 12 330   M    M   7        20 330
================================================================================
SM 1903 1169       293  15  2.54    M    124.8          M       81
================================================================================
AV 68.0 41.8                               4.3 FASTST   M    M   3    MAX(MPH)
                                 MISC ---->    20 190                 30 250
================================================================================
NOTES:
# LAST OF SEVERAL OCCURRENCES

COLUMN 17 PEAK WIND IN M.P.H.

PRELIMINARY LOCAL CLIMATOLOGICAL DATA (WS FORM: F-6) , PAGE 2

                                          STATION:   SEARCY AIRPORT
                                          MONTH:     NOVEMBER
                                          YEAR:      2020
                                          LATITUDE:   35 12 N
                                          LONGITUDE:  91 44 W

[TEMPERATURE DATA]      [PRECIPITATION DATA]       SYMBOLS USED IN COLUMN 16

AVERAGE MONTHLY: 54.9   TOTAL FOR MONTH:   2.54    1 = FOG OR MIST
DPTR FM NORMAL:   4.4   DPTR FM NORMAL:   -2.41    2 = FOG REDUCING VISIBILITY
HIGHEST:    82 ON 10    GRTST 24HR  1.25 ON 24-25      TO 1/4 MILE OR LESS
LOWEST:     30 ON 16,18                             3 = THUNDER
                        SNOW, ICE PELLETS, HAIL    4 = ICE PELLETS
                        TOTAL MONTH:  M            5 = HAIL
                        GRTST 24HR    M  ON   M    6 = FREEZING RAIN OR DRIZZLE
                        GRTST DEPTH:  M  ON   M    7 = DUSTSTORM OR SANDSTORM:
                                                       VSBY 1/2 MILE OR LESS
                                                   8 = SMOKE OR HAZE
[NO. OF DAYS WITH]      [WEATHER - DAYS WITH]      9 = BLOWING SNOW
                                                   X = TORNADO
MAX 32 OR BELOW:   0    0.01 INCH OR MORE:   6
MAX 90 OR ABOVE:   0    0.10 INCH OR MORE:   4
MIN 32 OR BELOW:   4    0.50 INCH OR MORE:   3
MIN  0 OR BELOW:   0    1.00 INCH OR MORE:   0

[HDD (BASE 65) ]
TOTAL THIS MO.   293    CLEAR  (SCALE 0-3)  18
DPTR FM NORMAL  -134    PTCLDY (SCALE 4-7)  11
TOTAL FM JUL 1   490    CLOUDY (SCALE 8-10)  0
DPTR FM NORMAL  -132

[CDD (BASE 65) ]
TOTAL THIS MO.    15
DPTR FM NORMAL    15    [PRESSURE DATA]
TOTAL FM JAN 1  1842    HIGHEST SLP M ON M
DPTR FM NORMAL   -60    LOWEST  SLP M ON M

[REMARKS]
