000
CXUS53 KLOT 300700
CF6UGN
PRELIMINARY LOCAL CLIMATOLOGICAL DATA (WS FORM: F-6)

                                          STATION:   WAUKEGAN
                                          MONTH:     NOVEMBER
                                          YEAR:      2020
                                          LATITUDE:   42 25 N
                                          LONGITUDE:  87 52 W

  TEMPERATURE IN F:       :PCPN:    SNOW:  WIND      :SUNSHINE: SKY     :PK WND
================================================================================
1   2   3   4   5  6A  6B    7    8   9   10  11  12  13   14  15   16   17  18
                                     12Z  AVG MX 2MIN
DY MAX MIN AVG DEP HDD CDD  WTR  SNW DPTH SPD SPD DIR MIN PSBL S-S WX    SPD DR
================================================================================

 1  53  28  41  -5  24   0 0.00  0.0    0 11.7 25 310   M    M   4        42 310
 2  52  25  39  -7  26   0 0.00  0.0    0  9.8 25 230   M    M   0        37 240
 3  70  36  53   8  12   0 0.00  0.0    0 11.0 23 220   M    M   0        29 230
 4  73  50  62  17   3   0 0.00  0.0    0 14.5 25 230   M    M   0        36 240
 5  71  50  61  17   4   0 0.00  0.0    0  9.1 17 230   M    M   0 8      23 250
 6  74  44  59  15   6   0 0.00  0.0    0 10.9 22 220   M    M   0        27 220
 7  72  48  60  17   5   0 0.00  0.0    0 11.5 23 230   M    M   0        29 220
 8  72  52  62  19   3   0 0.00  0.0    0  8.5 15 190   M    M   3 8      20 200
 9  76  60  68  26   0   3 0.00  0.0    0 14.3 26 200   M    M   4        37 190
10  75  40  58  16   7   0 0.42    M    0 19.8 44 210   M    M   6 13     61 210
11  46  32  39  -2  26   0 0.00  0.0    0  7.7 16 260   M    M   4        32 280
12  53  31  42   1  23   0    T    M    0  8.0 16 180   M    M   2 1      20 180
13  46  25  36  -4  29   0 0.00  0.0    0  6.6 18 310   M    M   4 8      32 310
14  49  22  36  -4  29   0 0.14    M    0 13.0 25 150   M    M   5 13     38 170
15  54  32  43   4  22   0 0.06    M    0 15.3 31 230   M    M   9 1      49 240
16  45  30  38  -1  27   0 0.00  0.0    0  7.2 14 190   M    M   3        23 290
17  41  26  34  -4  31   0 0.00  0.0    0  7.3 20 320   M    M   2        31 340
18  51  34  43   5  22   0 0.00  0.0    0 15.3 31 220   M    M   2        43 210
19  64  47  56  19   9   0 0.00  0.0    0 21.0 31 210   M    M   0        43 240
20  57  37  47  10  18   0 0.00  0.0    0  8.1 13 310   M    M   0        21 330
21  44  31  38   2  27   0 0.00  0.0    0  3.3  7  80   M    M   0 1      12 330
22  47  37  42   6  23   0 0.00  0.0    0  4.4  9 240   M    M   6        14 320
23  46  28  37   2  28   0 0.00  0.0    0  3.8  9 350   M    M   3 1      14 330
24  44  33  39   4  26   0 0.37    M    0  9.5 18 150   M    M  10 1      26 160
25  45  43  44  10  21   0 0.61  0.0    0  5.7 13 350   M    M   8 12     18 320
26  47  40  44  10  21   0 0.00  0.0    0  7.9 17 230   M    M  10 1      28 230
27  46  31  39   6  26   0 0.00  0.0    0  4.7 14 300   M    M   5        20 270
28  50  26  38   5  27   0 0.00  0.0    0 12.4 21 220   M    M   0        29 230
29  49  36  43  11  22   0 0.00  0.0    0  9.8 16 340   M    M   3        32 320
================================================================================
SM 1612 1054       547   3  1.60     0.0 292.1          M       93
================================================================================
AV 55.6 36.3                              10.1 FASTST   M    M   3    MAX(MPH)
                                 MISC ---->  # 44 210               # 61  210
================================================================================
NOTES:
# LAST OF SEVERAL OCCURRENCES

COLUMN 17 PEAK WIND IN M.P.H.

PRELIMINARY LOCAL CLIMATOLOGICAL DATA (WS FORM: F-6) , PAGE 2

                                          STATION:  WAUKEGAN
                                          MONTH:    NOVEMBER
                                          YEAR:     2020
                                          LATITUDE:   42 25 N
                                          LONGITUDE:  87 52 W

[TEMPERATURE DATA]      [PRECIPITATION DATA]       SYMBOLS USED IN COLUMN 16

AVERAGE MONTHLY: 46.0   TOTAL FOR MONTH:   1.60    1 = FOG OR MIST
DPTR FM NORMAL:   6.7   DPTR FM NORMAL:   -1.08    2 = FOG REDUCING VISIBILITY
HIGHEST:    76 ON  9    GRTST 24HR  0.61 ON 25-25      TO 1/4 MILE OR LESS
LOWEST:     22 ON 14                               3 = THUNDER
                        SNOW, ICE PELLETS, HAIL    4 = ICE PELLETS
                        TOTAL MONTH:   0.0 INCH    5 = HAIL
                        GRTST 24HR     0.0         6 = FREEZING RAIN OR DRIZZLE
                        GRTST DEPTH:   0           7 = DUSTSTORM OR SANDSTORM:
                                                       VSBY 1/2 MILE OR LESS
                                                   8 = SMOKE OR HAZE
[NO. OF DAYS WITH]      [WEATHER - DAYS WITH]      9 = BLOWING SNOW
                                                   X = TORNADO
MAX 32 OR BELOW:   0    0.01 INCH OR MORE:   5
MAX 90 OR ABOVE:   0    0.10 INCH OR MORE:   4
MIN 32 OR BELOW:  13    0.50 INCH OR MORE:   1
MIN  0 OR BELOW:   0    1.00 INCH OR MORE:   0

[HDD (BASE 65) ]
TOTAL THIS MO.   547    CLEAR  (SCALE 0-3)  17
DPTR FM NORMAL  -200    PTCLDY (SCALE 4-7)   8
TOTAL FM JUL 1  1157    CLOUDY (SCALE 8-10)  4
DPTR FM NORMAL  -196

[CDD (BASE 65) ]
TOTAL THIS MO.     3
DPTR FM NORMAL     3    [PRESSURE DATA]
TOTAL FM JAN 1   773    HIGHEST SLP M ON M
DPTR FM NORMAL   209    LOWEST  SLP 29.28 ON 15

[REMARKS]
