000
CXUS52 KFFC 050014
CLMCSG

CLIMATE REPORT
NATIONAL WEATHER SERVICE PEACHTREE CITY GA
814 PM EDT FRI JUN 04 2021

...................................

...THE COLUMBUS CLIMATE SUMMARY FOR THE MONTH OF MAY 2021...

CLIMATE NORMAL PERIOD: 1991 TO 2020
CLIMATE RECORD PERIOD: 1948 TO 2021

WEATHER         OBSERVED          NORMAL  DEPART   LAST YEAR`S
                VALUE   DATE(S)   VALUE   FROM     VALUE DATE(S)
                                          NORMAL
................................................................
TEMPERATURE (F)
RECORD
 HIGH             97   05/26/2019
                       05/25/2019
                       05/26/2012
 LOW              39   05/02/1963
HIGHEST           93   05/25         97      -4       91  05/30
LOWEST            46   05/08         40       6       44  05/10
AVG. MAXIMUM    82.9               85.1    -2.2     83.3
AVG. MINIMUM    59.1               63.1    -4.0     60.2
MEAN            71.0               74.1    -3.1     71.7
DAYS MAX >= 90     4                6.1    -2.1        3
DAYS MAX <= 32     0                0.0     0.0        0
DAYS MIN <= 32     0                0.0     0.0        0
DAYS MIN <= 0      0                0.0     0.0        0

PRECIPITATION (INCHES)
RECORD
 MAXIMUM        9.93   2018
 MINIMUM        0.22   1962
TOTALS          3.76               3.24    0.52     1.37
DAILY AVG.      0.12               0.10    0.02     0.04
DAYS >= .01        7                7.8    -0.8        5
DAYS >= .10        6                4.8     1.2        5
DAYS >= .50        3                1.9     1.1        1
DAYS >= 1.00       2                0.9     1.1        0
GREATEST
 24 HR. TOTAL   1.66   05/03 TO 05/03               0.63  05/27 TO 05/28

DEGREE DAYS
HEATING TOTAL     16                  7       9       20
 SINCE 7/1      1790               1939    -149       MM
COOLING TOTAL    210                289     -79      236
 SINCE 1/1       313                425    -112       MM
................................................................

WIND (MPH)
AVERAGE WIND SPEED              6.1
HIGHEST WIND SPEED/DIRECTION    36/260    DATE  05/04
HIGHEST GUST SPEED/DIRECTION    53/280    DATE  05/04

SKY COVER
POSSIBLE SUNSHINE (PERCENT)   MM
AVERAGE SKY COVER           0.24
NUMBER OF DAYS FAIR           22
NUMBER OF DAYS PC              7
NUMBER OF DAYS CLOUDY          2

AVERAGE RH (PERCENT)     62

WEATHER CONDITIONS. NUMBER OF DAYS WITH
THUNDERSTORM              4     MIXED PRECIP               0
HEAVY RAIN                4     RAIN                       6
LIGHT RAIN                6     FREEZING RAIN              0
LT FREEZING RAIN          0     HAIL                       0
HEAVY SNOW                0     SNOW                       0
LIGHT SNOW                0     SLEET                      0
FOG                       7     FOG W/VIS <= 1/4 MILE      0
HAZE                      4

-  INDICATES NEGATIVE NUMBERS.
R  INDICATES RECORD WAS SET OR TIED.
MM INDICATES DATA IS MISSING.
T  INDICATES TRACE AMOUNT.

$$
