000
CXUS52 KFFC 031135
CLMCSG

CLIMATE REPORT
NATIONAL WEATHER SERVICE PEACHTREE CITY GA
635 AM EST TUE NOV 03 2020

...................................

...THE COLUMBUS CLIMATE SUMMARY FOR THE MONTH OF OCTOBER 2020...

CLIMATE NORMAL PERIOD: 1981 TO 2010
CLIMATE RECORD PERIOD: 1948 TO 2020

WEATHER         OBSERVED          NORMAL  DEPART   LAST YEAR`S
                VALUE   DATE(S)   VALUE   FROM     VALUE DATE(S)
                                          NORMAL
................................................................
TEMPERATURE (F)
RECORD
 HIGH            101   10/04/2019
 LOW              24   10/30/1952
HIGHEST           89   10/07         85       4      101  10/04
LOWEST            47   10/03         60     -13       40  10/31
                       10/17
AVG. MAXIMUM    80.2               77.3     2.9     81.9
AVG. MINIMUM    60.3               55.6     4.7     61.8
MEAN            70.3               66.5     3.8     71.9
DAYS MAX >= 90     0                0.6    -0.6        5
DAYS MAX <= 32     0                0.0     0.0        0
DAYS MIN <= 32     0                0.0     0.0        0
DAYS MIN <= 0      0                0.0     0.0        0

PRECIPITATION (INCHES)
RECORD
 MAXIMUM        8.41   1995
 MINIMUM        0.00   1963
TOTALS          4.51               2.58    1.93     4.34
DAILY AVG.      0.15               0.08    0.07     0.14
DAYS >= .01        7                6.5     0.5       12
DAYS >= .10        5                4.0     1.0        9
DAYS >= .50        4                1.6     2.4        3
DAYS >= 1.00       2                0.8     1.2        1
GREATEST
 24 HR. TOTAL   1.70   10/24 TO 10/24               1.60  10/29 TO 10/29

DEGREE DAYS
HEATING TOTAL     20                 73     -53       27
 SINCE 7/1        22                 78     -56       27
COOLING TOTAL    190                118      72      245
 SINCE 1/1      2577               2340     237     2989
................................................................

WIND (MPH)
AVERAGE WIND SPEED              6.1
HIGHEST WIND SPEED/DIRECTION    36/180    DATE  10/29
HIGHEST GUST SPEED/DIRECTION    57/180    DATE  10/29

SKY COVER
POSSIBLE SUNSHINE (PERCENT)   MM
AVERAGE SKY COVER           0.38
NUMBER OF DAYS FAIR           17
NUMBER OF DAYS PC              8
NUMBER OF DAYS CLOUDY          6

AVERAGE RH (PERCENT)     71

WEATHER CONDITIONS. NUMBER OF DAYS WITH
THUNDERSTORM              2     MIXED PRECIP               0
HEAVY RAIN                4     RAIN                       4
LIGHT RAIN                7     FREEZING RAIN              0
LT FREEZING RAIN          0     HAIL                       0
HEAVY SNOW                0     SNOW                       0
LIGHT SNOW                0     SLEET                      0
FOG                      10     FOG W/VIS <= 1/4 MILE      3
HAZE                      3

-  INDICATES NEGATIVE NUMBERS.
R  INDICATES RECORD WAS SET OR TIED.
MM INDICATES DATA IS MISSING.
T  INDICATES TRACE AMOUNT.

$$
