000
CXUS52 KTAE 011415
CLMDHN

CLIMATE REPORT
NATIONAL WEATHER SERVICE TALLAHASSEE FL
915 AM EST SUN NOV 01 2020

...................................

...THE DOTHAN CLIMATE SUMMARY FOR THE MONTH OF OCTOBER 2020...

CLIMATE NORMAL PERIOD 1981 TO 2010
CLIMATE RECORD PERIOD 1965 TO 2020

WEATHER         OBSERVED          NORMAL  DEPART   LAST YEAR`S
                VALUE   DATE(S)   VALUE   FROM     VALUE DATE(S)
                                          NORMAL
................................................................
TEMPERATURE (F)
RECORD
 HIGH             MM
 LOW              37   10/30/2017
                       10/26/2013
                       10/30/2011
HIGHEST           92   10/07         MM      MM      100  10/03
LOWEST            47   10/17         MM      MM       40  10/31
                       10/31
AVG. MAXIMUM    82.4               79.6     2.8     84.3
AVG. MINIMUM    61.5               55.4     6.1     62.7
MEAN            72.0               67.5     4.5     73.5
DAYS MAX >= 90     2                1.0     1.0        9
DAYS MAX <= 32     0                0.0     0.0        0
DAYS MIN <= 32     0                0.0     0.0        0
DAYS MIN <= 0      0                0.0     0.0        0

PRECIPITATION (INCHES)
TOTALS          1.31R              3.41   -2.10     4.88

SNOWFALL (INCHES)
TOTALS           0.0                 MM      MM      0.0
SINCE 7/1        0.0                 MM      MM       MM

DEGREE DAYS
HEATING TOTAL     15                 57     -42       14
 SINCE 7/1        17                 58     -41       14
COOLING TOTAL    240                135     105      286
 SINCE 1/1      2930               2363     567     3197
................................................................

WIND (MPH)
AVERAGE WIND SPEED              6.8
RESULTANT WIND SPEED/DIRECTION   3/060
HIGHEST WIND SPEED/DIRECTION    29/170    DATE  10/29
HIGHEST GUST SPEED/DIRECTION    40/150    DATE  10/28

SKY COVER
POSSIBLE SUNSHINE (PERCENT)   MM
AVERAGE SKY COVER           0.36
NUMBER OF DAYS FAIR           17
NUMBER OF DAYS PC             11
NUMBER OF DAYS CLOUDY          3

AVERAGE RH (PERCENT)     74

WEATHER CONDITIONS. NUMBER OF DAYS WITH
THUNDERSTORM              2     MIXED PRECIP               0
HEAVY RAIN                4     RAIN                       4
LIGHT RAIN                7     FREEZING RAIN              0
LT FREEZING RAIN          0     HAIL                       0
HEAVY SNOW                0     SNOW                       0
LIGHT SNOW                0     SLEET                      0
FOG                      14     FOG W/VIS <= 1/4 MILE      3
HAZE                      0

-  INDICATES NEGATIVE NUMBERS.
R  INDICATES RECORD WAS SET OR TIED.
MM INDICATES DATA IS MISSING.
T  INDICATES TRACE AMOUNT.

$$
