000
CXUS52 KTAE 011350
CLMDHN

CLIMATE REPORT
NATIONAL WEATHER SERVICE TALLAHASSEE FL
950 AM EDT TUE JUN 01 2021

...................................

...THE DOTHAN CLIMATE SUMMARY FOR THE MONTH OF MAY 2021...

CLIMATE NORMAL PERIOD 1991 TO 2020
CLIMATE RECORD PERIOD 1965 TO 2021

WEATHER         OBSERVED          NORMAL  DEPART   LAST YEAR`S
                VALUE   DATE(S)   VALUE   FROM     VALUE DATE(S)
                                          NORMAL
................................................................
TEMPERATURE (F)
RECORD
 HIGH             MM   MM
 LOW              44   05/06/2013
                       05/05/2013
                       01/01/2000
HIGHEST           92   05/25          9      83       93  05/30
                                                          05/23
LOWEST            50   05/08         MM      MM       48  05/08
                                                          05/07
AVG. MAXIMUM    83.9               87.2    -3.3     85.7
AVG. MINIMUM    62.1               64.0    -1.9     62.5
MEAN            73.0               75.6    -2.6     74.1
DAYS MAX >= 90     7                9.6    -2.6        9
DAYS MAX <= 32     0                0.0     0.0        0
DAYS MIN <= 32     0                0.0     0.0        0
DAYS MIN <= 0      0                0.0     0.0        0

PRECIPITATION (INCHES)
TOTALS          4.19               2.92    1.27     2.13

SNOWFALL (INCHES)
TOTALS            MM                 MM      MM      0.0
SINCE 7/1         MM                 MM      MM       MM

DEGREE DAYS
HEATING TOTAL      2                  4      -2        4
 SINCE 7/1      1493               1630    -137     1226
COOLING TOTAL    257                332     -75      296
 SINCE 1/1       436                518     -82      676
................................................................

WIND (MPH)
AVERAGE WIND SPEED              7.5
RESULTANT WIND SPEED/DIRECTION   1/140
HIGHEST WIND SPEED/DIRECTION    41/320    DATE  05/04
HIGHEST GUST SPEED/DIRECTION    50/320    DATE  05/04

SKY COVER
POSSIBLE SUNSHINE (PERCENT)   MM
AVERAGE SKY COVER           0.23
NUMBER OF DAYS FAIR           23
NUMBER OF DAYS PC              7
NUMBER OF DAYS CLOUDY          1

AVERAGE RH (PERCENT)     67

WEATHER CONDITIONS. NUMBER OF DAYS WITH
THUNDERSTORM              5     MIXED PRECIP               0
HEAVY RAIN                5     RAIN                       7
LIGHT RAIN                7     FREEZING RAIN              0
LT FREEZING RAIN          0     HAIL                       0
HEAVY SNOW                0     SNOW                       0
LIGHT SNOW                0     SLEET                      0
FOG                       8     FOG W/VIS <= 1/4 MILE      3
HAZE                      3

-  INDICATES NEGATIVE NUMBERS.
R  INDICATES RECORD WAS SET OR TIED.
MM INDICATES DATA IS MISSING.
T  INDICATES TRACE AMOUNT.

$$
