000
CXUS51 KBTV 011448
CLMMVL

CLIMATE REPORT
NATIONAL WEATHER SERVICE BURLINGTON VT
948 AM EST SUN NOV 01 2020

...................................

...THE MORRISVILLE VT CLIMATE SUMMARY FOR THE MONTH OF OCTOBER 2020...

CLIMATE NORMAL PERIOD: 1981 TO 2010
CLIMATE RECORD PERIOD: 9999 TO 9999

WEATHER         OBSERVED          NORMAL  DEPART   LAST YEAR`S
                VALUE   DATE(S)   VALUE   FROM     VALUE DATE(S)
                                          NORMAL
................................................................
TEMPERATURE (F)
RECORD
 HIGH             81
 LOW              15
HIGHEST           74   10/10         MM      MM       71  10/01
                       10/15
LOWEST            15R  10/31         MM      MM       27  10/05
                                                          10/20
AVG. MAXIMUM    57.0               56.5     0.5     59.2
AVG. MINIMUM    35.8               34.9     0.9     36.0
MEAN            46.4               45.7     0.7     47.6
DAYS MAX >= 90     0                0.0     0.0        0
DAYS MAX <= 32     0                0.0     0.0        0
DAYS MIN <= 32    12               12.7    -0.7       12
DAYS MIN <= 0      0                0.0     0.0        0

PRECIPITATION (INCHES)
RECORD
 MAXIMUM        8.47   2019
 MINIMUM        1.19   2016
TOTALS          3.57               3.11    0.46     8.47
DAILY AVG.      0.12               0.10    0.02     0.27
DAYS >= .01       14                 MM      MM       17
DAYS >= .10       10                 MM      MM        9
DAYS >= .50        2                 MM      MM        5
DAYS >= 1.00       0                 MM      MM        3
GREATEST
 24 HR. TOTAL   0.89   10/15 TO 10/16               2.21  10/01 TO 10/02
 STORM TOTAL    0.89                                2.20
 (MM/DD(HH))            MM


DEGREE DAYS
HEATING TOTAL    569                599     -30      529
 SINCE 7/1       855                930     -75       MM
COOLING TOTAL      0                  0       0        0
 SINCE 1/1       455                265     190       MM
................................................................

WIND (MPH)
AVERAGE WIND SPEED              4.7
HIGHEST WIND SPEED/DIRECTION    28/350    DATE  10/10
HIGHEST GUST SPEED/DIRECTION    38/340    DATE  10/10

SKY COVER
POSSIBLE SUNSHINE (PERCENT)   MM
AVERAGE SKY COVER           0.63
NUMBER OF DAYS FAIR            8
NUMBER OF DAYS PC              7
NUMBER OF DAYS CLOUDY         16

AVERAGE RH (PERCENT)     74

WEATHER CONDITIONS. NUMBER OF DAYS WITH
THUNDERSTORM              2     MIXED PRECIP               0
HEAVY RAIN                1     RAIN                       4
LIGHT RAIN               15     FREEZING RAIN              0
LT FREEZING RAIN          0     HAIL                       0
HEAVY SNOW                0     SNOW                       0
LIGHT SNOW                3     SLEET                      0
FOG                      24     FOG W/VIS <= 1/4 MILE      1
HAZE                      2

-  INDICATES NEGATIVE NUMBERS.
R  INDICATES RECORD WAS SET OR TIED.
MM INDICATES DATA IS MISSING.
T  INDICATES TRACE AMOUNT.

$$
