834
CXUS55 KPIH 011433
CLMPIH

CLIMATE REPORT
NATIONAL WEATHER SERVICE POCATELLO ID
827 AM MDT TUE JUN 01 2021

...................................

...THE POCATELLO CLIMATE SUMMARY FOR THE MONTH OF MAY 2021...

CLIMATE NORMAL PERIOD 1991 TO 2020
CLIMATE RECORD PERIOD 1939 TO 2021

WEATHER         OBSERVED          NORMAL  DEPART   LAST YEAR`S
                VALUE   DATE(S)   VALUE   FROM     VALUE DATE(S)
                                          NORMAL
................................................................
TEMPERATURE (F)
RECORD
 HIGH             97   05/28/2003
 LOW              20   05/09/2002
                       05/01/1972
HIGHEST           84   05/06         90      -6       93  05/30
LOWEST            25   05/09         20       5       28  05/16
                                                          05/08
                                                          05/07
AVG. MAXIMUM    69.7               68.7     1.0     70.7
AVG. MINIMUM    39.2               39.7    -0.5     39.9
MEAN            54.4               54.2     0.2     55.3
DAYS MAX >= 90     0                0.4    -0.4        2
DAYS MAX <= 32     0                0.0     0.0        0
DAYS MIN <= 32     5                4.4     0.6        6
DAYS MIN <= 0      0                0.0     0.0        0

PRECIPITATION (INCHES)
RECORD
 MAXIMUM        3.29   1980
 MINIMUM        0.05   1940
TOTALS          0.57               1.40   -0.83     1.25
DAILY AVG.      0.02               0.05   -0.03     0.04
DAYS >= .01        7                9.2    -2.2        5
DAYS >= .10        1                4.4    -3.4        4
DAYS >= .50        0                0.6    -0.6        0
DAYS >= 1.00       0                0.1    -0.1        0
GREATEST
 24 HR. TOTAL   0.33   05/02 TO 05/02               0.44

SNOWFALL (INCHES)
RECORDS
 TOTAL           5.5   1983
TOTALS           0.0                0.4    -0.4        T
SINCE 7/1       24.6               38.5   -13.9       MM
SNOWDEPTH AVG.     0                                   0
DAYS >= 1.0        0                0.1    -0.1        0
GREATEST
 SNOW DEPTH        0                                   0  MM
 24 HR TOTAL      MM                                   T

DEGREE DAYS
HEATING TOTAL    322                340     -18      309
 SINCE 7/1      6620               6828    -208     6882
COOLING TOTAL      0                  5      -5       16
 SINCE 1/1         0                  5      -5       16
................................................................

WIND (MPH)
AVERAGE WIND SPEED              10.4
HIGHEST WIND SPEED/DIRECTION    38/180    DATE  05/16
HIGHEST GUST SPEED/DIRECTION    52/180    DATE  05/16

SKY COVER
POSSIBLE SUNSHINE (PERCENT)   MM
AVERAGE SKY COVER           0.30
NUMBER OF DAYS FAIR           20
NUMBER OF DAYS PC              8
NUMBER OF DAYS CLOUDY          3

AVERAGE RH (PERCENT)     49

WEATHER CONDITIONS. NUMBER OF DAYS WITH
THUNDERSTORM              4     MIXED PRECIP               0
HEAVY RAIN                0     RAIN                       1
LIGHT RAIN               10     FREEZING RAIN              0
LT FREEZING RAIN          0     HAIL                       0
HEAVY SNOW                0     SNOW                       0
LIGHT SNOW                0     SLEET                      0
FOG                       3     FOG W/VIS <= 1/4 MILE      0
HAZE                      1

-  INDICATES NEGATIVE NUMBERS.
R  INDICATES RECORD WAS SET OR TIED.
MM INDICATES DATA IS MISSING.
T  INDICATES TRACE AMOUNT.
&&

$$
