000
CXUS55 KPIH 021403 CCA
CLMPIH

CLIMATE REPORT
NATIONAL WEATHER SERVICE POCATELLO ID
703 AM MST MON NOV 2 2020

...................................

...THE POCATELLO CLIMATE SUMMARY FOR THE MONTH OF OCTOBER 2020...

CLIMATE NORMAL PERIOD 1981 TO 2010
CLIMATE RECORD PERIOD 1939 TO 2020

WEATHER         OBSERVED          NORMAL  DEPART  LAST YEAR`S
                 VALUE   DATE(S)  VALUE   FROM    VALUE  DATE(S)
                                          NORMAL
................................................................
TEMPERATURE (F)
RECORD
 HIGH              91   10/01/1992
 LOW               -6   10/30/2019
HIGHEST            81   10/07        91     -10       76  10/16
LOWEST              3   10/26        -6       9       -6  10/30
AVG. MAXIMUM     63.5              61.0     2.5     53.6
AVG. MINIMUM     32.0              33.0    -1.0     23.2
MEAN             47.7              47.0     0.7     38.4
DAYS MAX >= 90      0               0.0     0.0        0
DAYS MAX <= 32      1               0.1     0.9        1
DAYS MIN <= 32     12              13.6    -1.6       25
DAYS MIN <= 0       0               0.0     0.0        1

PRECIPITATION (INCHES)
RECORD
 MAXIMUM         3.23   2016
 MINIMUM         0.00   2003
                        1988
                        1958
TOTALS           0.17              0.87   -0.70     0.37
DAILY AVG.       0.01              0.03   -0.02     0.01
DAYS >= .01         3               6.2    -3.2        7
DAYS >= .10         1               3.1    -2.1        2
DAYS >= .50         0               0.2    -0.2        0
DAYS >= 1.00        0               0.0     0.0        0
GREATEST
 24 HR. TOTAL    0.10   10/10 TO 10/10              0.15

SNOWFALL (INCHES)
RECORDS
 TOTAL           12.6   1971
TOTALS              T               1.6    -1.6      2.6
SINCE 7/1           T               1.7    -1.7      2.6
SNOWDEPTH AVG.      0                MM      MM        0
DAYS >= 1.0         0               0.5    -0.5        1
GREATEST
 SNOW DEPTH         0   MM                             2  10/30
                                                          10/29
 24 HR TOTAL        T   10/25 TO 10/25               1.0

DEGREE_DAYS
HEATING TOTAL     527               558     -31      815
 SINCE 7/1        699               807    -108     1040
COOLING TOTAL       0                 0       0        0
 SINCE 1/1        494               392     102      417
.................................................................

WIND (MPH)
AVERAGE WIND SPEED              11.7
HIGHEST WIND SPEED/DIRECTION    43/240    DATE  10/18
HIGHEST GUST SPEED/DIRECTION    54/240    DATE  10/18

SKY COVER
POSSIBLE SUNSHINE (PERCENT)   MM
AVERAGE SKY COVER           0.20
NUMBER OF DAYS FAIR           25
NUMBER OF DAYS PC              5
NUMBER OF DAYS CLOUDY          1

AVERAGE RH (PERCENT)     46

WEATHER CONDITIONS. NUMBER OF DAYS WITH
  THUNDERSTORM             0   MIXED PRECIP            0
  HEAVY RAIN               0   RAIN                    2
  LIGHT RAIN               5   FREEZING RAIN           0
  LT FREEZING RAIN         0   HAIL                    0
  HEAVY SNOW               0   SNOW                    0
  LIGHT SNOW               2   SLEET                   0
  FOG                      2   FOG W/VIS <= 1/4 MILE   0
  HAZE                     7


-  INDICATES NEGATIVE NUMBERS.
R  INDICATES RECORD WAS SET OR TIED.
MM INDICATES DATA IS MISSING.
T  INDICATES TRACE AMOUNT.

&&
23RD: LOW OF 16 DEGREES BREAKS OLD RECORD OF 18 SET IN 2008.
25TH: LOW OF 11 DEGREES BREAKS OLD RECORD OF 15 SET IN 1997.
26TH: LOW OF  3 DEGREES BREAKS OLD RECORD OF 13 SET IN 2012.

$$
