505
CXUS52 KJAX 080126
CF6AMG

PRELIMINARY LOCAL CLIMATOLOGICAL DATA (WS FORM: F-6)

                                          STATION:   ALMA
                                          MONTH:     JUNE
                                          YEAR:      2020
                                          LATITUDE:   31 32 N
                                          LONGITUDE:  82 30 W

  TEMPERATURE IN F:       :PCPN:    SNOW:  WIND      :SUNSHINE: SKY     :PK WND
================================================================================
1   2   3   4   5  6A  6B    7    8   9   10  11  12  13   14  15   16   17  18
                                     12Z  AVG MX 2MIN
DY MAX MIN AVG DEP HDD CDD  WTR  SNW DPTH SPD SPD DIR MIN PSBL S-S WX    SPD DR
================================================================================

 1  85  66  76  -2   0  11 0.00  0.0    0  6.7 16  90   M    M   3        23  60
 2  87  63  75  -3   0  10 0.00  0.0    0  4.3 13 150   M    M   1        20 150
 3  86  62  74  -4   0   9 0.00  0.0    0  2.7 10 160   M    M   0 1      14 210
 4  87  65  76  -2   0  11 0.00  0.0    0  3.5  9 160   M    M   3 1      13 110
 5  88  71  80   2   0  15    T  0.0    0  5.8 16 180   M    M   2        19 190
 6  83  72  78   0   0  13    T  0.0    0  3.7 13 190   M    M   5 1      16 180
 7  81  72  77  -2   0  12 0.60  0.0    0  5.8 17 160   M    M   8 1      22 160
 8  90  73  82   3   0  17 0.18  0.0    0  4.7 26 230   M    M   3 13     39 240
 9  88  72  80   1   0  15 0.47  0.0    0  3.7 15 190   M    M   5 13     19 180
10  92  72  82   3   0  17 0.00  0.0    0  3.5 13 200   M    M   3 12     16 240
11  93  73  83   4   0  18 0.80  0.0    0  3.6 14 140   M    M   7 13     18 140
12  86  70  78  -1   0  13 0.05  0.0    0  2.9 17  60   M    M   8 13     29  60
13  87  69  78  -2   0  13 0.00  0.0    0  4.5 12 110   M    M   5 1      15  80
14  87  66  77  -3   0  12 0.00  0.0    0  3.8 12  80   M    M   1 1      19  80
15  85  65  75  -5   0  10 0.00  0.0    0  4.8 13 350   M    M   3        16 360
16  73  61  67 -13   0   2 0.00  0.0    0  4.6 13 350   M    M   8        17 350
17  83  56  70 -10   0   5 0.00  0.0    0  2.9  9 330   M    M   4 1      14 360
18  89  65  77  -3   0  12 0.00  0.0    0  1.8  9 140   M    M   3 1      13 100
19  93  67  80   0   0  15 0.50  0.0    0  2.6 17  10   M    M   3 13     28  20
20  92  65  79  -1   0  14 0.01  0.0    0  2.3 15 220   M    M   2 1      23 220
21  93  69  81   0   0  16 0.00  0.0    0  2.3  9 220   M    M   0 1      13 210
22  93  69  81   0   0  16    T  0.0    0  4.7 16 270   M    M   0 1      24 280
23  91  70  81   0   0  16 0.01  0.0    0  7.3 20 280   M    M   2        26 220
24  92  72  82   1   0  17    T  0.0    0  5.2 14 200   M    M   1 1      17 200
25  88  72  80  -1   0  15 0.00  0.0    0  6.1 14 310   M    M   2 18     20 310
26  93  69  81   0   0  16 0.00  0.0    0  2.2  8 210   M    M   2 18     11 330
27  94  73  84   3   0  19 0.00  0.0    0  3.3 13 210   M    M   2 18     17 200
28  95  72  84   3   0  19 0.00  0.0    0  5.8 16 230   M    M   0 8      24 250
29  96  76  86   5   0  21 0.00  0.0    0  5.7 14 310   M    M   2        20 300
30  96  73  85   4   0  20 0.03  0.0    0  5.8 21 250   M    M   1 13     31 240
================================================================================
SM 2666 2060         0 419  2.65  0.0    126.6          M       89
================================================================================
AV 88.9 68.7                               4.2 FASTST   M    M   3    MAX(MPH)
                                 MISC ---->    26 230                 39 240
================================================================================
NOTES:
# LAST OF SEVERAL OCCURRENCES

COLUMN 17 PEAK WIND IN M.P.H.

PRELIMINARY LOCAL CLIMATOLOGICAL DATA (WS FORM: F-6) , PAGE 2

                                          STATION:   ALMA
                                          MONTH:     JUNE
                                          YEAR:      2020
                                          LATITUDE:   31 32 N
                                          LONGITUDE:  82 30 W

[TEMPERATURE DATA]      [PRECIPITATION DATA]       SYMBOLS USED IN COLUMN 16

AVERAGE MONTHLY: 78.8   TOTAL FOR MONTH:   2.65    1 = FOG OR MIST
DPTR FM NORMAL:  -0.9   DPTR FM NORMAL:   -2.77    2 = FOG REDUCING VISIBILITY
HIGHEST:    96 ON 30,29  GRTST 24HR  0.85 ON 11-12      TO 1/4 MILE OR LESS
LOWEST:     56 ON 17                               3 = THUNDER
                        SNOW, ICE PELLETS, HAIL    4 = ICE PELLETS
                        TOTAL MONTH:   0.0 INCH    5 = HAIL
                        GRTST 24HR  0.0            6 = FREEZING RAIN OR DRIZZLE
                        GRTST DEPTH:  0            7 = DUSTSTORM OR SANDSTORM:
                                                       VSBY 1/2 MILE OR LESS
                                                   8 = SMOKE OR HAZE
[NO. OF DAYS WITH]      [WEATHER - DAYS WITH]      9 = BLOWING SNOW
                                                   X = TORNADO
MAX 32 OR BELOW:   0    0.01 INCH OR MORE:   9
MAX 90 OR ABOVE:  14    0.10 INCH OR MORE:   5
MIN 32 OR BELOW:   0    0.50 INCH OR MORE:   3
MIN  0 OR BELOW:   0    1.00 INCH OR MORE:   0

[HDD (BASE 65) ]
TOTAL THIS MO.     0    CLEAR  (SCALE 0-3)  18
DPTR FM NORMAL     0    PTCLDY (SCALE 4-7)  11
TOTAL FM JUL 1  1383    CLOUDY (SCALE 8-10)  1
DPTR FM NORMAL  -276

[CDD (BASE 65) ]
TOTAL THIS MO.   419
DPTR FM NORMAL   -24    [PRESSURE DATA]
TOTAL FM JAN 1   933    HIGHEST SLP 30.22 ON 26
DPTR FM NORMAL    60    LOWEST  SLP 29.87 ON 23

[REMARKS]
#FINAL-06-20#
