000
CXUS54 KHGX 011530
CF6IAH
PRELIMINARY LOCAL CLIMATOLOGICAL DATA (WS FORM: F-6)

                                          STATION:   HOUSTON INTERCONTINENTAL
                                          MONTH:     SEPTEMBER
                                          YEAR:      2019
                                          LATITUDE:   29 58 N
                                          LONGITUDE:  95 21 W

  TEMPERATURE IN F:       :PCPN:    SNOW:  WIND      :SUNSHINE: SKY     :PK WND
================================================================================
1   2   3   4   5  6A  6B    7    8   9   10  11  12  13   14  15   16   17  18
                                     12Z  AVG MX 2MIN
DY MAX MIN AVG DEP HDD CDD  WTR  SNW DPTH SPD SPD DIR MIN PSBL S-S WX    SPD DR
================================================================================

 1 100  76  88   5   0  23 0.00  0.0    0  6.1 16  40   M    M   3        21  50
 2  99  75  87   4   0  22 0.00  0.0    0  6.9 20  40   M    M   3        24  60
 3  98  75  87   4   0  22 0.00  0.0    0  7.3 18 110   M    M   5        30  80
 4  99  77  88   5   0  23 0.00  0.0    0  7.2 21 120   M    M   5        26 120
 5  99  74  87   5   0  22 0.00  0.0    0  4.0 14 140   M    M   2        16 150
 6  99  76  88   6   0  23 0.00  0.0    0  5.1 15 140   M    M   2        17 140
 7  99  74  87   5   0  22 0.00  0.0    0  5.6 17 140   M    M   1        21 150
 8  98  71  85   3   0  20 0.00  0.0    0  5.4 20 130   M    M   3        23 130
 9  97  75  86   4   0  21 0.00  0.0    0  7.6 24 140   M    M   5        27 130
10  93  76  85   4   0  20 1.63  0.0    0  5.7 24 270   M    M   5 13     34 270
11  93  76  85   4   0  20 0.05  0.0    0  4.8 20 160   M    M   6 13     24 150
12  96  75  86   5   0  21 0.05  0.0    0  6.5 21  70   M    M   5        24  60
13  97  75  86   6   0  21    T  0.0    0  4.6 17 120   M    M   3        22  60
14  98  74  86   6   0  21 0.00  0.0    0  6.9 22  90   M    M   2        30  90
15  96  75  86   6   0  21    T  0.0    0  6.2 23 100   M    M   3        30 100
16  94  75  85   5   0  20    T  0.0    0  9.4 31 110   M    M   5        35 110
17  82  75  79  -1   0  14 0.60  0.0    0 13.3 26  80   M    M   9 1      33  70
18  83  75  79   0   0  14 1.99  0.0    0  6.3 18 150   M    M  10 13     25 150
19  82  74  78  -1   0  13 9.21  0.0    0  8.4 36  40   M    M   9 123    42  40
20  87  75  81   2   0  16 0.88  0.0    0  7.6 23 160   M    M   8 13     31 210
21  90  75  83   5   0  18 0.00  0.0    0 10.0 21 130   M    M   4        25 120
22  90  75  83   5   0  18    T  0.0    0  6.9 23 140   M    M   5 3      26 150
23  91  75  83   5   0  18 0.26  0.0    0  4.4 21 140   M    M   5 13     26 140
24  90  73  82   4   0  17 0.00  0.0    0  5.9 16 130   M    M   2 1      20 120
25  91  72  82   5   0  17 0.00  0.0    0  5.5 16 130   M    M   3        20 130
26  92  71  82   5   0  17 0.00  0.0    0  5.1 15 150   M    M   2 1      17 150
27  85  73  79   2   0  14 0.28  0.0    0  5.7 18 140   M    M   6 13     23 130
28  91  75  83   7   0  18 0.00  0.0    0  9.2 20 140   M    M   5        24 130
29  91  75  83   7   0  18 0.00  0.0    0  9.7 20 140   M    M   4        23 150
30  92  77  85   9   0  20 0.00  0.0    0  9.9 18 130   M    M   4        23 130
================================================================================
SM 2792 2239         0 574 14.95     0.0 207.2          M      134
================================================================================
AV 93.1 74.6                               6.9 FASTST   M    M   4    MAX(MPH)
                                 MISC ---->  # 36  40               # 42   40
================================================================================
NOTES:
# LAST OF SEVERAL OCCURRENCES

COLUMN 17 PEAK WIND IN M.P.H.

PRELIMINARY LOCAL CLIMATOLOGICAL DATA (WS FORM: F-6) , PAGE 2

                                          STATION:  HOUSTON INTERCONTINENTAL
                                          MONTH:    SEPTEMBER
                                          YEAR:     2019
                                          LATITUDE:   29 58 N
                                          LONGITUDE:  95 21 W

[TEMPERATURE DATA]      [PRECIPITATION DATA]       SYMBOLS USED IN COLUMN 16

AVERAGE MONTHLY: 83.9   TOTAL FOR MONTH:  14.95    1 = FOG OR MIST
DPTR FM NORMAL:   4.0   DPTR FM NORMAL:   10.83    2 = FOG REDUCING VISIBILITY
HIGHEST:   100 ON  1    GRTST 24HR  9.21 ON 19-19      TO 1/4 MILE OR LESS
LOWEST:     71 ON 26, 8                            3 = THUNDER
                        SNOW, ICE PELLETS, HAIL    4 = ICE PELLETS
                        TOTAL MONTH:   0.0 INCH    5 = HAIL
                        GRTST 24HR     0.0         6 = FREEZING RAIN OR DRIZZLE
                        GRTST DEPTH:   0           7 = DUSTSTORM OR SANDSTORM:
                                                       VSBY 1/2 MILE OR LESS
                                                   8 = SMOKE OR HAZE
[NO. OF DAYS WITH]      [WEATHER - DAYS WITH]      9 = BLOWING SNOW
                                                   X = TORNADO
MAX 32 OR BELOW:   0    0.01 INCH OR MORE:   9
MAX 90 OR ABOVE:  25    0.10 INCH OR MORE:   7
MIN 32 OR BELOW:   0    0.50 INCH OR MORE:   5
MIN  0 OR BELOW:   0    1.00 INCH OR MORE:   3

[HDD (BASE 65) ]
TOTAL THIS MO.     0    CLEAR  (SCALE 0-3)  12
DPTR FM NORMAL    -1    PTCLDY (SCALE 4-7)  15
TOTAL FM JUL 1     0    CLOUDY (SCALE 8-10)  3
DPTR FM NORMAL    -1

[CDD (BASE 65) ]
TOTAL THIS MO.   574
DPTR FM NORMAL   131    [PRESSURE DATA]
TOTAL FM JAN 1  3180    HIGHEST SLP 30.14 ON 11
DPTR FM NORMAL   355    LOWEST  SLP 29.80 ON 19

[REMARKS]
#FINAL-09-19#
