000
CXUS54 KHGX 011515
CF6IAH
PRELIMINARY LOCAL CLIMATOLOGICAL DATA (WS FORM: F-6)

                                          STATION:   HOUSTON INTERCONTINENTAL
                                          MONTH:     AUGUST
                                          YEAR:      2020
                                          LATITUDE:   29 58 N
                                          LONGITUDE:  95 21 W

  TEMPERATURE IN F:       :PCPN:    SNOW:  WIND      :SUNSHINE: SKY     :PK WND
================================================================================
1   2   3   4   5  6A  6B    7    8   9   10  11  12  13   14  15   16   17  18
                                     12Z  AVG MX 2MIN
DY MAX MIN AVG DEP HDD CDD  WTR  SNW DPTH SPD SPD DIR MIN PSBL S-S WX    SPD DR
================================================================================

 1  86  73  80  -5   0  15 0.24  0.0    0  3.6 14 270   M    M   8 13     17 270
 2  94  72  83  -2   0  18    T  0.0    0  2.8 12 170   M    M   4 3      15 120
 3  98  73  86   1   0  21 0.00  0.0    0  4.7 13 110   M    M   3        15 310
 4  97  76  87   2   0  22 0.07  0.0    0  5.6 24  60   M    M   6 38     30  70
 5  97  76  87   2   0  22 0.00  0.0    0  4.9 13 160   M    M   3        18 160
 6  95  76  86   1   0  21 0.00  0.0    0  6.1 18 150   M    M   4        22 150
 7  96  76  86   1   0  21 0.00  0.0    0  5.7 16 130   M    M   3        20 150
 8  97  76  87   2   0  22 0.01  0.0    0  4.7 21 140   M    M   5 3      23 140
 9  97  77  87   2   0  22 0.01  0.0    0  6.4 22 140   M    M   5 3      25 140
10  97  76  87   2   0  22 0.00  0.0    0  7.2 16 150   M    M   3        23 130
11  98  77  88   3   0  23 0.07  0.0    0  5.9 17 130   M    M   3        24 120
12 101  79  90   5   0  25 0.00  0.0    0  6.7 21 150   M    M   4        24 160
13  99  77  88   3   0  23 0.00  0.0    0  5.9 14 160   M    M   2        17 150
14  99  77  88   3   0  23 0.00  0.0    0  7.0 16 160   M    M   3        20 170
15 101  81  91   6   0  26 0.00  0.0    0  5.4 16 140   M    M   3        19 160
16 102  80  91   6   0  26 0.00  0.0    0  6.0 14 130   M    M   7        17 270
17  95  72  84  -1   0  19 1.63  0.0    0  5.8 38 360   M    M   8 13     45  10
18  98  74  86   1   0  21 0.00  0.0    0  4.6 16  20   M    M   3        20  20
19  98  74  86   1   0  21 0.00  0.0    0  5.1 15  30   M    M   2        20  10
20  96  71  84  -1   0  19 0.00  0.0    0  5.1 13  90   M    M   3        16  50
21  97  73  85   0   0  20 0.00  0.0    0  3.0 18 210   M    M   5        27 220
22  93  73  83  -1   0  18 0.00  0.0    0  3.0 12 150   M    M   6 13     14 140
23  96  73  85   1   0  20 0.00  0.0    0  5.4 16 110   M    M   4        20  70
24  94  75  85   1   0  20 0.00  0.0    0  4.9 13  40   M    M   5 1      18  70
25  98  76  87   3   0  22 0.00  0.0    0  9.5 21  70   M    M   6        25  70
26  95  79  87   3   0  22 0.01  0.0    0 12.7 28  70   M    M   9        36  70
27  99  78  89   5   0  24 0.00  0.0    0  7.8 16 340   M    M   6        21 330
28  98  78  88   4   0  23 0.22  0.0    0  7.8 24  30   M    M   6 138    28  30
29 101  78  90   6   0  25 0.00  0.0    0  6.2 21 140   M    M   3 1      25 140
30  99  78  89   5   0  24 0.00  0.0    0  7.0 24 140   M    M   6        28 150
31  99  83  91   8   0  26    T  0.0    0  9.4 18 160   M    M   5        23 190
================================================================================
SM 3010 2357         0 676  2.26     0.0 185.9          M      143
================================================================================
AV 97.1 76.0                               6.0 FASTST   M    M   5    MAX(MPH)
                                 MISC ---->  # 38 360               # 45   10
================================================================================
NOTES:
# LAST OF SEVERAL OCCURRENCES

COLUMN 17 PEAK WIND IN M.P.H.

PRELIMINARY LOCAL CLIMATOLOGICAL DATA (WS FORM: F-6) , PAGE 2

                                          STATION:  HOUSTON INTERCONTINENTAL
                                          MONTH:    AUGUST
                                          YEAR:     2020
                                          LATITUDE:   29 58 N
                                          LONGITUDE:  95 21 W

[TEMPERATURE DATA]      [PRECIPITATION DATA]       SYMBOLS USED IN COLUMN 16

AVERAGE MONTHLY: 86.6   TOTAL FOR MONTH:   2.26    1 = FOG OR MIST
DPTR FM NORMAL:   2.0   DPTR FM NORMAL:   -1.50    2 = FOG REDUCING VISIBILITY
HIGHEST:   102 ON 16    GRTST 24HR  1.63 ON 17-17      TO 1/4 MILE OR LESS
LOWEST:     71 ON 20                               3 = THUNDER
                        SNOW, ICE PELLETS, HAIL    4 = ICE PELLETS
                        TOTAL MONTH:   0.0 INCH    5 = HAIL
                        GRTST 24HR     0.0         6 = FREEZING RAIN OR DRIZZLE
                        GRTST DEPTH:   0           7 = DUSTSTORM OR SANDSTORM:
                                                       VSBY 1/2 MILE OR LESS
                                                   8 = SMOKE OR HAZE
[NO. OF DAYS WITH]      [WEATHER - DAYS WITH]      9 = BLOWING SNOW
                                                   X = TORNADO
MAX 32 OR BELOW:   0    0.01 INCH OR MORE:   8
MAX 90 OR ABOVE:  30    0.10 INCH OR MORE:   3
MIN 32 OR BELOW:   0    0.50 INCH OR MORE:   1
MIN  0 OR BELOW:   0    1.00 INCH OR MORE:   1

[HDD (BASE 65) ]
TOTAL THIS MO.     0    CLEAR  (SCALE 0-3)  10
DPTR FM NORMAL     0    PTCLDY (SCALE 4-7)  19
TOTAL FM JUL 1     0    CLOUDY (SCALE 8-10)  2
DPTR FM NORMAL     0

[CDD (BASE 65) ]
TOTAL THIS MO.   676
DPTR FM NORMAL    67    [PRESSURE DATA]
TOTAL FM JAN 1  2774    HIGHEST SLP 30.13 ON  9
DPTR FM NORMAL   392    LOWEST  SLP 29.62 ON 27

[REMARKS]
#FINAL-08-20#
