000
CXUS51 KGYX 032047
CLMMHT

PWMCLMMHT 000
TTAA00 KGYX 031633


CLIMATE REPORT
NATIONAL WEATHER SERVICE GRAY ME
1131 AM EST MON FEB 3 2020

...................................

...THE MANCHESTER CLIMATE SUMMARY FOR THE MONTH OF JANUARY 2020...

CLIMATE NORMAL PERIOD 1981 TO 2010
CLIMATE RECORD PERIOD 1885 TO 2020

WEATHER         OBSERVED          NORMAL  DEPART  LAST YEAR`S
                 VALUE   DATE(S)  VALUE   FROM    VALUE
                                          NORMAL
.............................................................
TEMPERATURE (F)
HIGHEST            69   01/12        53      16
LOWEST              7   01/22        -3      10
AVG. MAXIMUM     39.6              33.1     6.5
AVG. MINIMUM     24.0              15.7     8.3
MEAN             31.8              24.4     7.4
DAYS MAX >= 90      0               0.0     0.0
DAYS MAX <= 32      6              14.6    -8.6
DAYS MIN <= 32     24              29.8    -5.8
DAYS MIN <= 0       0               2.3    -2.3

PRECIPITATION (INCHES)
TOTALS           1.99              3.02   -1.03
DAILY AVG.       0.06              0.10   -0.04
DAYS >= .01         8              10.3    -2.3
DAYS >= .10         5               5.9    -0.9
DAYS >= .50         1               1.7    -0.7
DAYS >= 1.00        0               0.5    -0.5
GREATEST
 24 HR. TOTAL    0.86   01/25

SNOWFALL (INCHES)
TOTALS            6.8
SINCE 7/1        36.5
DAYS >= TRACE       9
DAYS >= 1.0         2
GREATEST
 SNOW DEPTH         5   01/19
                        01/18

DEGREE_DAYS
HEATING TOTAL    1020              1258    -238
 SINCE 7/1       3329              3626    -297     3621
COOLING TOTAL       0                 0       0
 SINCE 1/1          0                 0       0        0
..............................................................

WIND (MPH)
AVERAGE WIND SPEED              6.6
HIGHEST WIND SPEED/DIRECTION    32/320    DATE  01/16
HIGHEST GUST SPEED/DIRECTION    44/290    DATE  01/12

SKY COVER
AVERAGE SKY COVER           0.70

AVERAGE RH (PERCENT)     64

-  INDICATES NEGATIVE NUMBERS.
R  INDICATES RECORD WAS SET OR TIED.
MM INDICATES DATA IS MISSING.
T  INDICATES TRACE AMOUNT.

ALTHOUGH DECEMBER ENDED WITH A LARGE SNOWSTORM, JANUARY STARTED OFF
WITH SOME RATHER MILD WEATHER. THE TEMPERATURE CLIMBED INTO THE 40S
FROM THE 2ND THROUGH THE 4TH. THE NEXT FEW DAYS SAW TEMPERATURES
CLOSER TO NORMAL FOR JANUARY WITH SOME LIGHT RAIN AND SNOW. THE BIG
WARM UP CAME IN THE SECOND WEEK OF THE MONTH WITH MANCHESTER WARMING
ALL THE WAY TO 66 DEGREES ON THE 11TH AND 69 DEGREES ON THE 12TH. 69
DEGREES IS THE SECOND HIGHEST MONTHLY TEMPERATURE ON RECORD IN
JANUARY. SOON THE TEMPERATURE DROPPED BACK CLOSER TO NORMAL AGAIN
AND SNOW RETURNED. ON THE 16TH, 1.8 INCHES OF SNOW FELL AND A
HEAVIER SNOWSTORM BROUGHT 5.0 INCHES ON THE 18TH AND 19TH, THE LAST
SNOWFALL OF THE MONTH. THE COLDEST TEMPERATURE WAS 7 ON THE 22ND.
HOWEVER, THE NEXT WEEK SAW FREQUENTLY WARM WEATHER AGAIN WITH THE
TEMPERATURE TOPPING 40 DEGREES FOR FIVE STRAIGHT DAYS. RAIN FELL ON
THE NIGHT OF THE 25TH INTO THE MORNING OF THE 26TH WHEN 0.87 INCHES
WAS RECORDED. THAT WAS THE FINAL PRECIPITATION EVENT OF THE MONTH AS
TEMPERATURES REMAINED ABOVE NORMAL TO END THE FIRST MONTH OF 2020.

THE AVERAGE TEMPERATURE FOR THE MONTH WAS 31.8 DEGREES WHICH WAS 7.4
DEGREES ABOVE NORMAL. THE WARMEST JANUARY ON RECORD WAS IN 1933 WHEN
THE AVERAGE TEMPERATURE WAS 32.8 DEGREES. THE COLDEST WAS 12.7
DEGREES IN 1888.

A TOTAL OF 1.99 INCHES OF PRECIPITATION FELL WHICH WAS 1.03 INCHES
BELOW NORMAL. THIS INCLUDED 6.8 INCHES OF SNOW AND SLEET. THE
HEAVIEST PRECIPITATION CAME ON THE 25TH WHEN 0.86 INCHES WAS
MEASURED. THE WETTEST JANUARY WAS IN 1936 WHEN 7.15 INCHES FELL. THE
DRIEST WAS IN 1970 WHEN ONLY 0.60 INCHES WAS MEASURED.

HISTORICAL RECORDS AT MANCHESTER BEGAN IN 1885, BUT WITHIN THIS
RECORD THERE REMAIN NUMEROUS YEARS OF UNAVAILABLE DATA. DUE TO THIS,
HISTORICAL RECORDS SHOULD BE CONSIDERED INCOMPLETE AS SOME
SIGNIFICANT EXTREMES MAY BE MISSING FROM THE DATA. MORE CONSISTENT
MODERN RECORDS BEGAN IN 1998 AND CONTINUE TO THE PRESENT.

$$

WATSON
