000
CXUS51 KAKQ 010810
CF6OXB
PRELIMINARY LOCAL CLIMATOLOGICAL DATA (WS FORM: F-6)
STATION: OCEAN_CITY
MONTH: NOVEMBER
YEAR: 2021
LATITUDE: 38 18 N
LONGITUDE: 75 7 W
TEMPERATURE IN F: :PCPN: SNOW: WIND :SUNSHINE: SKY :PK WND
================================================================================
1 2 3 4 5 6A 6B 7 8 9 10 11 12 13 14 15 16 17 18
12Z AVG MX 2MIN
DY MAX MIN AVG DEP HDD CDD WTR SNW DPTH SPD SPD DIR MIN PSBL S-S WX SPD DR
================================================================================
1 67 40 54 1 11 0 0.00 M M 6.0 13 260 M M 0 134 210
2 57 39 48 -4 17 0 0.29 M M 4.7 12 340 M M 8 1 M M
3 56 38 47 -5 18 0 0.00 M M 6.6 12 310 M M 1 1 20 330
4 54 43 49 -3 16 0 0.00 M M 7.9 12 20 M M 6 18 20
5 56 39 48 -3 17 0 0.00 M M 9.4 17 20 M M 2 28 20
6 58 51 55 4 10 0 0.00 M M 12.1 15 60 M M 6 24 60
7 57 46 52 1 13 0 0.00 M M 12.7 20 20 M M 3 30 20
8 68 41 55 5 10 0 0.00 M M 9.0 17 360 M M 0 25 360
9 75 42 59 9 6 0 0.00 M M 5.3 9 330 M M 0 M M
10 74 44 59 9 6 0 0.00 M M 5.7 14 330 M M 0 M M
11 66 43 55 6 10 0 0.00 M M 5.8 10 120 M M 1 1 M M
12 70 43 57 8 8 0 0.15 M M 6.5 15 220 M M 4 1 28 190
13 68 33 51 2 14 0 0.00 M M 6.9 20 280 M M 0 12 37 250
14 53 31 42 -6 23 0 0.00 M M 6.0 12 220 M M 2 18 330
15 53 35 44 -4 21 0 0.00 M M 9.7 18 310 M M 1 36 320
16 55 31 43 -5 22 0 0.00 M M 4.7 12 310 M M 2 17 300
17 64 33 49 1 16 0 0.00 M M 6.6 15 220 M M 2 24 220
18 74 50 62 15 3 0 0.03 M M 13.5 28 340 M M 1 37 320
19 51 35 43 -4 22 0 0.09 M M 11.3 23 340 M M 3 33 340
20 52 31 42 -5 23 0 0.00 M M 5.0 12 10 M M 0 26 30
21 59 35 47 1 18 0 0.00 M M 3.8 13 220 M M 3 19 220
22 59 38 49 3 16 0 0.21 M M 8.0 18 350 M M 6 1 26 340
23 47 32 40 -6 25 0 0.00 M M 10.6 17 340 M M 0 25 340
24 49 29 39 -7 26 0 0.00 M M 6.2 12 320 M M 0 17 340
25 55 34 45 0 20 0 0.00 M M 7.0 12 220 M M 0 M M
26 51 35 43 -2 22 0 0.41 M M 11.1 20 300 M M 5 1 37 290
27 44 27 36 -9 29 0 0.00 M M 8.3 16 330 M M 1 22 300
28 57 34 46 1 19 0 0.00 M M 4.9 13 220 M M 3 M M
29 48 24 36 -8 29 0 0.00 M M 9.9 18 340 M M 5 25 320
30 51 24 38 -6 27 0 0.00 M M 6.2 16 210 M M 4 23 210
================================================================================
SM 1748 1100 517 0 1.18 M 231.4 M 69
================================================================================
AV 58.3 36.7 7.7 FASTST M M 2 MAX(MPH)
MISC ----> 28 340 134 210
================================================================================
NOTES:
# LAST OF SEVERAL OCCURRENCES
COLUMN 17 PEAK WIND IN M.P.H.
PRELIMINARY LOCAL CLIMATOLOGICAL DATA (WS FORM: F-6) , PAGE 2
STATION: OCEAN_CITY
MONTH: NOVEMBER
YEAR: 2021
LATITUDE: 38 18 N
LONGITUDE: 75 7 W
[TEMPERATURE DATA] [PRECIPITATION DATA] SYMBOLS USED IN COLUMN 16
AVERAGE MONTHLY: 47.5 TOTAL FOR MONTH: 1.18 1 = FOG OR MIST
DPTR FM NORMAL: -0.6 DPTR FM NORMAL: -2.00 2 = FOG REDUCING VISIBILITY
HIGHEST: 75 ON 9 GRTST 24HR 0.41 ON 26-26 TO 1/4 MILE OR LESS
LOWEST: 24 ON 30,29 3 = THUNDER
SNOW, ICE PELLETS, HAIL 4 = ICE PELLETS
TOTAL MONTH: M 5 = HAIL
GRTST 24HR M ON M 6 = FREEZING RAIN OR DRIZZLE
GRTST DEPTH: M ON M 7 = DUSTSTORM OR SANDSTORM:
VSBY 1/2 MILE OR LESS
8 = SMOKE OR HAZE
[NO. OF DAYS WITH] [WEATHER - DAYS WITH] 9 = BLOWING SNOW
X = TORNADO
MAX 32 OR BELOW: 0 0.01 INCH OR MORE: 6
MAX 90 OR ABOVE: 0 0.10 INCH OR MORE: 4
MIN 32 OR BELOW: 8 0.50 INCH OR MORE: 0
MIN 0 OR BELOW: 0 1.00 INCH OR MORE: 0
[HDD (BASE 65) ]
TOTAL THIS MO. 517 CLEAR (SCALE 0-3) 21
DPTR FM NORMAL 11 PTCLDY (SCALE 4-7) 8
TOTAL FM JUL 1 582 CLOUDY (SCALE 8-10) 1
DPTR FM NORMAL -187
[CDD (BASE 65) ]
TOTAL THIS MO. 0
DPTR FM NORMAL -1 [PRESSURE DATA]
TOTAL FM JAN 1 1170 HIGHEST SLP M ON M
DPTR FM NORMAL 65 LOWEST SLP M ON M
[REMARKS]
#FINAL-11-21#