000
CXUS52 KMLB 011950
CLMSFB

CLIMATE REPORT
NATIONAL WEATHER SERVICE MELBOURNE FL
350 PM EDT FRI JUL 01 2022

...................................

...THE SANFORD CLIMATE SUMMARY FOR THE MONTH OF JUNE 2022...

CLIMATE NORMAL PERIOD 1991 TO 2020
CLIMATE RECORD PERIOD 1948 TO 2022

WEATHER         OBSERVED          NORMAL  DEPART   LAST YEAR`S
                VALUE   DATE(S)   VALUE   FROM     VALUE
                                          NORMAL
..............................................................
TEMPERATURE (F)
MONTHLY RECORD
 HOTTEST       85.1   1998
 COLDEST       77.4   1984
DAILY RECORD
 HIGH            102   06/19/1998
 LOW              52   06/02/1984
                       06/01/1984
JUNE 2022
HIGHEST           97   06/15                          96
                       06/23
                       06/24
LOWEST            69   06/07                          67
AVG. MAXIMUM    92.0               91.0     1.0     90.6
AVG. MINIMUM    73.2               72.7     0.5     73.6
MEAN            82.6               81.9     0.7     82.1
DAYS MAX >= 90    24               20.6     3.4       20
DAYS MAX <= 32     0                0.0     0.0        0
DAYS MIN <= 32     0                0.0     0.0        0
DAYS MIN <= 0      0                0.0     0.0        0

PRECIPITATION (INCHES)
MONTHLY RECORD
 MAXIMUM       20.58   2002
 MINIMUM        0.95   1969
DAILY RECORD
 MAXIMUM        4.30   6/27/1974
JUNE 2022
TOTALS          4.20               8.19   -3.99     6.88
DAYS >= .01       12                                  15
DAYS >= .10        5                                  10
DAYS >= .50        3                                   6
DAYS >= 1.00       3                                   3
GREATEST
 24 HR. TOTAL   1.21   06/06 TO 06/06

SNOWFALL (INCHES)
TOTALS           0.0                 MM      MM      0.0
SINCE 7/1          T                 MM      MM       MM
DAYS >= TRACE      0                                   0

DEGREE DAYS
HEATING TOTAL      0                  0       0        0
 SINCE 7/1       336                557    -221       MM
COOLING TOTAL    536                506      30      521
 SINCE 1/1      1541               1364     177       MM
..............................................................

WIND (MPH)
AVERAGE WIND SPEED              7.0
HIGHEST WIND SPEED/DIRECTION    30/090    DATE  06/06
HIGHEST GUST SPEED/DIRECTION    39/040    DATE  06/06

SKY COVER
POSSIBLE SUNSHINE (PERCENT)   MM
AVERAGE SKY COVER           0.20
NUMBER OF DAYS FAIR           26
NUMBER OF DAYS PC              3
NUMBER OF DAYS CLOUDY          1

AVERAGE RH (PERCENT)     72

WEATHER CONDITIONS. NUMBER OF DAYS WITH
THUNDERSTORM             18     MIXED PRECIP               0
HEAVY RAIN                6     RAIN                       7
LIGHT RAIN               15     LT FREEZING RAIN           0
HAIL                      0     LIGHT SNOW                 0
SLEET                     0     FOG                        9
FOG W/VIS <= 1/4 MILE     1     HAZE                       4

-  INDICATES NEGATIVE NUMBERS.
R  INDICATES RECORD WAS SET OR TIED.
MM INDICATES DATA IS MISSING.
T  INDICATES TRACE AMOUNT.

$$
