000
CXUS52 KMLB 011322
CLMSFB

CLIMATE REPORT
NATIONAL WEATHER SERVICE MELBOURNE FL
922 AM EDT SAT MAY 01 2021

...................................

...THE SANFORD CLIMATE SUMMARY FOR THE MONTH OF APRIL 2021...

CLIMATE NORMAL PERIOD 1981 TO 2010
CLIMATE RECORD PERIOD 1948 TO 2021

WEATHER         OBSERVED          NORMAL  DEPART   LAST YEAR`S
                VALUE   DATE(S)   VALUE   FROM     VALUE
                                          NORMAL
..............................................................
TEMPERATURE (F)
MONTHLY RECORD
 HOTTEST        76.8   2015
 COLDEST        64.8   1987
DAILY RECORD
 HIGH             97   04/13/2020
 LOW              36   04/05/1987
                       04/08/1950
APRIL 2021
HIGHEST           92   04/10                          97
LOWEST            50   04/02                          52
                       04/03
AVG. MAXIMUM    81.6               82.5    -0.9     85.0
AVG. MINIMUM    60.7               60.4     0.3     63.9
MEAN            71.2               71.4    -0.3     74.5
DAYS MAX >= 90     2                2.0     0.0        8
DAYS MAX <= 32     0                0.0     0.0        0
DAYS MIN <= 32     0                0.0     0.0        0
DAYS MIN <= 0      0                0.0     0.0        0

PRECIPITATION (INCHES)
MONTHLY RECORD
 MAXIMUM       10.27   1982
 MINIMUM        0.03   1981
DAILY RECORD
 MAXIMUM        6.50   04/09/1982
APRIL 2021
TOTALS          3.53               2.45    1.08     1.88
DAYS >= .01        8                                   8
DAYS >= .10        5                                   6
DAYS >= .50        2                                   1
DAYS >= 1.00       1                                   0
GREATEST
 24 HR. TOTAL   1.80   04/11 TO 04/11

SNOWFALL (INCHES)
TOTALS           0.0                 MM      MM      0.0
SINCE 7/1        0.0                 MM      MM       MM
DAYS >= TRACE      0                                   0

DEGREE DAYS
HEATING TOTAL     12                 15      -3        0
 SINCE 7/1       480                598    -118       MM
COOLING TOTAL    203                208      -5      293
 SINCE 1/1       570                412     158       MM
..............................................................

WIND (MPH)
AVERAGE WIND SPEED              8.1
HIGHEST WIND SPEED/DIRECTION    38/280    DATE  04/10
HIGHEST GUST SPEED/DIRECTION    49/280    DATE  04/10

SKY COVER
POSSIBLE SUNSHINE (PERCENT)   MM
AVERAGE SKY COVER           0.27
NUMBER OF DAYS FAIR           21
NUMBER OF DAYS PC              8
NUMBER OF DAYS CLOUDY          1

AVERAGE RH (PERCENT)     66

WEATHER CONDITIONS. NUMBER OF DAYS WITH
THUNDERSTORM              8     MIXED PRECIP               0
HEAVY RAIN                4     RAIN                       5
LIGHT RAIN                9     LT FREEZING RAIN           0
HAIL                      0     LIGHT SNOW                 0
SLEET                     0     FOG                        9
FOG W/VIS <= 1/4 MILE     0     HAZE                       0

-  INDICATES NEGATIVE NUMBERS.
R  INDICATES RECORD WAS SET OR TIED.
MM INDICATES DATA IS MISSING.
T  INDICATES TRACE AMOUNT.

$$
