000
CXUS52 KMLB 021838
CLMSFB

CLIMATE REPORT
NATIONAL WEATHER SERVICE MELBOURNE FL
238 PM EDT FRI APR 02 2021

...................................

...THE SANFORD CLIMATE SUMMARY FOR THE MONTH OF MARCH 2021...

CLIMATE NORMAL PERIOD 1981 TO 2010
CLIMATE RECORD PERIOD 1948 TO 2021

WEATHER         OBSERVED          NORMAL  DEPART   LAST YEAR`S
                VALUE   DATE(S)   VALUE   FROM     VALUE
                                          NORMAL
..............................................................
TEMPERATURE (F)
MONTHLY RECORD
 HOTTEST        73.6   2020
 COLDEST        59.9   1969
DAILY RECORD
 HIGH             94   03/20/2003
 LOW              27   03/03/1980
MARCH 2021
HIGHEST           92   03/27                          93
LOWEST            48   03/05                          40
AVG. MAXIMUM    80.1               77.5     2.6     85.1
AVG. MINIMUM    59.2               55.7     3.5     62.1
MEAN            69.6               66.6     3.0     73.6
DAYS MAX >= 90     5                0.0     5.0        7
DAYS MAX <= 32     0                0.0     0.0        0
DAYS MIN <= 32     0                0.0     0.0        0
DAYS MIN <= 0      0                0.0     0.0        0

PRECIPITATION (INCHES)
MONTHLY RECORD
 MAXIMUM       11.19   1996
 MINIMUM           T   2006
DAILY RECORD
 MAXIMUM        4.32   03/31/2011
MARCH 2021
TOTALS          0.64               4.11   -3.47     0.42
DAYS >= .01        6                                   3
DAYS >= .10        2                                   1
DAYS >= .50        0                                   0
DAYS >= 1.00       0                                   0
GREATEST
 24 HR. TOTAL   0.55   03/02 TO 03/03

SNOWFALL (INCHES)
TOTALS           0.0                0.0     0.0      0.0
SINCE 7/1        0.0                0.0     0.0      0.0
DAYS >= TRACE      0                                   0

DEGREE DAYS
HEATING TOTAL     32                 58     -26       20
 SINCE 7/1       468                581    -113       MM
COOLING TOTAL    183                108      75      293
 SINCE 1/1       367                204     163       MM
..............................................................

WIND (MPH)
AVERAGE WIND SPEED              8.3
HIGHEST WIND SPEED/DIRECTION    29/220    DATE  03/18
HIGHEST GUST SPEED/DIRECTION    37/220    DATE  03/18

SKY COVER
POSSIBLE SUNSHINE (PERCENT)   MM
AVERAGE SKY COVER           0.34
NUMBER OF DAYS FAIR           19
NUMBER OF DAYS PC              8
NUMBER OF DAYS CLOUDY          4

AVERAGE RH (PERCENT)     68

WEATHER CONDITIONS. NUMBER OF DAYS WITH
THUNDERSTORM              2     MIXED PRECIP               0
HEAVY RAIN                1     RAIN                       2
LIGHT RAIN               10     LT FREEZING RAIN           0
HAIL                      0     LIGHT SNOW                 0
SLEET                     0     FOG                        8
FOG W/VIS <= 1/4 MILE     1     HAZE                       2

-  INDICATES NEGATIVE NUMBERS.
R  INDICATES RECORD WAS SET OR TIED.
MM INDICATES DATA IS MISSING.
T  INDICATES TRACE AMOUNT.

$$
