000
CXUS52 KMLB 011627
CLMSFB

CLIMATE REPORT
NATIONAL WEATHER SERVICE MELBOURNE FL
1227 PM EDT WED JUL 01 2020

...................................

...THE SANFORD CLIMATE SUMMARY FOR THE MONTH OF JUNE 2020...

CLIMATE NORMAL PERIOD 1981 TO 2010
CLIMATE RECORD PERIOD 1948 TO 2020

WEATHER         OBSERVED          NORMAL  DEPART   LAST YEAR`S
                VALUE   DATE(S)   VALUE   FROM     VALUE
                                          NORMAL
..............................................................
TEMPERATURE (F)
MONTHLY RECORD
 HOTTEST        85.1   1998
 COOLEST        77.4   1984
DAILY RECORD
 HIGH            102   06/19/1998
 LOW              52   06/02/1984
                       06/01/1984
JUNE 2020
HIGHEST           99   06/30                          98
LOWEST            70   06/17                          71
AVG. MAXIMUM    91.3               90.9     0.4     92.5
AVG. MINIMUM    74.0               72.1     1.9     74.4
MEAN            82.7               81.5     1.2     83.5
DAYS MAX >= 90    21               18.0     3.0       25
DAYS MAX <= 32     0                0.0     0.0        0
DAYS MIN <= 32     0                0.0     0.0        0
DAYS MIN <= 0      0                0.0     0.0        0

PRECIPITATION (INCHES)
MONTHLY RECORD
 MAXIMUM       20.58   2002
 MINIMUM        0.95   1969
DAILY RECORD
 MAXIMUM        4.30   06/27/1974
JUNE 2020
TOTALS          5.43               7.21   -1.78    10.25
DAYS >= .01       14                                  17
DAYS >= .10       10                                  13
DAYS >= .50        6                                   9
DAYS >= 1.00       1                                   4
GREATEST
 24 HR. TOTAL   1.11   06/07 TO 06/08

SNOWFALL (INCHES)
TOTALS           0.0
SINCE 7/1        0.0
DAYS >= TRACE      0                                   0

DEGREE DAYS
HEATING TOTAL      0                  0       0        0
 SINCE 7/1       345                598    -253      448
COOLING TOTAL    536                495      41      560
 SINCE 1/1      1741               1287     454     1611
..............................................................

WIND (MPH)
AVERAGE WIND SPEED              6.1
HIGHEST WIND SPEED/DIRECTION    41/160    DATE  06/24
HIGHEST GUST SPEED/DIRECTION    59/150    DATE  06/24

SKY COVER
POSSIBLE SUNSHINE (PERCENT)   MM
AVERAGE SKY COVER           0.30
NUMBER OF DAYS FAIR           20
NUMBER OF DAYS PC              9
NUMBER OF DAYS CLOUDY          1

AVERAGE RH (PERCENT)     70

WEATHER CONDITIONS. NUMBER OF DAYS WITH
THUNDERSTORM             16     MIXED PRECIP               0
HEAVY RAIN               10     RAIN                       6
LIGHT RAIN               16     LT FREEZING RAIN           0
HAIL                      0     LIGHT SNOW                 0
SLEET                     0     FOG                        8
FOG W/VIS <= 1/4 MILE     0     HAZE                       6

-  INDICATES NEGATIVE NUMBERS.
R  INDICATES RECORD WAS SET OR TIED.
MM INDICATES DATA IS MISSING.
T  INDICATES TRACE AMOUNT.

$$
